{"id":229141,"date":"2025-07-23T20:46:28","date_gmt":"2025-07-23T20:46:28","guid":{"rendered":"https:\/\/linkxa.es\/linkxadirecto\/producto\/diagnostico-y-resolucion-de-red-wifi\/"},"modified":"2026-04-07T16:29:41","modified_gmt":"2026-04-07T16:29:41","slug":"diagnostico-y-resolucion-de-red-wifi","status":"publish","type":"product","link":"https:\/\/linkxa.es\/linkshop\/producto\/diagnostico-y-resolucion-de-red-wifi\/","title":{"rendered":"Diagn\u00f3stico y resoluci\u00f3n de red\/WiFi"},"content":{"rendered":"<p>Servicio t\u00e9cnico especializado para resolver problemas de conectividad o se\u00f1al.n\u0095 Medici\u00f3n de cobertura WiFin\u0095 Revisi\u00f3n de topolog\u00eda de red actualn\u0095 Diagn\u00f3stico de interferencias o cuellos de botellan\u0095 Sugerencias de mejora y optimizaci\u00f3nn\u0095 Desplazamiento incluido hasta 20?kmnnIncluye informe breve tras intervenci\u00f3n. Se puede ampliar con reconfiguraci\u00f3n de red, cambio de router o ampliaci\u00f3n con puntos mesh.<\/p>\n","protected":false},"excerpt":{"rendered":"<p>Servicio t\u00e9cnico especializado para resolver problemas de conectividad o se\u00f1al.<\/p>\n","protected":false},"featured_media":229095,"comment_status":"closed","ping_status":"open","template":"","meta":{"_et_pb_use_builder":"","_et_pb_old_content":"","_et_gb_content_width":""},"product_brand":[4833],"product_cat":[4832,1963],"product_tag":[],"class_list":{"0":"post-229141","1":"product","2":"type-product","3":"status-publish","4":"has-post-thumbnail","6":"product_brand-linkxa-telcom","7":"product_cat-linkxa-telcom","8":"product_cat-soporte-tecnico","9":"pa_duracion-estimada-2-horas","10":"pa_modalidad-presencial","11":"pa_nivel-tecnico-medio","12":"pa_tipo-de-pago-pago-unico","13":"pa_unidad-de-venta-servicio-puntual","15":"first","16":"instock","17":"taxable","18":"shipping-taxable","19":"purchasable","20":"product-type-simple"},"_links":{"self":[{"href":"https:\/\/linkxa.es\/linkshop\/wp-json\/wp\/v2\/product\/229141","targetHints":{"allow":["GET"]}}],"collection":[{"href":"https:\/\/linkxa.es\/linkshop\/wp-json\/wp\/v2\/product"}],"about":[{"href":"https:\/\/linkxa.es\/linkshop\/wp-json\/wp\/v2\/types\/product"}],"replies":[{"embeddable":true,"href":"https:\/\/linkxa.es\/linkshop\/wp-json\/wp\/v2\/comments?post=229141"}],"wp:featuredmedia":[{"embeddable":true,"href":"https:\/\/linkxa.es\/linkshop\/wp-json\/wp\/v2\/media\/229095"}],"wp:attachment":[{"href":"https:\/\/linkxa.es\/linkshop\/wp-json\/wp\/v2\/media?parent=229141"}],"wp:term":[{"taxonomy":"product_brand","embeddable":true,"href":"https:\/\/linkxa.es\/linkshop\/wp-json\/wp\/v2\/product_brand?post=229141"},{"taxonomy":"product_cat","embeddable":true,"href":"https:\/\/linkxa.es\/linkshop\/wp-json\/wp\/v2\/product_cat?post=229141"},{"taxonomy":"product_tag","embeddable":true,"href":"https:\/\/linkxa.es\/linkshop\/wp-json\/wp\/v2\/product_tag?post=229141"}],"curies":[{"name":"wp","href":"https:\/\/api.w.org\/{rel}","templated":true}]}}