{"id":229155,"date":"2025-07-23T20:46:33","date_gmt":"2025-07-23T20:46:33","guid":{"rendered":"https:\/\/linkxa.es\/linkxadirecto\/producto\/asistencia-tecnica-smarthome-hasta-2h\/"},"modified":"2026-04-07T16:29:40","modified_gmt":"2026-04-07T16:29:40","slug":"asistencia-tecnica-smarthome-hasta-2h","status":"publish","type":"product","link":"https:\/\/linkxa.es\/linkshop\/producto\/asistencia-tecnica-smarthome-hasta-2h\/","title":{"rendered":"Asistencia t\u00e9cnica SmartHome (hasta 2h)"},"content":{"rendered":"<p>Soporte t\u00e9cnico para resolver incidencias con sistemas dom\u00f3ticos ya instalados.n\u0095 Revisi\u00f3n de dispositivos que no respondenn\u0095 Sincronizaci\u00f3n con app o reinicio del sisteman\u0095 Reconfiguraci\u00f3n de escenas o rutinasn\u0095 Soporte en integraci\u00f3n con router o altavozn\u0095 Desplazamiento incluidonnServicio ideal para usuarios que ya tienen SmartHome configurado pero necesitan ajustes, reconexiones o asistencia t\u00e9cnica. No incluye instalaci\u00f3n nueva. Tiempo ampliable con suplemento.<\/p>\n","protected":false},"excerpt":{"rendered":"<p>Soporte t\u00e9cnico para resolver incidencias con sistemas dom\u00f3ticos ya instalados.<\/p>\n","protected":false},"featured_media":229152,"comment_status":"closed","ping_status":"open","template":"","meta":{"_et_pb_use_builder":"","_et_pb_old_content":"","_et_gb_content_width":""},"product_brand":[4833],"product_cat":[4832,1964],"product_tag":[],"class_list":{"0":"post-229155","1":"product","2":"type-product","3":"status-publish","4":"has-post-thumbnail","6":"product_brand-linkxa-telcom","7":"product_cat-linkxa-telcom","8":"product_cat-smarthome","9":"pa_duracion-estimada-2-horas","10":"pa_modalidad-presencial","11":"pa_nivel-tecnico-medio","12":"pa_tipo-de-pago-pago-unico","13":"pa_unidad-de-venta-servicio-puntual","15":"first","16":"instock","17":"taxable","18":"shipping-taxable","19":"purchasable","20":"product-type-simple"},"_links":{"self":[{"href":"https:\/\/linkxa.es\/linkshop\/wp-json\/wp\/v2\/product\/229155","targetHints":{"allow":["GET"]}}],"collection":[{"href":"https:\/\/linkxa.es\/linkshop\/wp-json\/wp\/v2\/product"}],"about":[{"href":"https:\/\/linkxa.es\/linkshop\/wp-json\/wp\/v2\/types\/product"}],"replies":[{"embeddable":true,"href":"https:\/\/linkxa.es\/linkshop\/wp-json\/wp\/v2\/comments?post=229155"}],"wp:featuredmedia":[{"embeddable":true,"href":"https:\/\/linkxa.es\/linkshop\/wp-json\/wp\/v2\/media\/229152"}],"wp:attachment":[{"href":"https:\/\/linkxa.es\/linkshop\/wp-json\/wp\/v2\/media?parent=229155"}],"wp:term":[{"taxonomy":"product_brand","embeddable":true,"href":"https:\/\/linkxa.es\/linkshop\/wp-json\/wp\/v2\/product_brand?post=229155"},{"taxonomy":"product_cat","embeddable":true,"href":"https:\/\/linkxa.es\/linkshop\/wp-json\/wp\/v2\/product_cat?post=229155"},{"taxonomy":"product_tag","embeddable":true,"href":"https:\/\/linkxa.es\/linkshop\/wp-json\/wp\/v2\/product_tag?post=229155"}],"curies":[{"name":"wp","href":"https:\/\/api.w.org\/{rel}","templated":true}]}}