{"id":229158,"date":"2025-07-23T20:46:34","date_gmt":"2025-07-23T20:46:34","guid":{"rendered":"https:\/\/linkxa.es\/linkxadirecto\/producto\/fundamentos-de-redes-wifi-para-negocios\/"},"modified":"2026-04-07T16:29:40","modified_gmt":"2026-04-07T16:29:40","slug":"fundamentos-de-redes-wifi-para-negocios","status":"publish","type":"product","link":"https:\/\/linkxa.es\/linkshop\/producto\/fundamentos-de-redes-wifi-para-negocios\/","title":{"rendered":"Fundamentos de redes WiFi para negocios"},"content":{"rendered":"<p>Curso pr\u00e1ctico sobre despliegue, configuraci\u00f3n y optimizaci\u00f3n de redes inal\u00e1mbricas para entornos profesionales.n\u0095 Dise\u00f1o de cobertura y an\u00e1lisis de canaln\u0095 Configuraci\u00f3n de routers y puntos meshn\u0095 Seguridad y control de usuariosn\u0095 Herramientas de diagn\u00f3stico WiFin\u0095 Apuntes + asesor\u00eda post sesi\u00f3nnnIdeal para empresas, aut\u00f3nomos o responsables t\u00e9cnicos. Hasta 4 personas por sesi\u00f3n. Desplazamiento incluido dentro de zona habitual.<\/p>\n","protected":false},"excerpt":{"rendered":"<p>Curso pr\u00e1ctico sobre despliegue, configuraci\u00f3n y optimizaci\u00f3n de redes inal\u00e1mbricas para entornos profesionales.<\/p>\n","protected":false},"featured_media":229157,"comment_status":"closed","ping_status":"open","template":"","meta":{"_et_pb_use_builder":"","_et_pb_old_content":"","_et_gb_content_width":""},"product_brand":[4833],"product_cat":[1965,4832],"product_tag":[],"class_list":{"0":"post-229158","1":"product","2":"type-product","3":"status-publish","4":"has-post-thumbnail","6":"product_brand-linkxa-telcom","7":"product_cat-formacion","8":"product_cat-linkxa-telcom","9":"pa_duracion-estimada-3-horas","10":"pa_modalidad-presencial","11":"pa_nivel-tecnico-medio","12":"pa_tipo-de-pago-pago-unico","13":"pa_unidad-de-venta-sesion-tecnica","15":"first","16":"instock","17":"taxable","18":"shipping-taxable","19":"purchasable","20":"product-type-simple"},"_links":{"self":[{"href":"https:\/\/linkxa.es\/linkshop\/wp-json\/wp\/v2\/product\/229158","targetHints":{"allow":["GET"]}}],"collection":[{"href":"https:\/\/linkxa.es\/linkshop\/wp-json\/wp\/v2\/product"}],"about":[{"href":"https:\/\/linkxa.es\/linkshop\/wp-json\/wp\/v2\/types\/product"}],"replies":[{"embeddable":true,"href":"https:\/\/linkxa.es\/linkshop\/wp-json\/wp\/v2\/comments?post=229158"}],"wp:featuredmedia":[{"embeddable":true,"href":"https:\/\/linkxa.es\/linkshop\/wp-json\/wp\/v2\/media\/229157"}],"wp:attachment":[{"href":"https:\/\/linkxa.es\/linkshop\/wp-json\/wp\/v2\/media?parent=229158"}],"wp:term":[{"taxonomy":"product_brand","embeddable":true,"href":"https:\/\/linkxa.es\/linkshop\/wp-json\/wp\/v2\/product_brand?post=229158"},{"taxonomy":"product_cat","embeddable":true,"href":"https:\/\/linkxa.es\/linkshop\/wp-json\/wp\/v2\/product_cat?post=229158"},{"taxonomy":"product_tag","embeddable":true,"href":"https:\/\/linkxa.es\/linkshop\/wp-json\/wp\/v2\/product_tag?post=229158"}],"curies":[{"name":"wp","href":"https:\/\/api.w.org\/{rel}","templated":true}]}}