{"id":229193,"date":"2025-07-23T20:46:45","date_gmt":"2025-07-23T20:46:45","guid":{"rendered":"https:\/\/linkxa.es\/linkxadirecto\/producto\/bono-ampliacion-5gb\/"},"modified":"2026-04-07T16:29:38","modified_gmt":"2026-04-07T16:29:38","slug":"bono-ampliacion-5gb","status":"publish","type":"product","link":"https:\/\/linkxa.es\/linkshop\/producto\/bono-ampliacion-5gb\/","title":{"rendered":"Bono Ampliaci\u00f3n 5GB"},"content":{"rendered":"<p>Servicio M\u00f3vil ideal para usuarios que buscan una soluci\u00f3n eficiente y competitiva.nIncluye 5 GB de datos, nan minutos de llamadas y una velocidad de conexi\u00f3n de hasta nan Mbps.nPromoci\u00f3n activa: Compatible l\u00edneas m\u00f3viles s\u00f3lo m\u00f3vil ilimitadas y en paquete 3P<\/p>\n","protected":false},"excerpt":{"rendered":"<p>Bono Ampliaci\u00f3n 5GB &#8211; M\u00f3vil con 5 GB, nan min y nan Mbps.<\/p>\n","protected":false},"featured_media":229192,"comment_status":"closed","ping_status":"open","template":"","meta":{"_et_pb_use_builder":"","_et_pb_old_content":"","_et_gb_content_width":""},"product_brand":[4833],"product_cat":[4832,1971,1970],"product_tag":[],"class_list":{"0":"post-229193","1":"product","2":"type-product","3":"status-publish","4":"has-post-thumbnail","6":"product_brand-linkxa-telcom","7":"product_cat-linkxa-telcom","8":"product_cat-movil-particulares-tarifas-movil","9":"product_cat-tarifas-movil","10":"pa_compatibilidades-sin-permanencia","11":"pa_promocion-compatible-lineas-moviles-solo-movil-ilimitadas-y-en-paquete-3p","13":"first","14":"instock","15":"taxable","16":"shipping-taxable","17":"purchasable","18":"product-type-simple"},"_links":{"self":[{"href":"https:\/\/linkxa.es\/linkshop\/wp-json\/wp\/v2\/product\/229193","targetHints":{"allow":["GET"]}}],"collection":[{"href":"https:\/\/linkxa.es\/linkshop\/wp-json\/wp\/v2\/product"}],"about":[{"href":"https:\/\/linkxa.es\/linkshop\/wp-json\/wp\/v2\/types\/product"}],"replies":[{"embeddable":true,"href":"https:\/\/linkxa.es\/linkshop\/wp-json\/wp\/v2\/comments?post=229193"}],"wp:featuredmedia":[{"embeddable":true,"href":"https:\/\/linkxa.es\/linkshop\/wp-json\/wp\/v2\/media\/229192"}],"wp:attachment":[{"href":"https:\/\/linkxa.es\/linkshop\/wp-json\/wp\/v2\/media?parent=229193"}],"wp:term":[{"taxonomy":"product_brand","embeddable":true,"href":"https:\/\/linkxa.es\/linkshop\/wp-json\/wp\/v2\/product_brand?post=229193"},{"taxonomy":"product_cat","embeddable":true,"href":"https:\/\/linkxa.es\/linkshop\/wp-json\/wp\/v2\/product_cat?post=229193"},{"taxonomy":"product_tag","embeddable":true,"href":"https:\/\/linkxa.es\/linkshop\/wp-json\/wp\/v2\/product_tag?post=229193"}],"curies":[{"name":"wp","href":"https:\/\/api.w.org\/{rel}","templated":true}]}}