{"id":229225,"date":"2025-07-23T20:46:54","date_gmt":"2025-07-23T20:46:54","guid":{"rendered":"https:\/\/linkxa.es\/linkxadirecto\/producto\/linkxa-media-musicales\/"},"modified":"2026-04-07T16:29:36","modified_gmt":"2026-04-07T16:29:36","slug":"linkxa-media-musicales","status":"publish","type":"product","link":"https:\/\/linkxa.es\/linkshop\/producto\/linkxa-media-musicales\/","title":{"rendered":"Linkxa +Media Musicales"},"content":{"rendered":"<p data-start=\"146\" data-end=\"173\"><strong data-start=\"146\" data-end=\"173\">Linkxa +Media Musicales<\/strong><\/p>\n<p data-start=\"175\" data-end=\"437\">Linkxa +Media Musicales te ofrece una experiencia audiovisual \u00fanica con acceso a canales musicales especializados que cubren todos los g\u00e9neros y estilos. Desde los cl\u00e1sicos hasta los \u00faltimos hits, pasando por rock, pop, reggaet\u00f3n, electr\u00f3nica, dance y mucho m\u00e1s.<\/p>\n<p data-start=\"439\" data-end=\"637\">Perfecto para ambientar tu hogar, disfrutar de sesiones non-stop o descubrir nuevos artistas cada d\u00eda. Con una selecci\u00f3n din\u00e1mica y de calidad, es ideal para amantes de la m\u00fasica sin interrupciones.<\/p>\n<p data-start=\"639\" data-end=\"647\">Incluye:<\/p>\n<ul data-start=\"648\" data-end=\"879\">\n<li data-start=\"648\" data-end=\"675\">\n<p data-start=\"650\" data-end=\"675\">\ud83c\udfb5 Canales de m\u00fasica 24\/7<\/p>\n<\/li>\n<li data-start=\"676\" data-end=\"722\">\n<p data-start=\"678\" data-end=\"722\">\ud83c\udfac Videoclips, conciertos y listas tem\u00e1ticas<\/p>\n<\/li>\n<li data-start=\"723\" data-end=\"803\">\n<p data-start=\"725\" data-end=\"803\">\ud83c\udfb8 G\u00e9neros: pop, rock, latina, dance, electr\u00f3nica, chill, hits internacionales<\/p>\n<\/li>\n<li data-start=\"804\" data-end=\"858\">\n<p data-start=\"806\" data-end=\"858\">\ud83d\udce1 Emisi\u00f3n en alta calidad con contenido actualizado<\/p>\n<\/li>\n<li data-start=\"859\" data-end=\"879\">\n<p data-start=\"861\" data-end=\"879\">\ud83c\udd93 Sin permanencia<\/p>\n<\/li>\n<\/ul>\n<p data-start=\"881\" data-end=\"956\">Tu casa, tu ritmo.<br data-start=\"899\" data-end=\"902\" \/>Con Linkxa +Media Musicales, la m\u00fasica nunca se apaga.<\/p>\n","protected":false},"excerpt":{"rendered":"<p>Canales musicales para todos los gustos: pop, rock, cl\u00e1sicos, latinos, dance y mucho m\u00e1s. Siente la m\u00fasica con Linkxa.<\/p>\n","protected":false},"featured_media":229226,"comment_status":"closed","ping_status":"closed","template":"","meta":{"_et_pb_use_builder":"","_et_pb_old_content":"","_et_gb_content_width":""},"product_brand":[4833],"product_cat":[1997,2007,4832],"product_tag":[1782,1778,1513,1783,1775],"class_list":{"0":"post-229225","1":"product","2":"type-product","3":"status-publish","4":"has-post-thumbnail","6":"product_brand-linkxa-telcom","7":"product_cat-linkxa-masmedia","8":"product_cat-linkxa-media-musica","9":"product_cat-linkxa-telcom","10":"product_tag-canales-musicales","11":"product_tag-linkxa-media","12":"product_tag-musica","13":"product_tag-musica-24-7","14":"product_tag-tv","15":"pa_caracteristicas-musica-relajacion-veogeo-ambiente","17":"first","18":"instock","19":"virtual","20":"taxable","21":"purchasable","22":"product-type-subscription"},"_links":{"self":[{"href":"https:\/\/linkxa.es\/linkshop\/wp-json\/wp\/v2\/product\/229225","targetHints":{"allow":["GET"]}}],"collection":[{"href":"https:\/\/linkxa.es\/linkshop\/wp-json\/wp\/v2\/product"}],"about":[{"href":"https:\/\/linkxa.es\/linkshop\/wp-json\/wp\/v2\/types\/product"}],"replies":[{"embeddable":true,"href":"https:\/\/linkxa.es\/linkshop\/wp-json\/wp\/v2\/comments?post=229225"}],"wp:featuredmedia":[{"embeddable":true,"href":"https:\/\/linkxa.es\/linkshop\/wp-json\/wp\/v2\/media\/229226"}],"wp:attachment":[{"href":"https:\/\/linkxa.es\/linkshop\/wp-json\/wp\/v2\/media?parent=229225"}],"wp:term":[{"taxonomy":"product_brand","embeddable":true,"href":"https:\/\/linkxa.es\/linkshop\/wp-json\/wp\/v2\/product_brand?post=229225"},{"taxonomy":"product_cat","embeddable":true,"href":"https:\/\/linkxa.es\/linkshop\/wp-json\/wp\/v2\/product_cat?post=229225"},{"taxonomy":"product_tag","embeddable":true,"href":"https:\/\/linkxa.es\/linkshop\/wp-json\/wp\/v2\/product_tag?post=229225"}],"curies":[{"name":"wp","href":"https:\/\/api.w.org\/{rel}","templated":true}]}}