{"id":229229,"date":"2025-07-23T20:46:54","date_gmt":"2025-07-23T20:46:54","guid":{"rendered":"https:\/\/linkxa.es\/linkxadirecto\/producto\/linkxa-media-playboy\/"},"modified":"2026-04-07T16:29:37","modified_gmt":"2026-04-07T16:29:37","slug":"linkxa-media-playboy","status":"publish","type":"product","link":"https:\/\/linkxa.es\/linkshop\/producto\/linkxa-media-playboy\/","title":{"rendered":"Linkxa +Media Playboy"},"content":{"rendered":"<p data-start=\"131\" data-end=\"160\"><strong data-start=\"131\" data-end=\"160\">Linkxa +Media HOT Playboy<\/strong><\/p>\n<p data-start=\"162\" data-end=\"320\">Linkxa +Media HOT Playboy ofrece acceso privado a los contenidos premium de Playboy TV, el canal l\u00edder mundial en entretenimiento adulto elegante y exclusivo.<\/p>\n<p data-start=\"322\" data-end=\"527\">A trav\u00e9s del servicio SVOD (v\u00eddeo bajo demanda), podr\u00e1s disfrutar de series, documentales, producciones originales y escenas ic\u00f3nicas con la calidad y estilo de una de las marcas m\u00e1s reconocidas del mundo.<\/p>\n<p data-start=\"529\" data-end=\"665\">Dise\u00f1ado para un p\u00fablico adulto que busca contenidos sensuales, er\u00f3ticos y sofisticados, siempre con total discreci\u00f3n y sin permanencia.<\/p>\n<p data-start=\"667\" data-end=\"675\">Incluye:<\/p>\n<ul data-start=\"676\" data-end=\"903\">\n<li data-start=\"676\" data-end=\"714\">\n<p data-start=\"678\" data-end=\"714\">\ud83c\udf1f Contenido exclusivo de Playboy TV<\/p>\n<\/li>\n<li data-start=\"715\" data-end=\"762\">\n<p data-start=\"717\" data-end=\"762\">\ud83d\udcfa V\u00eddeo bajo demanda: elige qu\u00e9 ver y cu\u00e1ndo<\/p>\n<\/li>\n<li data-start=\"763\" data-end=\"820\">\n<p data-start=\"765\" data-end=\"820\">\ud83c\udfac Producciones elegantes, sensuales y de alto est\u00e1ndar<\/p>\n<\/li>\n<li data-start=\"821\" data-end=\"858\">\n<p data-start=\"823\" data-end=\"858\">\ud83d\udd12 Acceso privado y sin permanencia<\/p>\n<\/li>\n<li data-start=\"859\" data-end=\"903\">\n<p data-start=\"861\" data-end=\"903\">\ud83d\udeab Solo disponible para mayores de 18 a\u00f1os<\/p>\n<\/li>\n<\/ul>\n<p data-start=\"905\" data-end=\"973\">Entretenimiento adulto con clase.<br data-start=\"938\" data-end=\"941\" \/>Linkxa +Media HOT: solo para ti.<\/p>\n","protected":false},"excerpt":{"rendered":"<p>Acceso bajo demanda a contenido adulto exclusivo de Playboy TV. Solo para mayores de 18 a\u00f1os.<\/p>\n","protected":false},"featured_media":229230,"comment_status":"closed","ping_status":"closed","template":"","meta":{"_et_pb_use_builder":"","_et_pb_old_content":"","_et_gb_content_width":""},"product_brand":[4833],"product_cat":[1997,2011,4832],"product_tag":[],"class_list":{"0":"post-229229","1":"product","2":"type-product","3":"status-publish","4":"has-post-thumbnail","6":"product_brand-linkxa-telcom","7":"product_cat-linkxa-masmedia","8":"product_cat-linkxa-media-svod-adultos","9":"product_cat-linkxa-telcom","10":"pa_caracteristicas-adultos-cine-x-venus-playboy","12":"first","13":"instock","14":"virtual","15":"taxable","16":"purchasable","17":"product-type-subscription"},"_links":{"self":[{"href":"https:\/\/linkxa.es\/linkshop\/wp-json\/wp\/v2\/product\/229229","targetHints":{"allow":["GET"]}}],"collection":[{"href":"https:\/\/linkxa.es\/linkshop\/wp-json\/wp\/v2\/product"}],"about":[{"href":"https:\/\/linkxa.es\/linkshop\/wp-json\/wp\/v2\/types\/product"}],"replies":[{"embeddable":true,"href":"https:\/\/linkxa.es\/linkshop\/wp-json\/wp\/v2\/comments?post=229229"}],"wp:featuredmedia":[{"embeddable":true,"href":"https:\/\/linkxa.es\/linkshop\/wp-json\/wp\/v2\/media\/229230"}],"wp:attachment":[{"href":"https:\/\/linkxa.es\/linkshop\/wp-json\/wp\/v2\/media?parent=229229"}],"wp:term":[{"taxonomy":"product_brand","embeddable":true,"href":"https:\/\/linkxa.es\/linkshop\/wp-json\/wp\/v2\/product_brand?post=229229"},{"taxonomy":"product_cat","embeddable":true,"href":"https:\/\/linkxa.es\/linkshop\/wp-json\/wp\/v2\/product_cat?post=229229"},{"taxonomy":"product_tag","embeddable":true,"href":"https:\/\/linkxa.es\/linkshop\/wp-json\/wp\/v2\/product_tag?post=229229"}],"curies":[{"name":"wp","href":"https:\/\/api.w.org\/{rel}","templated":true}]}}