{"id":231474,"date":"2025-06-19T02:31:13","date_gmt":"2025-06-19T02:31:13","guid":{"rendered":"https:\/\/linkxa.es\/contratacion\/producto\/movil-apple-iphone-16-pro-max\/"},"modified":"2025-08-01T22:06:29","modified_gmt":"2025-08-01T22:06:29","slug":"movil-apple-iphone-16-pro-max","status":"publish","type":"product","link":"https:\/\/linkxa.es\/linkshop\/producto\/movil-apple-iphone-16-pro-max\/","title":{"rendered":"Movil apple iphone 16 pro max"},"content":{"rendered":"<p>Destacado<\/p>\n<p>Control de C\u00e1mara. La foto perfecta a un dedo de distancia<br \/>4K a 120 f\/s con Dolby Vision. 4 micros profesionales. Un estudio de grabaci\u00f3n en el bolsillo<br \/>Bordes m\u00e1s finos. Pantallas m\u00e1s grandes. Un espect\u00e1culo<br \/>Nuevo chip A18 Pro. Un rendimiento sin precedentes. Una eficiencia sin igual<br \/>Un gran salto en autonom\u00eda. Dale gas<br \/>iOS 18. Personal en cada detalle<\/p>\n<p>Apple iPhone 16 Pro Max . Diagonal de la pantalla: 17,5 cm (6.9&#8243;), Resoluci\u00f3n de la pantalla: 2868 x 1320 Pixeles. Familia de procesador: Apple, Modelo del procesador: A18 Pro. Capacidad de almacenamiento interno: 512<br \/>GB. Resoluci\u00f3n de la c\u00e1mara trasera (num\u00e9rica): 48 MP, Tipo de c\u00e1mara trasera: Triple c\u00e1mara. Capacidad de la tarjeta SIM: SIM doble. Sistema operativo instalado: iOS 18. Color del producto: Blanco. Peso: 227 g<\/p>\n<p>Peso y dimensiones<br \/>Altura<br \/>163 mm<br \/>Ancho<br \/>77,6 mm<br \/>Peso<br \/>227 g<br \/>Profundidad<br \/>8,25 mm<br \/>Exhibici\u00f3n<br \/>Alto Rango Din\u00e1mico (HDR)<br \/>Si<br \/>Tecnolog\u00eda HDR (High Dynamic Range, Alto rango din\u00e1mico)<br \/>High Dynamic Range 10 (HDR10), High Dynamic Range 10+ (HDR10 Plus), Hybrid Log-Gamma (HLG)<br \/>Anti-huellas<br \/>Si<br \/>Brillo de pantalla<br \/>1000 cd \/ m<br \/>Brillo m\u00e1ximo de la pantalla (HDR)<br \/>1600 cd \/ m<br \/>Brillo m\u00e1ximo de la pantalla (exteriores)<br \/>2000 cd \/ m<br \/>Brillo de la pantalla (m\u00edn.)<br \/>1 cd \/ m<br \/>Densidad del pixel<br \/>460 ppp<br \/>Diagonal de la pantalla<br \/>17,5 cm (6.9&#8243;)<br \/>Forma de la pantalla<br \/>Plana<br \/>M\u00e1xima velocidad de actualizaci\u00f3n<br \/>120 Hz<br \/>Nombre comercial de la tecnolog\u00eda de la pantalla<br \/>Super Retina XDR<br \/>Pantalla con esquinas redondeadas<br \/>Si<br \/>Raz\u00f3n de contraste (t\u00edpica)<br \/>2000000:1<br \/>Recubrimiento oleof\u00f3bico<br \/>Si<br \/>Resoluci\u00f3n de la pantalla<br \/>2868 x 1320 Pixeles<br \/>Tecnolog\u00edas espec\u00edficas<br \/>Pantalla siempre encendida, Dynamic Island, Toque h\u00e1ptico, ProMotion, True Tone, Amplia gama de colores (P3)<br \/>Tipo de pantalla<br \/>OLED<br \/>Tipo de cristal de pantalla<br \/>Ceramic Shield<br \/>Procesador<br \/>Coprocesador<br \/>Si<br \/>modelo Coprocesador<br \/>Neural Engine<br \/>Familia de procesador<br \/>Apple<br \/>Modelo del procesador<br \/>A18 Pro<br \/>N\u00facleos de rendimiento<br \/>2<br \/>N\u00facleos de eficiencia<br \/>4<br \/>N\u00famero de n\u00facleos de procesador<br \/>6<br \/>n\u00facleos coprocesador<br \/>16<br \/>Medios de almacenaje<br \/>Capacidad de almacenamiento interno<br \/>512 GB<br \/>Tarjetas de memoria compatibles<br \/>No compatible<br \/>C\u00e1mara fotogr\u00e1fica<br \/>Acercamiento \u00f3ptico (zoom in)<br \/>5x<br \/>Alejamiento \u00f3ptico (zoom out)<br \/>2x<br \/>Autoenfoque<br \/>Si<br \/>Controles del bot\u00f3n de c\u00e1mara<br \/>C\u00e1maras, Depth, Exposure, Styles, Tono, Acercar<br \/>Correcci\u00f3n de objetivo<br \/>Si<br \/>Correcci\u00f3n de ojos rojos<br \/>Y<br \/>C\u00e1mara trasera con flash<br \/>Si<br \/>C\u00e1mara frontal con flash<br \/>No<br \/>Deep Fusion<br \/>Si<br \/>Detector de rostro<br \/>Si<br \/>Distancia focal de la c\u00e1mara trasera<br \/>2,4 cm<br \/>Distancia focal de la segunda c\u00e1mara trasera<br \/>1,3 cm<br \/>Distancia focal de la tercera c\u00e1mara trasera<br \/>12 cm<br \/>Elementos de la lente de la tercera c\u00e1mara trasera<br \/>Lente de 7 elementos<br \/>Estabilizador de imagen<br \/>Si<br \/>\u00c1ngulo del campo de visi\u00f3n (FOV) de la segunda c\u00e1mara trasera<br \/>120<br \/>\u00c1ngulo del campo de visi\u00f3n (FOV) de la tercera c\u00e1mara trasera<br \/>20<br \/>Formatos de imagen de la c\u00e1mara compatibles<br \/>DNG, HEIF, JPEG<br \/>Formatos de v\u00eddeo de la c\u00e1mara compatibles<br \/>H.264, HEVC, ProRes<br \/>Fotograf\u00eda macro<br \/>Si<br \/>Fotos espaciales<br \/>Si<br \/>Geoetiquetado<br \/>Si<br \/>Grabaci\u00f3n en est\u00e9reo<br \/>Si<br \/>Modo de alto rango din\u00e1mico (HDR) de la c\u00e1mara<br \/>Si<br \/>Iluminaci\u00f3n para retrato<br \/>Si<br \/>Material de la cubierta de la lente<br \/>Cristal de zafiro<br \/>Modo noche<br \/>Si<br \/>Modo retrato<br \/>Si<br \/>Modo de disparo continuo<br \/>Si<br \/>Modo de c\u00e1mara lenta<br \/>Si<br \/>Modos de grabaci\u00f3n de v\u00eddeo<br \/>720p, 1080p, 2160p<br \/>Motor fot\u00f3nico<br \/>Si<br \/>N\u00famero de apertura de la c\u00e1mara trasera<br \/>1,78<br \/>N\u00famero de apertura de la segunda c\u00e1mara trasera<br \/>2,2<br \/>N\u00famero de diafragma de la tercera c\u00e1mara trasera<br \/>2,8<br \/>N\u00famero de apertura de la c\u00e1mara frontal<br \/>1,9<br \/>Panor\u00e1mica<br \/>Si<br \/>V\u00eddeo QuickTake<br \/>Si<br \/>Reducci\u00f3n del ruido del viento<br \/>Si<br \/>Resoluci\u00f3n de la c\u00e1mara trasera (num\u00e9rica)<br \/>48 MP<br \/>Resoluci\u00f3n de la c\u00e1mara frontal (num\u00e9rica)<br \/>12 MP<br \/>Resoluci\u00f3n de la segunda c\u00e1mara trasera (num\u00e9rica)<br \/>48 MP<br \/>Resoluci\u00f3n de la tercera c\u00e1mara trasera (num\u00e9rica)<br \/>12 MP<br \/>Resoluci\u00f3n de captura de video<br \/>3840 x 2160 Pixeles<br \/>Resoluci\u00f3n en velocidad de captura<br \/>1280&#215;720@30fps, 1920&#215;1080@120fps, 1920&#215;1080@240fps, 1920&#215;1080@25fps, 1920&#215;1080@30fps, 1920&#215;1080@60fps, 3840&#215;2160@100fps, 3840&#215;2160@120fps, 3840&#215;2160@24fps, 3840&#215;2160@25fps,<br \/>3840&#215;2160@30fps, 3840&#215;2160@60fps<br \/>Tipo de c\u00e1mara trasera<br \/>Triple c\u00e1mara<br \/>Tipo de c\u00e1mara frontal<br \/>C\u00e1mara \u00fanica<br \/>Tipo de estabilizador de imagen<br \/>Optical Image Stabilization (OIS)<br \/>Velocidad m\u00e1xima de cuadro<br \/>240 pps<br \/>Zoom digital<br \/>25x<br \/>Zoom de audio<br \/>Si<br \/>Puertos e Interfaces<br \/>Conector USB<br \/>USB Tipo C<br \/>Puerto USB<br \/>Si<br \/>Versi\u00f3n USB<br \/>3.2 Gen 2 (3.1 Gen 2)<br \/>Conexi\u00f3n<br \/>Est\u00e1ndares 2G<br \/>Edge, GSM<br \/>Bandas 2G (SIM principal)<br \/>850,900,1800,1900 MHz<br \/>Est\u00e1ndares 3G<br \/>DC-HSDPA, HSPA+, UMTS<br \/>Bandas 3G soportadas<br \/>850,900,1700,1900,2100 MHz<br \/>Est\u00e1ndar 4G<br \/>LTE-TDD &#038; LTE-FDD<br \/>Velocidad de transmisi\u00f3n de datos 4G (m\u00e1x.)<br \/>1000 Mbit\/s<br \/>Est\u00e1ndar 5G<br \/>NR, NR mmWave, Sub6<br \/>AirPlay<br \/>Si<br \/>Banda de frecuencia<br \/>Pentabanda<br \/>Bluetooth<br \/>Si<br \/>Versi\u00f3n de Bluetooth<br \/>5.3<br \/>Comunicaci\u00f3n de Campo Cercano (NFC)<br \/>Si<br \/>Capacidad de la tarjeta SIM<br \/>SIM doble<br \/>Wi-Fi est\u00e1ndares<br \/>Wi-Fi 7 (802.11be)<br \/>Generaci\u00f3n de red m\u00f3vil<br \/>5G<br \/>Voces superpuestas LTE (VoLTE) compatibles<br \/>Si<br \/>MIMO<br \/>Si<br \/>Tipo de tarjeta SIM<br \/>NanoSIM + eSIM<br \/>Wifi<br \/>Si<br \/>iBeacon<br \/>Si<br \/>Bater\u00eda<br \/>Tecnolog\u00eda de bater\u00eda<br \/>I\u00f3n de litio<br \/>Tiempo continuo de reproducci\u00f3n de audio<br \/>105 h<br \/>Tiempo continuo de reproducci\u00f3n de video<br \/>33 h<br \/>Tiempo de reproducci\u00f3n continua de v\u00eddeo (transmitido en directo)<br \/>29 h<br \/>Condiciones ambientales<br \/>Altitud de funcionamiento<br \/>0 &#8211; 3000 m<br \/>Intervalo de temperatura operativa<br \/>0 &#8211; 35 C<br \/>Intervalo de temperatura de almacenaje<br \/>-20 &#8211; 45 C<br \/>Intervalo de humedad relativa para funcionamiento<br \/>5 &#8211; 95%<br \/>Contenido del embalaje<br \/>Adaptador AC incluido<br \/>No<br \/>Cables incluidos<br \/>USB tipo C a USB tipo C<\/p>\n<p>Otras caracter\u00edsticas<br \/>No contiene<br \/>Ars\u00e9nico, Mercurio, PVC\/BFR<br \/>Desempe\u00f1o<br \/>Adaptadores de n\u00facleo gr\u00e1fico<br \/>6<br \/>Aislamiento de voz<br \/>Si<br \/>Alerta vibratoria<br \/>Si<br \/>Altavoz<br \/>Si<br \/>Amplio espectro<br \/>Si<br \/>Asistencia en carretera<br \/>Si<br \/>Audio espacial<br \/>Si<br \/>Bot\u00f3n de acci\u00f3n<br \/>Si<br \/>Bot\u00f3n de c\u00e1mara<br \/>Si<br \/>Carga r\u00e1pida<br \/>Si<br \/>Cargador inal\u00e1mbrico<br \/>Si<br \/>Comandos de voz<br \/>Si<br \/>Compartici\u00f3n de pantalla<br \/>Si<br \/>Compatible con aud\u00edfonos<br \/>Si<br \/>Detecci\u00f3n de accidentes<br \/>Si<br \/>Emergencia SOS (sat\u00e9lite)<br \/>Si<br \/>Funciones del bot\u00f3n de acci\u00f3n<br \/>Accessibility, C\u00e1mara, Controls, Linterna, Focus, Lupa, Recognize Music, Shortcut, Silent mode, Translate, Nota de voz<br \/>Lector de huella digital<br \/>No<br \/>Prestaciones de accesibilidad<br \/>AssistiveTouch, Subt\u00edtulos cerrados, Lupa, Real-time text (RTT), Contenido hablado, Switch Control, Teletype (TTY), Type to Siri, Control por voz, VoiceOver, Acercar, Eye Tracking, Live Captions, Personal Voice, Live Speech,<br \/>Vocal Shortcuts<br \/>Reconocimiento de cara<br \/>Si<br \/>Video llamada<br \/>Si<br \/>Dise\u00f1o<br \/>Color del producto<br \/>Blanco<br \/>C\u00f3digo IP (International Protection)<br \/>IP68<br \/>Factor de forma<br \/>Barra<br \/>Funciones de protecci\u00f3n<br \/>Resistente al polvo, A prueba de salpicaduras, Resistente al agua<br \/>Humedad: resistente al agua hasta<br \/>6 m<br \/>Material de la carcasa<br \/>Vidrio, Titanio<br \/>Navegaci\u00f3n<br \/>BeiDou<br \/>Si<br \/>Br\u00fajula electr\u00f3nica<br \/>Si<br \/>Posicionamiento de Wi-Fi<br \/>Si<br \/>GLONASS<br \/>Si<br \/>GPS<br \/>Si<br \/>GPS (sat\u00e9lite)<br \/>Si<br \/>Galileo<br \/>Si<br \/>NavIC<br \/>Si<br \/>Sistema por Sat\u00e9lite Quasi-Zenith (QZSS)<br \/>Si<br \/>Multimedia<br \/>Formato de archivos soportados<br \/>Zip<br \/>Formatos de audio soportados<br \/>AAC, ALAC, FLAC, MP3, APAC<br \/>Formatos de v\u00eddeo compatibles<br \/>H.264, HEVC, ProRes, AV1<br \/>Formatos de imagen soportados<br \/>GIF, JPG, TIFF<br \/>Formatos de texto soportados<br \/>DOC, DOCX, HTM, HTML, ICS, Llave, N\u00fameros, PDF, PPT, PPTX, Pages, RTF, TXT, USDZ, VCF, XLS, XLSX<br \/>n\u00famero de micr\u00f3fonos<br \/>4<br \/>Detalles t\u00e9cnicos<br \/>Aplicaciones preinstaladas<br \/>Apple Store, App Store, Books, Calculator, Calendar, Camera, Clips Clock, Compass, Contacts, FaceTime, Files, Find My, Fitness, Freeform, GarageBand, Health, Home, iMovie, iTunes Store, Keynote, Magnifier, Mail, Maps,<br \/>Measure, Messages, Music, News, Notes, Numbers, Pages, Passwords, Phone, Photos, Podcasts, Reminders, Safari, Settings, Shortcuts, Stocks, Tips, Translate, TV, Voice Memos, Wallet, Watch, Weather<br \/>Software<br \/>Apple Intelligence<br \/>Si<br \/>Asistente virtual<br \/>Apple Siri<br \/>Sistema operativo MAC soportado<br \/>Mac OS X 10.13 High Sierra, Mac OS X 10.14 Mojave, Mac OS X 10.15 Catalina, Mac OS X 10.15.3 Catalina, Mac OS X 11.0 Big Sur, Mac OS X 12.0 Monterey, Mac OS X 13.0 Ventura, Mac OS X 14.0 Sonoma<br \/>Plataforma<br \/>iOS<br \/>Plataforma de distribuciones de aplicaciones<br \/>Apple App Store<br \/>Sistema operativo instalado<br \/>iOS 18<br \/>Sistema operativo Windows soportado<br \/>Windows 10, Windows 10 Education, Windows 10 Education x64, Windows 10 Enterprise, Windows 10 Enterprise x64, Windows 10 Home, Windows 10 Home x64, Windows 10 IOT Core, Windows 10 IoT Enterprise,<br \/>Windows 10 Pro, Windows 10 Pro x64, Windows 10 x64, Windows 11, Windows 11 Enterprise, Windows 11 Enterprise x64, Windows 11 Home, Windows 11 Pro, Windows 11 x64<br \/>Suscripci\u00f3n<br \/>Tipo de suscripci\u00f3n<br \/>Sin suscripci\u00f3n<br \/>Sensores<br \/>Aceler\u00f3metro<br \/>Si<br \/>Bar\u00f3metro<br \/>Si<br \/>Giroscopio<br \/>Si<br \/>Sensor LiDAR<br \/>Si<br \/>Sensor de proximidad<br \/>Si<br \/>Sensor de luz ambiental<br \/>Si<\/p>\n","protected":false},"excerpt":{"rendered":"<p>Movil apple iphone 16 pro max 512gb white titanium<\/p>\n","protected":false},"featured_media":230085,"comment_status":"closed","ping_status":"open","template":"","meta":{"_et_pb_use_builder":"","_et_pb_old_content":"","_et_gb_content_width":""},"product_brand":[2061],"product_cat":[2058,2063,2062],"product_tag":[2064,2068,2075,2067,2066],"class_list":{"0":"post-231474","1":"product","2":"type-product","3":"status-publish","4":"has-post-thumbnail","6":"product_brand-apple","7":"product_cat-dispositivos","8":"product_cat-smartphones","9":"product_cat-telefonia","10":"product_tag-apple","11":"product_tag-dispositivos","12":"product_tag-movil-apple-iphone-16-pro-max","13":"product_tag-smartphones","14":"product_tag-telefonia","15":"product_shipping_class-2059","16":"pa_canon-digital-incluida-2060","18":"first","19":"instock","20":"taxable","21":"shipping-taxable","22":"purchasable","23":"product-type-simple"},"_links":{"self":[{"href":"https:\/\/linkxa.es\/linkshop\/wp-json\/wp\/v2\/product\/231474","targetHints":{"allow":["GET"]}}],"collection":[{"href":"https:\/\/linkxa.es\/linkshop\/wp-json\/wp\/v2\/product"}],"about":[{"href":"https:\/\/linkxa.es\/linkshop\/wp-json\/wp\/v2\/types\/product"}],"replies":[{"embeddable":true,"href":"https:\/\/linkxa.es\/linkshop\/wp-json\/wp\/v2\/comments?post=231474"}],"wp:featuredmedia":[{"embeddable":true,"href":"https:\/\/linkxa.es\/linkshop\/wp-json\/wp\/v2\/media\/230085"}],"wp:attachment":[{"href":"https:\/\/linkxa.es\/linkshop\/wp-json\/wp\/v2\/media?parent=231474"}],"wp:term":[{"taxonomy":"product_brand","embeddable":true,"href":"https:\/\/linkxa.es\/linkshop\/wp-json\/wp\/v2\/product_brand?post=231474"},{"taxonomy":"product_cat","embeddable":true,"href":"https:\/\/linkxa.es\/linkshop\/wp-json\/wp\/v2\/product_cat?post=231474"},{"taxonomy":"product_tag","embeddable":true,"href":"https:\/\/linkxa.es\/linkshop\/wp-json\/wp\/v2\/product_tag?post=231474"}],"curies":[{"name":"wp","href":"https:\/\/api.w.org\/{rel}","templated":true}]}}