{"id":231680,"date":"2025-07-29T09:20:58","date_gmt":"2025-07-29T09:20:58","guid":{"rendered":"https:\/\/linkxa.es\/contratacion\/producto\/movil-xiaomi-redmi-a5-3-64gb\/"},"modified":"2025-08-01T22:15:08","modified_gmt":"2025-08-01T22:15:08","slug":"movil-xiaomi-redmi-a5-3-64gb","status":"publish","type":"product","link":"https:\/\/linkxa.es\/linkshop\/producto\/movil-xiaomi-redmi-a5-3-64gb\/","title":{"rendered":"Movil xiaomi redmi a5 3 64gb"},"content":{"rendered":"<p>&#8211; CATEGOR\u00cdA\u00a0<br \/>Smartphone\u00a0<\/p>\n<p>&#8211; MARCA\u00a0<br \/>Xiaomi\u00a0<\/p>\n<p>&#8211; MODELO\u00a0<br \/>Redmi A5\u00a0<\/p>\n<p>&#8211; COLOR\u00a0<br \/>Midnight Black\u00a0<\/p>\n<p>&#8211; PANTALLA\u00a0<br \/>Tama\u00f1o: 6,88 pulgadas (17,5 cm)\u00a0<br \/>Resoluci\u00f3n: 1640 x 720 p\u00edxeles\u00a0<br \/>Tipo: LCD IPS\u00a0<br \/>Frecuencia de actualizaci\u00f3n: Hasta 120 Hz\u00a0<br \/>Velocidad de respuesta t\u00e1ctil: 240 Hz\u00a0<br \/>Brillo: 450 cd\/m\u00b2\u00a0<br \/>Relaci\u00f3n de contraste: 1500:1\u00a0<br \/>Densidad de p\u00edxeles: 260 ppp\u00a0<br \/>Relaci\u00f3n pantalla-cuerpo: 90%\u00a0<br \/>Protecci\u00f3n: Corning Glass\u00a0<br \/>Profundidad de color: 8 bits\u00a0<br \/>Cobertura NTSC: 70%\u00a0<br \/>Pantalla plana\u00a0<\/p>\n<p>&#8211; C\u00c1MARA TRASERA\u00a0<br \/>Resoluci\u00f3n: 32 MP\u00a0<br \/>Apertura: f\/2.0\u00a0<br \/>Lente de 4 elementos\u00a0<br \/>Flash: S\u00ed\u00a0<br \/>Modos: HDR, noche, lapso de tiempo\u00a0<br \/>Resoluci\u00f3n de video: Hasta 1920 x 1080 p\u00edxeles @30fps\u00a0<\/p>\n<p>&#8211; C\u00c1MARA FRONTAL\u00a0<br \/>Resoluci\u00f3n: 8 MP\u00a0<br \/>Apertura: f\/2.2\u00a0<br \/>Luz de relleno para selfies\u00a0<\/p>\n<p>&#8211; PROCESADOR\u00a0<br \/>Fabricante: Unisoc\u00a0<br \/>N\u00facleos: 8\u00a0<br \/>Frecuencia turbo: 1.8 GHz\u00a0<\/p>\n<p>&#8211; MEMORIA Y ALMACENAMIENTO\u00a0<br \/>RAM: 3 GB (ampliable hasta 6 GB con extensi\u00f3n de memoria)\u00a0<br \/>Tipo de RAM: LPDDR4X\u00a0<br \/>Almacenamiento interno: 64 GB (eMMC 5.1)\u00a0<br \/>Memoria expandible: MicroSD hasta 1 TB\u00a0<\/p>\n<p>&#8211; BATER\u00cdA\u00a0<br \/>Capacidad: 5200 mAh\u00a0<br \/>Carga r\u00e1pida: 15 W\u00a0<br \/>Ciclos de carga: M\u00e1s de 1000\u00a0<\/p>\n<p>&#8211; CONECTIVIDAD\u00a0<br \/>Dual SIM (Nano SIM)\u00a0<br \/>4G LTE (LTE-TDD &#038; LTE-FDD)\u00a0<br \/>Wi-Fi 5 (802.11ac)\u00a0<br \/>Bluetooth 5.2 (perfiles AAC, SBC)\u00a0<br \/>Puerto USB Tipo C\u00a0<br \/>Jack de 3,5 mm\u00a0<\/p>\n<p>&#8211; DISE\u00d1O\u00a0<br \/>Factor de forma: Barra\u00a0<br \/>Marco plano con decoraci\u00f3n de c\u00e1mara resaltada\u00a0<br \/>Tecnolog\u00eda de tacto h\u00famedo para uso con manos mojadas\u00a0<\/p>\n<p>&#8211; SISTEMA OPERATIVO\u00a0<br \/>Android 15\u00a0<\/p>\n<p>&#8211; FUNCIONES ADICIONALES\u00a0<br \/>Reconocimiento facial\u00a0<br \/>Lector de huellas digitales\u00a0<br \/>Videollamadas\u00a0<br \/>Altavoz\u00a0<br \/>Alerta vibratoria\u00a0<\/p>\n<p>&#8211; SENSORES\u00a0<br \/>Sensor de proximidad\u00a0<br \/>Sensor de luz ambiental\u00a0<br \/>Aceler\u00f3metro\u00a0<br \/>Br\u00fajula electr\u00f3nica\u00a0<\/p>\n<p>&#8211; NAVEGACI\u00d3N\u00a0<br \/>GPS\u00a0<br \/>GLONASS\u00a0<br \/>Galileo\u00a0<br \/>BeiDou\u00a0<\/p>\n<p>&#8211; MULTIMEDIA\u00a0<br \/>Radio FM\u00a0<br \/>Formatos de audio: 3GP, AAC, AMR, AWB, FLAC, M4A, MIDI, MP4, OGA, OGG, OTA, RTX, SMF\u00a0<br \/>Formatos de video: 3GP, AV1, H.264, H.265, MKV, MP4, MPEG2, MPEG4, TS, VP8, VP9, WEBM\u00a0<\/p>\n<p>&#8211; CERTIFICACIONES Y CUIDADO VISUAL\u00a0<br \/>Certificaci\u00f3n T\u00dcV Rheinland: luz azul baja, sin parpadeo, atenuaci\u00f3n CC\u00a0<br \/>Modo lectura mejorado\u00a0<\/p>\n<p>&#8211; DIMENSIONES Y PESO\u00a0<br \/>Altura: 193 mm\u00a0<br \/>Ancho: 77,8 mm\u00a0<br \/>Grosor: 8,26 mm\u00a0<\/p>\n<p>&#8211; CONTENIDO DEL EMBALAJE\u00a0<br \/>Gu\u00eda de configuraci\u00f3n r\u00e1pida\u00a0<br \/>Tarjeta de garant\u00eda\u00a0<br \/>Cable USB Tipo C\u00a0<br \/>Herramienta para extraer SIM\u00a0<\/p>\n","protected":false},"excerpt":{"rendered":"<p>Movil xiaomi redmi a5 3 &#8211; 64gb negro<\/p>\n","protected":false},"featured_media":230114,"comment_status":"closed","ping_status":"open","template":"","meta":{"_et_pb_use_builder":"","_et_pb_old_content":"","_et_gb_content_width":""},"product_brand":[2092],"product_cat":[2058,2063,2062],"product_tag":[2068,2122,2067,2066,2093],"class_list":{"0":"post-231680","1":"product","2":"type-product","3":"status-publish","4":"has-post-thumbnail","6":"product_brand-xiaomi","7":"product_cat-dispositivos","8":"product_cat-smartphones","9":"product_cat-telefonia","10":"product_tag-dispositivos","11":"product_tag-movil-xiaomi-redmi-a5-3-64gb","12":"product_tag-smartphones","13":"product_tag-telefonia","14":"product_tag-xiaomi","15":"product_shipping_class-2088","16":"pa_canon-digital-incluida-2060","18":"first","19":"instock","20":"taxable","21":"shipping-taxable","22":"purchasable","23":"product-type-simple"},"_links":{"self":[{"href":"https:\/\/linkxa.es\/linkshop\/wp-json\/wp\/v2\/product\/231680","targetHints":{"allow":["GET"]}}],"collection":[{"href":"https:\/\/linkxa.es\/linkshop\/wp-json\/wp\/v2\/product"}],"about":[{"href":"https:\/\/linkxa.es\/linkshop\/wp-json\/wp\/v2\/types\/product"}],"replies":[{"embeddable":true,"href":"https:\/\/linkxa.es\/linkshop\/wp-json\/wp\/v2\/comments?post=231680"}],"wp:featuredmedia":[{"embeddable":true,"href":"https:\/\/linkxa.es\/linkshop\/wp-json\/wp\/v2\/media\/230114"}],"wp:attachment":[{"href":"https:\/\/linkxa.es\/linkshop\/wp-json\/wp\/v2\/media?parent=231680"}],"wp:term":[{"taxonomy":"product_brand","embeddable":true,"href":"https:\/\/linkxa.es\/linkshop\/wp-json\/wp\/v2\/product_brand?post=231680"},{"taxonomy":"product_cat","embeddable":true,"href":"https:\/\/linkxa.es\/linkshop\/wp-json\/wp\/v2\/product_cat?post=231680"},{"taxonomy":"product_tag","embeddable":true,"href":"https:\/\/linkxa.es\/linkshop\/wp-json\/wp\/v2\/product_tag?post=231680"}],"curies":[{"name":"wp","href":"https:\/\/api.w.org\/{rel}","templated":true}]}}