{"id":231932,"date":"2025-01-30T16:38:07","date_gmt":"2025-01-30T16:38:07","guid":{"rendered":"https:\/\/linkxa.es\/contratacion\/producto\/telefono-inalambrico-gigaset-as690-negro\/"},"modified":"2025-08-01T22:31:05","modified_gmt":"2025-08-01T22:31:05","slug":"telefono-inalambrico-gigaset-as690-negro","status":"publish","type":"product","link":"https:\/\/linkxa.es\/linkshop\/producto\/telefono-inalambrico-gigaset-as690-negro\/","title":{"rendered":"Telefono inalambrico gigaset as690 negro"},"content":{"rendered":"<p>TELEFONO FIJO GIGASET AS690 NEGRO<br \/>Calidad excepcional para la comunicaci\u00f3n diaria.<br \/>Calidad de voz perfecta con perfiles de sonido ajustables.<br \/>Habla con manos libres con una calidad de audio superior<br \/>La agenda telef\u00f3nica puede almacenar hasta 100 nombres y n\u00fameros<br \/>Gran pantalla gr\u00e1fica en blanco y negro, iluminada, con alto contraste<br \/>Bloqueo de llamadas para hasta 32 n\u00fameros de la lista negra<br \/>Simplemente suena bien: un tel\u00e9fono DECT con excelentes funciones de<br \/>audio<br \/>La elecci\u00f3n es suya: puede hacer una llamada usando el tel\u00e9fono o en el<br \/>modo manos libres, d\u00e1ndole la libertad de hacer otra cosa al mismo<br \/>tiempo e incluso permitir que otros se unan a la conversaci\u00f3n. O bien,<br \/>puede decidir cu\u00e1l de los dos perfiles de manos libres preferir\u00eda usar:<br \/>Ajuste la intensidad de las frecuencias m\u00e1s altas o m\u00e1s bajas para que el<br \/>sonido sea c\u00f3modo para usted. Decida lo que decida, siempre puede<br \/>confiar en una calidad de voz perfecta.<br \/>Claro, ergon\u00f3mico, intuitivo: qui\u00e9n imaginaba que usar el tel\u00e9fono podr\u00eda<br \/>ser tan simple?<br \/>Lo primero que se nota sobre el Gigaset AS690 es su gran pantalla gr\u00e1fica<br \/>iluminada en blanco y negro. La pantalla tiene varias ventajas: la gran<br \/>pantalla num\u00e9rica en el modo de marcaci\u00f3n y el fuerte contraste entre las<br \/>letras blancas y el fondo negro se han dise\u00f1ado para garantizar que el<br \/>tel\u00e9fono sea a\u00fan m\u00e1s f\u00e1cil de usar. El teclado ergon\u00f3mico con teclas<br \/>iluminadas y el manejo intuitivo, tambi\u00e9n contribuyen a que hablar por<br \/>tel\u00e9fono sea lo m\u00e1s c\u00f3modo posible.<br \/>Apague de vez en cuando &#8211; con protecci\u00f3n contra llamadas no deseadas<br \/>Si no tiene ganas de hablar, puede ignorar ciertos n\u00fameros de tel\u00e9fono o<br \/>llamadas an\u00f3nimas agregando hasta 32 n\u00fameros a su lista negra, cuando<br \/>est\u00e1 activada, esta funci\u00f3n rechaza las llamadas de estos n\u00fameros o<br \/>simplemente las muestra en la pantalla sin que el tel\u00e9fono suene. Puede<br \/>agregar n\u00fameros no deseados a la lista negra manualmente o copiarlos<br \/>de su historial de llamadas. Tambi\u00e9n puede evitar que el tel\u00e9fono suene<br \/>para llamadas an\u00f3nimas (es decir, aquellas sin identificador de llamadas)<br \/>e incluso establecer per\u00edodos de tiempo durante los cuales el tel\u00e9fono<br \/>debe o no debe sonar. Adem\u00e1s, puede agregar n\u00fameros seleccionados a<br \/>un grupo VIP para asegurarse de que estas llamadas siempre se realicen<br \/>incluso cuando la funci\u00f3n No molestar est\u00e9 habilitada.<br \/>Mant\u00e9ngase en contacto con una gu\u00eda telef\u00f3nica incorporada y un largo<br \/>tiempo de conversaci\u00f3n<br \/>El Gigaset AS690 facilita la comunicaci\u00f3n: con 14 horas de tiempo en<br \/>conversaci\u00f3n, puede estar seguro de que siempre podr\u00e1 hablar con sus<br \/>contactos en cualquier momento. La gu\u00eda telef\u00f3nica integrada del<br \/>dispositivo puede contener hasta 100 nombres y n\u00fameros. Adem\u00e1s, se<br \/>enumeran autom\u00e1ticamente las \u00faltimas 25 llamadas y la hora en que<br \/>sonaron. Con un tiempo de espera de 180 horas, las personas que llaman<br \/>siempre podr\u00e1n comunicarse con usted.<br \/>Mayor flexibilidad &#8211; con una multitud de tel\u00e9fonos compatibles<br \/>Use su tel\u00e9fono donde lo necesite: el Gigaset AS690 se puede ampliar con<br \/>hasta cuatro tel\u00e9fonos, que puede colocar en cualquier lugar de su hogar.<br \/>Ya sea que est\u00e9 en la cocina, el dormitorio o la oficina de su hogar,<br \/>siempre tendr\u00e1 un tel\u00e9fono a mano.<br \/>Siempre respetuoso con el medio ambiente, y libre de radiaci\u00f3n gracias a<br \/>ECO DECT<br \/>Como todos los tel\u00e9fonos inal\u00e1mbricos Gigaset, la serie Gigaset AS690<br \/>est\u00e1 equipada con tecnolog\u00eda ecol\u00f3gica ECO DECT. Esto significa que los<br \/>tel\u00e9fonos est\u00e1n libres de radiaci\u00f3n en el modo de espera, incluso cuando<br \/>est\u00e1 usando m\u00faltiples tel\u00e9fonos, siempre que la base y todos los tel\u00e9fonos<br \/>conectados tambi\u00e9n sean compatibles con ECO DECT. Durante una<br \/>llamada, la potencia de transmisi\u00f3n se adapta autom\u00e1ticamente a la<br \/>distancia entre el tel\u00e9fono y la base. Cuanto menor sea la distancia entre<br \/>el tel\u00e9fono y la base, menor ser\u00e1 la radiaci\u00f3n. Para el rango m\u00e1ximo de<br \/>DECT, puede desactivar el modo ECO DECT en cualquier momento.<br \/>Caracter\u00edsticas generales<br \/>Conexi\u00f3n Anal\u00f3gico<br \/>N\u00famero de tel\u00e9fono (anal\u00f3gica) 1<br \/>N\u00famero de conversaciones simult\u00e1neas (anal\u00f3gica) 1<br \/>Standares DECT DECT, GAP<br \/>ECO DECT Reducci\u00f3n autom\u00e1tica de transmisi\u00f3n de enrg\u00eda, Libre<br \/>de radiaci\u00f3n en modo standby, Bajo consumo de energ\u00eda<br \/>Funciones Fuents Jumbo<br \/>Caracter\u00edsticas adicionales<br \/>Tiempo en modo en espera hasta (h) 180<br \/>Tiempo de conversaci\u00f3n hasta (h) 14<br \/>N\u00famero de registros en agenda telef\u00f3nica (nombre\/n\u00famero) 100<br \/>Funci\u00f3n de alarma Si<br \/>Call block function Si<br \/>Blacklist (number of entries) 32<br \/>Anonymous call suppression: Calls without CLIP number are only indicated<br \/>visually Si<br \/>Day \/ night mode: Timed ringtone deactivation on handset Si<br \/>Se\u00f1alizaci\u00f3n \u00f3ptica de llamada (pantalla iluminada) Pantalla<br \/>iluminada, La tecla de llamada parpadea<br \/>N\u00famero de terminales ampliables 4<br \/>Llamadas internas gratuitas Si<br \/>Transferencia de tel\u00e9fonos\/libreta de direcciones interna a trav\u00e9s de DECT<br \/>(de terminal a terminal) Si<br \/>Transferencia interna de llamadas externas, llamada de conferencia,<br \/>devoluci\u00f3n de llamada Si<br \/>Caracter\u00edsticas de sonido<br \/>Conversaci\u00f3n manos libres S\u00ed<br \/>Conversaci\u00f3n manos libres terminal \/ baset Terminal<br \/>Volumen ajustable Mediante el Men\u00fa<br \/>N\u00famero de tonos 20<br \/>Caracter\u00edsticas de la pantalla<br \/>Tipo de pantalla Alfan\u00famerica blanco y negro iluminada<br \/>Dimensiones (alt. x anch. mm) 34 x 36<br \/>Diagonal (pulg.) 2.0<br \/>Resoluci\u00f3n (px) 96 x 64<br \/>Fuents Jumbo S\u00ed<br \/>Visualizaci\u00f3n del llamante en pantalla Indicaci\u00f3n del n\u00famero de tel\u00e9fono<br \/>llamante (CLIP)<br \/>Lista de las \u00faltimas llamadas perdidas (n\u00famero) con hora y fecha 25<br \/>Lista con (n\u00famero de) llamadas entrantes con hora y fecha 25<br \/>Men\u00fa en varios idiomas (varios idiomas de pantalla) Si<br \/>Tiempo \/ Fecha mostrada Si<br \/>N\u00famero de idiomas 24<br \/>Caracter\u00edsticas del teclado<br \/>Teclado iluminado Si<br \/>Manejo sencillo con teclas de navegaci\u00f3n Si<br \/>Tecla de mensajes Si<br \/>Tama\u00f1o\/especificaciones t\u00e9cnicas<br \/>Terminal, alt x anch x prof en mm 155 x 49 x 28<br \/>Terminal, peso incl. bater\u00eda en g 119<br \/>Estaci\u00f3n base, alt x anch x prof en mm 44 x 88 x 105<br \/>Estaci\u00f3n base, peso en g 70<br \/>Cargador, alt x anch x prof en mm 38 x 70 x 77<br \/>Cargador, peso en g 36<br \/>Bater\u00eda 2 x NiMH AAA<\/p>\n","protected":false},"excerpt":{"rendered":"<p>Telefono inalambrico gigaset as690 negro<\/p>\n","protected":false},"featured_media":230683,"comment_status":"closed","ping_status":"open","template":"","meta":{"_et_pb_use_builder":"","_et_pb_old_content":"","_et_gb_content_width":""},"product_brand":[2311],"product_cat":[2058,2062,2312],"product_tag":[2068,2313,2066,2348,2315],"class_list":{"0":"post-231932","1":"product","2":"type-product","3":"status-publish","4":"has-post-thumbnail","6":"product_brand-gigaset","7":"product_cat-dispositivos","8":"product_cat-telefonia","9":"product_cat-telefonos-fijos","10":"product_tag-dispositivos","11":"product_tag-gigaset","12":"product_tag-telefonia","13":"product_tag-telefono-inalambrico-gigaset-as690-negro","14":"product_tag-telefonos-fijos","15":"product_shipping_class-2059","17":"first","18":"instock","19":"taxable","20":"shipping-taxable","21":"purchasable","22":"product-type-simple"},"_links":{"self":[{"href":"https:\/\/linkxa.es\/linkshop\/wp-json\/wp\/v2\/product\/231932","targetHints":{"allow":["GET"]}}],"collection":[{"href":"https:\/\/linkxa.es\/linkshop\/wp-json\/wp\/v2\/product"}],"about":[{"href":"https:\/\/linkxa.es\/linkshop\/wp-json\/wp\/v2\/types\/product"}],"replies":[{"embeddable":true,"href":"https:\/\/linkxa.es\/linkshop\/wp-json\/wp\/v2\/comments?post=231932"}],"wp:featuredmedia":[{"embeddable":true,"href":"https:\/\/linkxa.es\/linkshop\/wp-json\/wp\/v2\/media\/230683"}],"wp:attachment":[{"href":"https:\/\/linkxa.es\/linkshop\/wp-json\/wp\/v2\/media?parent=231932"}],"wp:term":[{"taxonomy":"product_brand","embeddable":true,"href":"https:\/\/linkxa.es\/linkshop\/wp-json\/wp\/v2\/product_brand?post=231932"},{"taxonomy":"product_cat","embeddable":true,"href":"https:\/\/linkxa.es\/linkshop\/wp-json\/wp\/v2\/product_cat?post=231932"},{"taxonomy":"product_tag","embeddable":true,"href":"https:\/\/linkxa.es\/linkshop\/wp-json\/wp\/v2\/product_tag?post=231932"}],"curies":[{"name":"wp","href":"https:\/\/api.w.org\/{rel}","templated":true}]}}