{"id":231971,"date":"2025-04-16T15:17:15","date_gmt":"2025-04-16T15:17:15","guid":{"rendered":"https:\/\/linkxa.es\/contratacion\/producto\/razr-50-17-5-cm-6-9-pulgadas\/"},"modified":"2025-08-01T22:49:49","modified_gmt":"2025-08-01T22:49:49","slug":"razr-50-17-5-cm-6-9-pulgadas","status":"publish","type":"product","link":"https:\/\/linkxa.es\/linkshop\/producto\/razr-50-17-5-cm-6-9-pulgadas\/","title":{"rendered":"Razr 50 17 5 cm (6.9 pulgadas)"},"content":{"rendered":"<p>Destacado<\/p>\n<p>Pantalla externa 2,4 veces m\u00e1s grande. Haz incluso m\u00e1s: desde obtener ayuda de la aplicaci\u00f3n Google Gemini hasta reproducir m\u00fasica con la pantalla externa de 3,63&#8243; totalmente funcional<br \/>Acceso inmediato sin tener que abrir el smartphone. Haz incluso m\u00e1s: desde obtener ayuda de la aplicaci\u00f3n Google Gemini hasta reproducir m\u00fasica con la pantalla externa 2,4 veces m\u00e1s grande y totalmente funcional<br \/>Dise\u00f1o plegable emblem\u00e1tico y refinado. Disfruta de un dise\u00f1o duradero, compacto y c\u00f3modo de suave cuero vegano que podr\u00e1s elegir en varios colores de moda<br \/>Infinitas maneras de capturar. Da rienda suelta a tu creatividad con Flex View, tanto si vas a usar el smartphone como c\u00e1mara de v\u00eddeo, vas a montar tu propio fotomat\u00f3n o vas a hacerte unos cuantos selfies en modo<br \/>manos libres<br \/>Sistema de c\u00e1maras de 50 MP de nueva generaci\u00f3n. Captura fotos incre\u00edbles con cualquier luz y v\u00eddeos muy fluidos mientras te mueves con moto ai<br \/>Autonom\u00eda de la bater\u00eda durante todo el d\u00eda. Util\u00edzalo durante todo el d\u00eda y toda la noche con la bater\u00eda de 4200 mAh, realiza una carga r\u00e1pida con TurboPower 30W y c\u00e1rgalo de forma inal\u00e1mbrica<br \/>Sonido est\u00e9reo m\u00e1s potente. Disfruta de un sonido que sale un 20 % m\u00e1s alto de los altavoces y en todas direcciones gracias al sonido espacial y Dolby Atmos<\/p>\n<p>Flip the script<\/p>\n<p>Inteligente por dentro y por fuera<br \/>Presentamos el motorola razr 50, con una pantalla externa 2,4 veces m\u00e1s grande y totalmente funcional. Esta pantalla \u00fatil de 3,63 te dejar\u00e1 ver y hacer m\u00e1s sin tener que abrir este smartphone con un dise\u00f1o tan<br \/>emblem\u00e1tico. Incluye moto ai, una tecnolog\u00eda con la que podr\u00e1s interactuar, capturar y crear de nuevas maneras y a distintos \u00e1ngulos. Suj\u00e9talo de forma natural, como si fuera una c\u00e1mara de v\u00eddeo, y graba v\u00eddeos fluidos<br \/>mientras te mueves gracias al sistema de c\u00e1maras de 50 MP con estabilizaci\u00f3n con tecnolog\u00eda moto ai. Tambi\u00e9n puedes abrir el smartphone para disfrutar de una experiencia maravillosamente envolvente con la pantalla<br \/>pOLED de 6,9 superancha y el sonido multidimensional de Dolby Atmos. Y del\u00e9itate con un dise\u00f1o que se ha pensado para durar con un suave acabado en cuero vegano, la protecci\u00f3n frente al agua y el cristal Corning<br \/>Gorilla Glass Victus. \u00c1brete al mundo con el nuevo motorola razr 50.<\/p>\n<p>Peso y dimensiones<br \/>Altura<br \/>171,3 mm<br \/>Altura de plegado<br \/>8,81 cm<br \/>Ancho<br \/>74 mm<br \/>Ancho de plegado<br \/>7,4 cm<br \/>Peso<br \/>188 g<br \/>Profundidad<br \/>7,25 mm<br \/>Profundidad de plegado<br \/>1,58 cm<br \/>Exhibici\u00f3n<br \/>Alto Rango Din\u00e1mico (HDR)<br \/>Si<br \/>Tecnolog\u00eda HDR (High Dynamic Range, Alto rango din\u00e1mico)<br \/>High Dynamic Range 10+ (HDR10 Plus)<br \/>Brillo de pantalla<br \/>3000 cd \/ m<br \/>Brillo de la segunda pantalla<br \/>1700 cd \/ m<br \/>Gama de colores DCI-P3<br \/>120%<br \/>Gama de colores DCI-P3 de la segunda pantalla<br \/>100%<br \/>Densidad del pixel<br \/>413 ppp<br \/>Densidad de p\u00edxeles de la segunda pantalla<br \/>413 ppp<br \/>Diagonal de la pantalla<br \/>17,5 cm (6.9&#8243;)<br \/>Diagonal del segundo monitor<br \/>9,14 cm (3.6&#8243;)<br \/>Frecuencia de actualizaci\u00f3n de la segunda pantalla<br \/>90 Hz<br \/>Versi\u00f3n de Gorilla Glass<br \/>Gorilla Glass Victus<br \/>M\u00e1xima velocidad de actualizaci\u00f3n<br \/>120 Hz<br \/>Relaci\u00f3n pantalla-cuerpo<br \/>85,33%<br \/>Relaci\u00f3n de aspecto nativa<br \/>22:9<br \/>Resoluci\u00f3n de la pantalla<br \/>2640 x 1080 Pixeles<br \/>Resoluci\u00f3n del segundo monitor<br \/>1056 x 1066 Pixeles<br \/>Segunda pantalla<br \/>Si<br \/>Tipo de pantalla<br \/>P-OLED<br \/>Tipo de cristal de pantalla<br \/>Corning Glass<br \/>Tipo de la segunda pantalla<br \/>P-OLED<br \/>Velocidad de respuesta t\u00e1ctil<br \/>300 Hz<br \/>Velocidad de respuesta t\u00e1ctil de la segunda pantalla<br \/>120 Hz<br \/>Procesador<br \/>Familia de procesador<br \/>MediaTek Dimensity<br \/>Modelo del procesador<br \/>7300X<br \/>Medios de almacenaje<br \/>Capacidad de RAM<br \/>8 GB<br \/>Capacidad de almacenamiento interno<br \/>256 GB<br \/>Tipo de RAM<br \/>LPDDR4X<br \/>Tarjetas de memoria compatibles<br \/>No compatible<br \/>C\u00e1mara fotogr\u00e1fica<br \/>C\u00e1mara trasera con flash<br \/>Si<br \/>Detector de rostro<br \/>Si<br \/>Detector de sonrisa<br \/>Si<br \/>Disparador autom\u00e1tico<br \/>Si<br \/>Estabilizador de imagen<br \/>Si<br \/>\u00c1ngulo del campo de visi\u00f3n (FOV) de la segunda c\u00e1mara trasera<br \/>120<br \/>Fotograf\u00eda macro<br \/>Si<br \/>Reconocimiento de escenas de IA<br \/>Si<br \/>Modo de lapso de tiempo<br \/>Si<br \/>Modo noche<br \/>Si<br \/>Modo retrato<br \/>Si<br \/>N\u00famero de apertura de la c\u00e1mara trasera<br \/>1,7<br \/>N\u00famero de apertura de la segunda c\u00e1mara trasera<br \/>2,2<br \/>N\u00famero de apertura de la c\u00e1mara frontal<br \/>2,4<br \/>Panor\u00e1mica<br \/>Si<br \/>Resoluci\u00f3n de la c\u00e1mara trasera (num\u00e9rica)<br \/>50 MP<br \/>Resoluci\u00f3n de la c\u00e1mara frontal (num\u00e9rica)<br \/>32 MP<br \/>Resoluci\u00f3n de la segunda c\u00e1mara trasera (num\u00e9rica)<br \/>13 MP<br \/>Resoluci\u00f3n de captura de video<br \/>3840 x 2160 Pixeles<br \/>Resoluci\u00f3n en velocidad de captura<br \/>1920&#215;1080@30fps, 1920&#215;1080@60fps, 3840&#215;2160@30fps<br \/>Tama\u00f1o de los p\u00edxeles de la c\u00e1mara trasera<br \/>1,7 m<br \/>Tama\u00f1o de los p\u00edxeles de la segunda c\u00e1mara trasera<br \/>1,12 m<br \/>Tama\u00f1o de los p\u00edxeles de la c\u00e1mara frontal<br \/>0,7 m<br \/>Tipo de c\u00e1mara trasera<br \/>C\u00e1mara doble<br \/>Tipo de c\u00e1mara frontal<br \/>C\u00e1mara \u00fanica<br \/>Tipo de flash<br \/>LED<br \/>Tipo de estabilizador de imagen<br \/>Optical Image Stabilization (OIS)<br \/>Velocidad m\u00e1xima de cuadro<br \/>60 pps<br \/>Zoom de audio<br \/>Si<br \/>Puertos e Interfaces<br \/>Auriculares<br \/>No compatible<br \/>Conector USB<br \/>USB Tipo C<br \/>Puerto USB<br \/>Si<br \/>Versi\u00f3n USB<br \/>2.0<br \/>Conexi\u00f3n<br \/>Est\u00e1ndares 2G<br \/>Edge, GSM<br \/>Bandas 2G (SIM principal)<br \/>850,900,1800,1900 MHz<br \/>Est\u00e1ndares 3G<br \/>HSPA+, UMTS<br \/>Est\u00e1ndar 4G<br \/>LTE<br \/>Est\u00e1ndar 5G<br \/>Sub6<br \/>Bluetooth<br \/>Si<br \/>Versi\u00f3n de Bluetooth<br \/>5.4<br \/>Comunicaci\u00f3n de Campo Cercano (NFC)<br \/>Si<br \/>Capacidad de la tarjeta SIM<br \/>SIM doble<br \/>Wi-Fi est\u00e1ndares<br \/>802.11a, 802.11b, 802.11g, Wi-Fi 4 (802.11n), Wi-Fi 5 (802.11ac), Wi-Fi 6 (802.11ax), Wi-Fi 6E (802.11ax)<br \/>Generaci\u00f3n de red m\u00f3vil<br \/>5G<br \/>Tipo de tarjeta SIM<br \/>NanoSIM + eSIM<br \/>Wifi<br \/>Si<br \/>Bater\u00eda<br \/>Capacidad de bater\u00eda<br \/>4200 mAh<\/p>\n<p>Contenido del embalaje<br \/>Cables incluidos<br \/>USB Tipo C<br \/>Funda protectora<br \/>Si<br \/>Gu\u00eda de configuraci\u00f3n r\u00e1pida<br \/>Si<br \/>Instrumento para extraer tarjeta SIM<br \/>Si<br \/>Desempe\u00f1o<br \/>Carga r\u00e1pida<br \/>Si<br \/>Cargador inal\u00e1mbrico<br \/>Si<br \/>Comandos de voz<br \/>Si<br \/>Lector de huella digital<br \/>Si<br \/>Reconocimiento de cara<br \/>Si<br \/>Tecnolog\u00eda de carga r\u00e1pida<br \/>TurboPower<br \/>Dise\u00f1o<br \/>Color del producto<br \/>Arena<br \/>C\u00f3digo IP (International Protection)<br \/>IPX8<br \/>Factor de forma<br \/>M\u00f3vil con tapa<br \/>Funciones de protecci\u00f3n<br \/>Resistente al polvo, A prueba de salpicaduras, Resistente al agua<br \/>Material de la carcasa<br \/>Aluminio<br \/>Nombre del color<br \/>Beach Sand<br \/>Navegaci\u00f3n<br \/>Funci\u00f3n de GPS asistida (A-GPS)<br \/>Si<br \/>BeiDou<br \/>Si<br \/>Br\u00fajula electr\u00f3nica<br \/>Si<br \/>GLONASS<br \/>Si<br \/>GPS<br \/>Si<br \/>GPS (sat\u00e9lite)<br \/>Si<br \/>Galileo<br \/>Si<br \/>Protocolo de posicionamiento LTE (LPP, LTE Positioning Protocol)<br \/>Si<br \/>Ubicaci\u00f3n segura de plano de usuario (SUPL, Secure User Plane Location)<br \/>Si<br \/>Multimedia<br \/>Altavoces<br \/>Est\u00e9reo<br \/>Radio FM<br \/>No<br \/>Sistema de audio<br \/>Dolby Atmos<br \/>n\u00famero de micr\u00f3fonos<br \/>3<br \/>Software<br \/>Asistente virtual<br \/>Google Gemini<br \/>Plataforma<br \/>Android<br \/>Sistema operativo instalado<br \/>Android 14<br \/>Suscripci\u00f3n<br \/>Tipo de suscripci\u00f3n<br \/>Sin suscripci\u00f3n<br \/>Sensores<br \/>Aceler\u00f3metro<br \/>Si<br \/>Giroscopio<br \/>Si<br \/>Sensor de proximidad<br \/>Si<br \/>Sensor de luz ambiental<br \/>Si<br \/>Sensor magnet\u00f3metro<br \/>Si<\/p>\n","protected":false},"excerpt":{"rendered":"<p>Razr 50 17 -5 cm (6.9 pulgadas) sim doble android 14 5g usb tipo c 8 gb 256 gb 4200 mah arena<\/p>\n","protected":false},"featured_media":230203,"comment_status":"closed","ping_status":"open","template":"","meta":{"_et_pb_use_builder":"","_et_pb_old_content":"","_et_gb_content_width":""},"product_brand":[2081],"product_cat":[2058,2063,2062],"product_tag":[2068,2082,2144,2067,2066],"class_list":{"0":"post-231971","1":"product","2":"type-product","3":"status-publish","4":"has-post-thumbnail","6":"product_brand-motorola","7":"product_cat-dispositivos","8":"product_cat-smartphones","9":"product_cat-telefonia","10":"product_tag-dispositivos","11":"product_tag-motorola","12":"product_tag-razr-50-17-5-cm-6-9-pulgadas","13":"product_tag-smartphones","14":"product_tag-telefonia","15":"product_shipping_class-2059","16":"pa_canon-digital-incluida-2060","18":"first","19":"instock","20":"taxable","21":"shipping-taxable","22":"purchasable","23":"product-type-simple"},"_links":{"self":[{"href":"https:\/\/linkxa.es\/linkshop\/wp-json\/wp\/v2\/product\/231971","targetHints":{"allow":["GET"]}}],"collection":[{"href":"https:\/\/linkxa.es\/linkshop\/wp-json\/wp\/v2\/product"}],"about":[{"href":"https:\/\/linkxa.es\/linkshop\/wp-json\/wp\/v2\/types\/product"}],"replies":[{"embeddable":true,"href":"https:\/\/linkxa.es\/linkshop\/wp-json\/wp\/v2\/comments?post=231971"}],"wp:featuredmedia":[{"embeddable":true,"href":"https:\/\/linkxa.es\/linkshop\/wp-json\/wp\/v2\/media\/230203"}],"wp:attachment":[{"href":"https:\/\/linkxa.es\/linkshop\/wp-json\/wp\/v2\/media?parent=231971"}],"wp:term":[{"taxonomy":"product_brand","embeddable":true,"href":"https:\/\/linkxa.es\/linkshop\/wp-json\/wp\/v2\/product_brand?post=231971"},{"taxonomy":"product_cat","embeddable":true,"href":"https:\/\/linkxa.es\/linkshop\/wp-json\/wp\/v2\/product_cat?post=231971"},{"taxonomy":"product_tag","embeddable":true,"href":"https:\/\/linkxa.es\/linkshop\/wp-json\/wp\/v2\/product_tag?post=231971"}],"curies":[{"name":"wp","href":"https:\/\/api.w.org\/{rel}","templated":true}]}}