{"id":231986,"date":"2025-04-01T22:36:49","date_gmt":"2025-04-01T22:36:49","guid":{"rendered":"https:\/\/linkxa.es\/contratacion\/producto\/telefono-movil-smartphone-xiaomi-redmi-13\/"},"modified":"2025-08-01T22:34:15","modified_gmt":"2025-08-01T22:34:15","slug":"telefono-movil-smartphone-xiaomi-redmi-13","status":"publish","type":"product","link":"https:\/\/linkxa.es\/linkshop\/producto\/telefono-movil-smartphone-xiaomi-redmi-13\/","title":{"rendered":"Telefono movil smartphone xiaomi redmi 13"},"content":{"rendered":"<p>XIAOMI REDMI 13 8GB \/ 256GB \/ 6.79&#8243; PEARL PINK<\/p>\n<p>Descripci\u00f3n Tecnica<\/p>\n<p>Procesador<br \/>MediaTek Helio G91-Ultra<br \/>Proceso de 12 nm, ocho n\u00facleos<br \/>CPU:<br \/>Cortex-A55+Cortex-A75<br \/>Frecuencia m\u00e1x. de la CPU: 2,0 GHz<br \/>GPU: Mali-G52 MC2<\/p>\n<p>Almacenamiento y RAM<br \/>LPDDR4X + eMMC 5.1<br \/>RAM y ROM: 8 GB + 256 GB<br \/>Permite ampliar el almacenamiento hasta 1 TB<br \/>*Las configuraciones disponibles pueden variar seg\u00fan la regi\u00f3n. El almacenamiento y la RAM disponibles son inferiores a la memoria total debido al almacenamiento del sistema operativo y el software<br \/>preinstalado en el dispositivo.<\/p>\n<p>Dimensiones<br \/>Altura: 168,6 mm<br \/>Anchura: 76,28 mm<br \/>Grosor: 8,3 mm<br \/>Peso: 205 g<br \/>*Datos obtenidos de los laboratorios internos de Xiaomi. Los m\u00e9todos de medici\u00f3n del sector pueden variar y, por tanto, es posible que los resultados reales difieran.<\/p>\n<p>Pantalla<br \/>Pantalla DotDisplay FHD+ de 6,79&#8243;<br \/>Resoluci\u00f3n y densidad de p\u00edxeles: 2460 x 1080, 396 ppp<br \/>Frecuencia de actualizaci\u00f3n: Hasta 90 Hz<br \/>Brillo: 450 nits (t\u00edp.)<br \/>550 nits (modo de alto brillo)<br \/>Modo lectura<br \/>Luz azul reducida (soluci\u00f3n de hardware) de TV Rheinland<br \/>Compatibilidad con ritmos circadianos de TV Rheinland<br \/>Tecnolog\u00eda sin parpadeos de TV Rheinland<br \/>Atenuaci\u00f3n de CC<\/p>\n<p>C\u00e1mara trasera<br \/>C\u00e1mara principal supern\u00edtida de 108 MP<br \/>Lente de 6 elementos, f\/1,75<br \/>C\u00e1mara macro de 2 MP<br \/>f\/2,4film<br \/>Camera Marco personalizado Modo de 108 MP Modo HDR Modo nocturno<br \/>Modo retrato Time-lapse<br \/>Grabaci\u00f3n de v\u00eddeo de la c\u00e1mara trasera<br \/>Grabaci\u00f3n de v\u00eddeo HD 1080p (1920 x 1080) a 30 fps<br \/>Grabaci\u00f3n de v\u00eddeo HD 720p (1280 x 720) a 30 fps<\/p>\n<p>C\u00e1mara frontal<br \/>C\u00e1mara frontal de 13 MP<br \/>f\/2,45film<br \/>Camera Modo HDR Anillo de luz suave<br \/>Modo retrato Time-lapseGrabaci\u00f3n de v\u00eddeo de la c\u00e1mara delantera<br \/>Grabaci\u00f3n de v\u00eddeo HD 1080p (1920 x 1080) a 30 fps<br \/>Grabaci\u00f3n de v\u00eddeo HD 720p (1280 x 720) a 30 fps<\/p>\n<p>Bater\u00eda y carga<br \/>5030 mAh (t\u00edp.)<br \/>Compatible con carga r\u00e1pida de 33 W<br \/>*En la caja no se incluye ning\u00fan adaptador de corriente. El adaptador de corriente y el cable de datos se venden por separado. Se recomienda utilizar el Xiaomi 33W Charging Combo (Type-A).<br \/>USB tipo C<\/p>\n<p>Seguridad<br \/>Sensor de huella dactilar lateral<br \/>Desbloqueo facial por IA<\/p>\n<p>NFC<br \/>S\u00ed<br \/>*La disponibilidad de NFC puede variar en algunos mercados<\/p>\n<p>Red y conectividad<br \/>SIM 1 e h\u00edbrida (SIM o microSD)<br \/>*La ranura h\u00edbrida se puede utilizar para una segunda tarjeta SIM o una tarjeta microSD (almacenamiento ampliable hasta 1 TB)<br \/>Bandas de red:2G: GSM: 2\/3\/5\/8<br \/>3G: WCDMA: 1\/5\/8<br \/>4G: LTE FDD: 1\/3\/5\/7\/8\/20\/28<br \/>4G: LTE TDD: 38\/40\/41<br \/>Redes inal\u00e1mbricasWi-Fi: 2,4 GHz 5 GHz<br \/>Compatible con radio FM (con conector para auriculares)<br \/>Bluetooth 5.4<\/p>\n<p>Navegaci\u00f3n y posicionamiento<br \/>GPS Glonass Galileo Beidou<\/p>\n<p>Audio<br \/>Conector para auriculares de 3,5 mm<br \/>Reproducci\u00f3n de audioaac, m4a, mp4, amr, awb, mid, midi, smf, xmf, rtx, ota, imy, mp3, ogg, oga, wav, flac, m4a<\/p>\n<p>Reproducci\u00f3n de v\u00eddeo<br \/>ts, mp4, 3gp, mkv, webm<\/p>\n<p>Sensores<br \/>Sensor de proximidad virtual Sensor de luz ambiental Aceler\u00f3metro Br\u00fajula electr\u00f3nica<\/p>\n<p>Sistema operativo<br \/>Xiaomi HyperOS<br \/>*La disponibilidad de las funciones, las aplicaciones y los servicios de Xiaomi HyperOS puede variar en funci\u00f3n de la versi\u00f3n de software y el modelo de tel\u00e9fono.<\/p>\n<p>Contenido del paquete<br \/>Tel\u00e9fono m\u00f3vil Cable USB tipo C Extractor de SIM Funda protectora Gu\u00eda de inicio r\u00e1pido y tarjeta de garant\u00eda Informaci\u00f3n de seguridad*El contenido del paquete puede variar seg\u00fan las regiones.<\/p>\n","protected":false},"excerpt":{"rendered":"<p>Telefono movil smartphone  xiaomi redmi 13 8gb &#8211; 256gb &#8211; 6.79 pulgadas pearl pink<\/p>\n","protected":false},"featured_media":230164,"comment_status":"closed","ping_status":"open","template":"","meta":{"_et_pb_use_builder":"","_et_pb_old_content":"","_et_gb_content_width":""},"product_brand":[2092],"product_cat":[2058,2063,2062],"product_tag":[2068,2067,2066,2151,2093],"class_list":{"0":"post-231986","1":"product","2":"type-product","3":"status-publish","4":"has-post-thumbnail","6":"product_brand-xiaomi","7":"product_cat-dispositivos","8":"product_cat-smartphones","9":"product_cat-telefonia","10":"product_tag-dispositivos","11":"product_tag-smartphones","12":"product_tag-telefonia","13":"product_tag-telefono-movil-smartphone-xiaomi-redmi-13","14":"product_tag-xiaomi","15":"product_shipping_class-2059","16":"pa_canon-digital-incluida-2060","18":"first","19":"instock","20":"taxable","21":"shipping-taxable","22":"purchasable","23":"product-type-simple"},"_links":{"self":[{"href":"https:\/\/linkxa.es\/linkshop\/wp-json\/wp\/v2\/product\/231986","targetHints":{"allow":["GET"]}}],"collection":[{"href":"https:\/\/linkxa.es\/linkshop\/wp-json\/wp\/v2\/product"}],"about":[{"href":"https:\/\/linkxa.es\/linkshop\/wp-json\/wp\/v2\/types\/product"}],"replies":[{"embeddable":true,"href":"https:\/\/linkxa.es\/linkshop\/wp-json\/wp\/v2\/comments?post=231986"}],"wp:featuredmedia":[{"embeddable":true,"href":"https:\/\/linkxa.es\/linkshop\/wp-json\/wp\/v2\/media\/230164"}],"wp:attachment":[{"href":"https:\/\/linkxa.es\/linkshop\/wp-json\/wp\/v2\/media?parent=231986"}],"wp:term":[{"taxonomy":"product_brand","embeddable":true,"href":"https:\/\/linkxa.es\/linkshop\/wp-json\/wp\/v2\/product_brand?post=231986"},{"taxonomy":"product_cat","embeddable":true,"href":"https:\/\/linkxa.es\/linkshop\/wp-json\/wp\/v2\/product_cat?post=231986"},{"taxonomy":"product_tag","embeddable":true,"href":"https:\/\/linkxa.es\/linkshop\/wp-json\/wp\/v2\/product_tag?post=231986"}],"curies":[{"name":"wp","href":"https:\/\/api.w.org\/{rel}","templated":true}]}}