{"id":232162,"date":"2025-05-23T00:30:55","date_gmt":"2025-05-23T00:30:55","guid":{"rendered":"https:\/\/linkxa.es\/contratacion\/producto\/apple-iphone-12-pro-256gb-grafito\/"},"modified":"2025-08-01T22:47:25","modified_gmt":"2025-08-01T22:47:25","slug":"apple-iphone-12-pro-256gb-grafito","status":"publish","type":"product","link":"https:\/\/linkxa.es\/linkshop\/producto\/apple-iphone-12-pro-256gb-grafito\/","title":{"rendered":"Apple iphone 12 pro 256gb grafito"},"content":{"rendered":"<p>Descripci\u00f3n Lanzamiento inicial en octubre de 2020 Modelo A2407, libre, sin tarjeta SIM1 Pantalla Super Retina XDR de 6,1 pulgadas con tecnolog\u00eda OLED Chip A14 Bionic con Neural Engine de 16 n\u00facleos Reproducci\u00f3n de v\u00eddeo: hasta 17 horas 5G, Gigabit LTE y wifi 802.11ax con MIMO 2&#215;2 Tecnolog\u00eda inal\u00e1mbrica Bluetooth 5.0 NFC con modo de lectura C\u00e1maras Pro de 12 Mpx con gran angular, ultra gran angular y teleobjetivo Zoom digital hasta x10 Grabaci\u00f3n de v\u00eddeo en 4K, grabaci\u00f3n de v\u00eddeo en 1080p HD Face ID Siri Apple Pay 189 g y 0,75 cm Productos reacondicionado certificados por Apple Productos de calidad a buen precio Riguroso antes de la venta Cubiertos por la garant\u00eda limitada Se abrir\u00e1 una ventana nueva. de un a\u00f1o de Apple Cubiertos por la pol\u00edtica de devoluciones Se abrir\u00e1 una ventana nueva. de 14 d\u00edas de Apple Posibilidad de contratar AppleCareSe abrir\u00e1 una ventana nueva. El grabado l\u00e1ser y el envoltorio de regalo no est\u00e1n disponibles para los productos reacondicionado Las existencias son limitadas Contenido de la caja iPhone 12 Pro reacondicionado Cable USB-C a Lightning Documentaci\u00f3n Requisitos del sistema ID de Apple (para algunas prestaciones) Acceso a internet2 Para sincronizar con iTunes en un Mac o PC: Mac: macOS Catalina 10.15 o posterior con el Finder Mac: de OS El Capitan 10.11.6 a macOS Mojave 10.14.6 PC: Windows 7 o posterior iTunes 12.8 o posterior en Mac o iTunes 12.10 o posterior en PC (descarga gratuita desde www.itunes.com\/es\/download) Requisitos ambientales Temperatura de funcionamiento: de 0 a 35 \u00baC, temperatura de almacenamiento: de -20 a 45 \u00baC, humedad relativa: del 5 al 95 % sin condensaci\u00f3n, altitud de funcionamiento: 3.000 m. El iPhone 12 Pro se ha dise\u00f1ado con las siguientes caracter\u00edsticas para reducir su impacto medioambiental: Vidrio de la pantalla sin ars\u00e9nico Pantalla sin mercurio Sin retardantes de llama bromados Sin PVC Sin berilio Un chip superpotente y r\u00e1pido. Con el chip A14 Bionic todo va que vuela, desde los juegos hasta la edici\u00f3n de fotos. Adem\u00e1s, permite cosas como la grabaci\u00f3n de v\u00eddeo en 4K con Dolby Vision. Su gran eficiencia energ\u00e9tica pone en tus manos prestaciones avanzadas sin renunciar a una gran autonom\u00eda. Tambi\u00e9n ofrece lo \u00faltimo en realidad aumentada: desde recrear las misiones espaciales de la NASA hasta redecorar tu casa. Una gran autonom\u00eda. Haz a\u00fan m\u00e1s con una sola carga gracias a la eficiencia del potente chip A14 Bionic. Hasta 17 horas de reproducci\u00f3n de v\u00eddeo en el iPhone 12 Pro. El modo de datos inteligente activa el 5G cuando hace falta y el LTE en el resto de casos para ahorrar bater\u00eda. Un dise\u00f1o impecable con borde plano. Gracias a su borde plano, el iPhone es a\u00fan m\u00e1s resistente y lleva la pantalla al extremo. Los bordes en aluminio de calidad aeroespacial dan brillo a la parte trasera de vidrio pulido. Sistema de c\u00e1mara dual con selfies en modo Noche. Ahora el modo Noche funciona con el gran angular y el ultra gran angular, y las fotos con poca luz se le dan mejor que nunca. La tecnolog\u00eda LiDAR incluso te permite usarlo en los retratos. Y como el gran angular deja pasar un 27 % m\u00e1s de luz, tendr\u00e1s fotos con m\u00e1s detalle y mayor precisi\u00f3n de enfoque a cualquier hora del d\u00eda o de la noche. Redes 5G de v\u00e9rtigo. Descargas vertiginosas, streaming de v\u00eddeo de alta calidad y baja latencia. Dise\u00f1ado para aprovechar al m\u00e1ximo las mejoras en redes 5G. Parte delantera con Ceramic Shield ultrarresistente. El Ceramic Shield es m\u00e1s resistente que cualquier vidrio de smartphone. Se obtiene insertando en el vidrio cristales de nanocer\u00e1mica, m\u00e1s duros que la mayor\u00eda de los metales. El proceso de doble intercambio i\u00f3nico tambi\u00e9n protege la pantalla del desgaste habitual, los ara\u00f1azos y los golpes. Una pantalla OLED espectacular. La pantalla Super Retina XDR ofrece un contraste muy superior, una precisi\u00f3n crom\u00e1tica asombrosa y un paso de gigante en la densidad de p\u00edxeles. En la pantalla OLED disfrutar\u00e1s de todo el contenido, ya sea texto, fotos o escenas de acci\u00f3n, a una resoluci\u00f3n impresionante. El dise\u00f1o de borde a borde te mete de lleno en el contenido. MagSafe. Un estilo con magnetismo. Los cargadores, carteras y fundas con MagSafe se acoplan como por arte de magia y pueden combinarse de mil maneras. Como los imanes se alinean a la perfecci\u00f3n, la carga inal\u00e1mbrica va a toda velocidad incluso con una funda puesta. Si pierdes tu cartera con MagSafe, la app Buscar te indica cu\u00e1ndo estuvo acoplada a tu iPhone por \u00faltima vez. Grabaci\u00f3n en Dolby Vision con 700 millones de colores. En el iPhone 12 Pro, la grabaci\u00f3n en HDR pasa de 8 a 10 bits y captura 700 millones de colores para que tus v\u00eddeos sean mucho m\u00e1s reales. Adem\u00e1s, cuentas con la extraordinaria posibilidad de grabar en Dolby Vision, el est\u00e1ndar de la industria del cine. Puedes hasta editar v\u00eddeo Dolby Vision y usar AirPlay para ver tu obra maestra en una gran pantalla con todo lujo de detalles. Se moja y tan fresco. Resistencia al agua IP68, l\u00edder del sector.3 Adem\u00e1s, resiste derrames y salpicaduras de l\u00edquidos como caf\u00e9, t\u00e9, zumo o refrescos. El polvo tampoco le afecta. Capacidad 256 GB Procesador Chip A14 Bionic Neural Engine de \u00faltima generaci\u00f3n Pantalla Pantalla Super Retina XDR Pantalla OLED de borde a borde de 6,1 pulgadas (en diagonal) Resoluci\u00f3n de 2.532 por 1.170 p\u00edxeles a 460 p\/p Pantalla HDR True Tone Gama crom\u00e1tica amplia (P3) Respuesta h\u00e1ptica Contraste de 2.000.000:1 (t\u00edpico) Brillo m\u00e1ximo de 800 nits (t\u00edpico) o de 1.200 nits (HDR) Cubierta ole\u00f3fuga antihuellas Compatible con la presentaci\u00f3n simult\u00e1nea de m\u00faltiples idiomas y grupos de caracteres La pantalla del iPhone 12 Pro tiene esquinas redondeadas que rematan el dise\u00f1o curvo del dispositivo, y esas esquinas se encuentran dentro de un rect\u00e1ngulo est\u00e1ndar. Si se mide el rect\u00e1ngulo est\u00e1ndar, la pantalla tiene 6,06 pulgadas en diagonal (la superficie real de visi\u00f3n es inferior). Splash, Water, and Dust Resistant Ha obtenido la calificaci\u00f3n IP68 seg\u00fan la norma IEC 60529 (hasta 6 metros de profundidad durante un m\u00e1ximo de 30 minutos)3 Bater\u00eda y alimentaci\u00f3n Reproducci\u00f3n de v\u00eddeo: hasta 17 horas13 Streaming de v\u00eddeo: hasta 11 horas13 Reproducci\u00f3n de audio: hasta 65 horas13 Bater\u00eda recargable integrada de iones de litio Carga r\u00e1pida: hasta un 50 % de carga en unos 30 minutos14 con un adaptador de 20 W o superior (se vende por separado) Carga inal\u00e1mbrica con cargadores MagSafe de hasta 15 W15 Carga inal\u00e1mbrica con cargadores Qi de hasta 7,5 W15 Carga por conexi\u00f3n USB con un ordenador o adaptador de corriente MagSafe Carga inal\u00e1mbrica de hasta 15 W15 Conjunto de imanes Im\u00e1n de alineaci\u00f3n NFC para la identificaci\u00f3n de accesorios Magnet\u00f3metro Entradas y salidas Subir\/bajar volumen Sonido\/silencio Bot\u00f3n lateral Altavoces est\u00e9reo integrados Micr\u00f3fonos integrados Conector Lightning Tarjeta SIM Doble SIM (Nano SIM y eSIM)8 El iPhone 12 Pro y el iPhone 12 Pro Max no son compatibles con las tarjetas Micro SIM. Videollamadas Videollamadas FaceTime v\u00eda wifi o red m\u00f3vil9 Videollamadas FaceTime HD (1080p) v\u00eda wifi o redes 5G Audio espacial Modos de micr\u00f3fono Aislamiento de Voz y Sonido de Fondo Llamadas de voz Llamadas de voz con FaceTime9 Voz por LTE (VoLTE)10 Llamadas v\u00eda wifi10 Audio Formatos de audio compatibles: AACLC, HEAAC, HEAAC v2, AAC protegido, MP3, PCM lineal, Apple Lossless, FLAC, Dolby Digital (AC3), Dolby Digital Plus (EAC3), Dolby Atmos y Audible (formatos 2, 3 y 4, Audible Enhanced Audio, AAX y AAX+) Audio espacial L\u00edmite de volumen configurable por el usuario Sensores Aceler\u00f3metro Sensor de luz ambiental Bar\u00f3metro Face ID Esc\u00e1ner LiDAR Sensor de proximidad Giroscopio de 3 ejes C\u00e1mara FaceTime HD C\u00e1mara de 12 Mpx Apertura de \/2,2 Modo Retrato con efecto bokeh avanzado y Control de Profundidad Iluminaci\u00f3n de Retratos con seis efectos (Luz Natural, Luz de Estudio, Luz de Contorno, Luz de Escenario, Luz de Escenario Mono y Luz en Clave Alta Mono) Animoji y Memoji Modo Noche Deep Fusion HDR Inteligente 3 Grabaci\u00f3n de v\u00eddeo en HDR con Dolby Vision hasta 30 f\/s Grabaci\u00f3n de v\u00eddeo en 4K a 24, 25, 30 o 60 f\/s Grabaci\u00f3n de v\u00eddeo en 1080p HD a 25, 30 o 60 f\/s V\u00eddeo a c\u00e1mara lenta en 1080p a 120 f\/s V\u00eddeo en timelapse con estabilizaci\u00f3n Timelapse con modo Noche Rango din\u00e1mico ampliado para v\u00eddeo hasta 30 f\/s Estabilizaci\u00f3n de v\u00eddeo con calidad de cine (4K, 1080p y 720p) V\u00eddeo QuickTake Gama crom\u00e1tica amplia para fotos y Live Photos Correcci\u00f3n del objetivo Retina Flash Estabilizaci\u00f3n autom\u00e1tica de imagen Modo r\u00e1faga C\u00e1mara Sistema de c\u00e1maras Pro de 12 Mpx con gran angular, ultra gran angular y teleobjetivo Ultra gran angular: apertura de \/2,4 y campo de visi\u00f3n de 120 Gran angular: apertura de \/1,6 Teleobjetivo: apertura de \/2 Zoom \u00f3ptico de acercamiento x2, zoom \u00f3ptico de alejamiento x2 y rango de zoom \u00f3ptico x4 Zoom digital hasta x10 Retratos en modo Noche con esc\u00e1ner LiDAR Modo Retrato con efecto bokeh avanzado y Control de Profundidad Iluminaci\u00f3n de Retratos con seis efectos (Luz Natural, Luz de Estudio, Luz de Contorno, Luz de Escenario, Luz de Escenario Mono y Luz en Clave Alta Mono) Doble estabilizaci\u00f3n \u00f3ptica de imagen (gran angular y teleobjetivo) Lente de cinco elementos (ultra gran angular), lente de seis elementos (teleobjetivo) y lente de siete elementos (gran angular) Flash True Tone m\u00e1s luminoso con sincronizaci\u00f3n lenta Fotos panor\u00e1micas (hasta 63 Mpx) Cubierta de la lente de cristal de zafiro 100 % Focus Pixels (gran angular) Modo Noche (gran angular y ultra gran angular) Deep Fusion (gran angular, ultra gran angular y teleobjetivo) HDR Inteligente 3 Apple ProRAW Gama crom\u00e1tica amplia para fotos y Live Photos Correcci\u00f3n del objetivo (ultra gran angular) Correcci\u00f3n avanzada de ojos rojos Geoetiquetado de fotos Estabilizaci\u00f3n autom\u00e1tica de imagen Modo r\u00e1faga Captura de imagen en formato HEIF y JPEG Grabaci\u00f3n de v\u00eddeo Grabaci\u00f3n de v\u00eddeo en HDR con Dolby Vision hasta 60 f\/s Grabaci\u00f3n de v\u00eddeo en 4K a 24, 25, 30 o 60 f\/s Grabaci\u00f3n de v\u00eddeo en 1080p HD a 25, 30 o 60 f\/s Grabaci\u00f3n de v\u00eddeo en 720p HD a 30 f\/s Estabilizaci\u00f3n \u00f3ptica de imagen por desplazamiento del sensor para v\u00eddeo (gran angular) Estabilizaci\u00f3n \u00f3ptica de imagen para v\u00eddeo (gran angular) Zoom \u00f3ptico de acercamiento x2, zoom \u00f3ptico de alejamiento x2 y rango de zoom \u00f3ptico x4 Zoom digital hasta x6 Zoom de audio Flash True Tone m\u00e1s luminoso V\u00eddeo QuickTake V\u00eddeo a c\u00e1mara lenta en 1080p a 120 o 240 f\/s V\u00eddeo en timelapse con estabilizaci\u00f3n Timelapse con modo Noche Rango din\u00e1mico ampliado para v\u00eddeo hasta 60 f\/s Estabilizaci\u00f3n de v\u00eddeo con calidad de cine (4K, 1080p y 720p) Enfoque autom\u00e1tico continuo Opci\u00f3n de sacar fotos de 8 Mpx durante la grabaci\u00f3n de v\u00eddeo en 4K Reproducci\u00f3n con zoom Grabaci\u00f3n de v\u00eddeo en formato HEVC y H.264 Grabaci\u00f3n en est\u00e9reo Face ID Reconocimiento facial mediante la c\u00e1mara TrueDepth Apple Pay Usa Face ID para pagar en tiendas, apps y p\u00e1ginas web con tu iPhone Env\u00eda y recibe dinero a trav\u00e9s de Mensajes Confirma las compras realizadas con Apple Pay en el Mac Paga el transporte p\u00fablico con una tarjeta expr\u00e9s Redes m\u00f3viles e inal\u00e1mbricas Modelo A24071 5G NR (bandas n1, n2, n3, n5, n7, n8, n12, n20, n25, n28, n38, n40, n41, n66, n77, n78 y n79) FDD-LTE (bandas 1, 2, 3, 4, 5, 7, 8, 12, 13, 17, 18, 19, 20, 25, 26, 28, 30, 32 y 66) TD-LTE (bandas 34, 38, 39, 40, 41, 42, 46 y 48) CDMA EV-DO Rev. A (800 y 1.900 MHz) UMTS\/HSPA+\/DC-HSDPA (850, 900, 1.700\/2.100, 1.900 y 2.100 MHz) GSM\/EDGE (850, 900, 1.800 y 1.900 MHz) 5G (sub6 GHz)5 Gigabit LTE con MIMO 4&#215;4 y LAA5 Wifi 802.11ax (6.\u00aa gen.) con MIMO 2&#215;2 Tecnolog\u00eda inal\u00e1mbrica Bluetooth 5.0 Chip de banda ultraancha para la detecci\u00f3n espacial6 NFC con modo de lectura Tarjetas expr\u00e9s con reserva de carga Reproducci\u00f3n de v\u00eddeo Formatos de v\u00eddeo compatibles: HEVC, H.264, MPEG4 Part 2 y Motion JPEG HDR con Dolby Vision, HDR10 y HLG AirPlay hasta 4K HDR para duplicaci\u00f3n de pantalla y salida de fotos y v\u00eddeo a trav\u00e9s del Apple TV (2.\u00aa generaci\u00f3n o posterior) o de un televisor inteligente con AirPlay 211 Compatibilidad con v\u00eddeo en espejo y salida de v\u00eddeo: hasta 1080p a trav\u00e9s del adaptador de conector Lightning a AV digital y el adaptador de conector Lightning a VGA (se venden por separado)11 Ayudante inteligente Siri12 &#8211; Env\u00eda mensajes, a\u00f1ade recordatorios y mucho m\u00e1s con tu voz Recibe sugerencias inteligentes en la pantalla de bloqueo y en Mensajes, Mail, QuickType y mucho m\u00e1s Act\u00edvalo con solo decir Oye Siri Usa tu voz para activar atajos en tus apps favoritas Adjuntos de correo compatibles .jpg, .tiff y .gif (im\u00e1genes), .doc y .docx (Microsoft Word), .htm y .html (p\u00e1ginas web), .key (Keynote), .numbers (Numbers), .pages (Pages), .pdf (Vista Previa y Adobe Acrobat), .ppt y .pptx (Microsoft PowerPoint), .txt (texto), .rtf (formato de texto enriquecido), .vcf (informaci\u00f3n de contacto), .xls y .xlsx (Microsoft Excel), .zip, .ics y .usdz (USDZ Universal) Idiomas Idiomas compatibles: alem\u00e1n, \u00e1rabe, catal\u00e1n, checo, chino (simplificado, tradicional y de Hong Kong), coreano, croata, dan\u00e9s, eslovaco, espa\u00f1ol (de Espa\u00f1a y Latinoam\u00e9rica), fin\u00e9s, franc\u00e9s (de Canad\u00e1 y Francia), griego, hebreo, hindi, h\u00fangaro, indonesio, ingl\u00e9s (de Australia, Estados Unidos y Reino Unido), italiano, japon\u00e9s, malayo, neerland\u00e9s, noruego, polaco, portugu\u00e9s (de Brasil y Portugal), rumano, ruso, sueco, tailand\u00e9s, turco, ucraniano y vietnamita Idiomas compatibles con el teclado QuickType: alban\u00e9s, alem\u00e1n (de Alemania, Austria y Suiza), \u00e1rabe (est\u00e1ndar moderno y najd\u00ed), armenio, asam\u00e9s, azer\u00ed, bengal\u00ed, bielorruso, birmano, bodo, b\u00falgaro, cachemir (\u00e1rabe y devanagari), canar\u00e9s, canton\u00e9s tradicional (cangjie, manual, wubihua y sucheng), catal\u00e1n, checo, cheroqui, chino simplificado (manual, pinyin QWERTY, pinyin de 10 teclas, shuangpin y wubihua), chino tradicional (cangjie, manual, pinyin QWERTY, pinyin de 10 teclas, shuangpin, wubihua, sucheng y zhuyin), cingal\u00e9s, coreano (est\u00e1ndar y 10 teclas), croata, dan\u00e9s, divehi, dogri, emoji, eslovaco, esloveno, espa\u00f1ol (de Espa\u00f1a, Latinoam\u00e9rica y M\u00e9xico), estonio, fero\u00e9s, filipino, fin\u00e9s, flamenco, franc\u00e9s (de B\u00e9lgica, Canad\u00e1, Francia y Suiza), gal\u00e9s, georgiano, griego, gujarati, hawaiano, hebreo, hindi (devanagari, latino y transliteraci\u00f3n), h\u00fangaro, indonesio, ingl\u00e9s (de Australia, Canad\u00e1, Estados Unidos, India, Reino Unido y Singapur), irland\u00e9s, island\u00e9s, italiano, japon\u00e9s (kana y romaji), jemer, kazajo, kirgu\u00eds, konkan\u00ed (devanagari), kurdo (\u00e1rabe y latino), laosiano, let\u00f3n, lituano, macedonio, maithili (bengal\u00ed), malayalam, malayo (\u00e1rabe y latino), malt\u00e9s, manipur\u00ed (bengal\u00ed y alfabeto meetei), maor\u00ed, marat\u00ed, mongol, neerland\u00e9s, nepal\u00ed, noruego, oriya, past\u00fan, persa, polaco, portugu\u00e9s (de Brasil y Portugal), punjabi, rumano, ruso, s\u00e1nscrito, santali (devanagari y alfabeto Ol Chiki), serbio (cir\u00edlico y latino), sindi (\u00e1rabe y devanagari), suajili, sueco, tailand\u00e9s, tamil (anjal y tamil 99), tayiko, telugu, tibetano, tongano, turco, turcomano, ucraniano, uigur, urdu, uzbeko (\u00e1rabe, cir\u00edlico y latino) y vietnamita Idiomas compatibles con el teclado QuickType y la entrada predictiva: alem\u00e1n (de Alemania, Austria y Suiza), \u00e1rabe (najd\u00ed), canton\u00e9s (tradicional), chino (simplificado y tradicional), coreano, espa\u00f1ol (de Espa\u00f1a, Latinoam\u00e9rica y M\u00e9xico), franc\u00e9s (de B\u00e9lgica, Canad\u00e1, Francia y Suiza), hindi (devanagari y latino), ingl\u00e9s (de Australia, Canad\u00e1, Estados Unidos, India, Reino Unido y Singapur), italiano, japon\u00e9s, neerland\u00e9s, portugu\u00e9s (de Brasil y Portugal), ruso, sueco, tailand\u00e9s, turco y vietnamita Idiomas de Siri: alem\u00e1n (de Alemania, Austria y Suiza), \u00e1rabe (de Arabia Saud\u00ed y Emiratos \u00c1rabes Unidos), coreano, chino canton\u00e9s (de China continental y Hong Kong), chino mandar\u00edn (de China continental y Taiw\u00e1n), dan\u00e9s (de Dinamarca), espa\u00f1ol (de Chile, Espa\u00f1a, Estados Unidos y M\u00e9xico), fin\u00e9s (de Finlandia), franc\u00e9s (de B\u00e9lgica, Canad\u00e1, Francia y Suiza), hebreo (de Israel), ingl\u00e9s (de Australia, Canad\u00e1, Estados Unidos, India, Irlanda, Nueva Zelanda, Reino Unido, Singapur y Sud\u00e1frica), italiano (de Italia y Suiza), japon\u00e9s, malayo (de Malasia), neerland\u00e9s (de B\u00e9lgica y Pa\u00edses Bajos), noruego (de Noruega), portugu\u00e9s (de Brasil), ruso (de Rusia), sueco (de Suecia), tailand\u00e9s (de Tailandia) y turco (de Turqu\u00eda) Idiomas de Dictado: alem\u00e1n (de Alemania, Austria, Luxemburgo y Suiza), \u00e1rabe (de Arabia Saud\u00ed, Catar, Emiratos \u00c1rabes Unidos y Kuwait), catal\u00e1n, checo, chino canton\u00e9s (de China continental, Hong Kong y Macao), chino mandar\u00edn (de China continental y Taiw\u00e1n), coreano, croata, dan\u00e9s, eslovaco, espa\u00f1ol (de Argentina, Chile, Colombia, Costa Rica, Ecuador, El Salvador, Espa\u00f1a, Estados Unidos, Guatemala, Honduras, M\u00e9xico, Panam\u00e1, Paraguay, Per\u00fa, Rep\u00fablica Dominicana y Uruguay), fin\u00e9s, franc\u00e9s (de B\u00e9lgica, Canad\u00e1, Francia, Luxemburgo y Suiza), griego, hebreo, hindi (de India), h\u00fangaro, indonesio, ingl\u00e9s (de Arabia Saud\u00ed, Australia, Canad\u00e1, Emiratos \u00c1rabes Unidos, Estados Unidos, Filipinas, India, Indonesia, Irlanda, Malasia, Nueva Zelanda, Reino Unido, Singapur y Sud\u00e1frica), italiano (de Italia y Suiza), japon\u00e9s, malayo, neerland\u00e9s (de B\u00e9lgica y Pa\u00edses Bajos), noruego, polaco, portugu\u00e9s (de Brasil y Portugal), rumano, ruso, shanghain\u00e9s (de China continental), sueco, tailand\u00e9s, turco, ucraniano y vietnamita Idiomas con diccionario de definiciones: alem\u00e1n, chino (simplificado y tradicional), coreano, dan\u00e9s, espa\u00f1ol, franc\u00e9s, hebreo, hindi, ingl\u00e9s, italiano, japon\u00e9s, neerland\u00e9s, noruego, portugu\u00e9s, ruso, sueco, tailand\u00e9s y turco Tesauro: ingl\u00e9s (de Estados Unidos y Reino Unido) Idiomas compatibles con el diccionario bilinge (con ingl\u00e9s): alem\u00e1n, \u00e1rabe, chino (simplificado y tradicional), coreano, espa\u00f1ol, franc\u00e9s, hindi, italiano, japon\u00e9s, neerland\u00e9s, portugu\u00e9s, ruso, tailand\u00e9s y vietnamita Revisi\u00f3n ortogr\u00e1fica: alem\u00e1n, coreano, dan\u00e9s, espa\u00f1ol, fin\u00e9s, franc\u00e9s, ingl\u00e9s, italiano, neerland\u00e9s, noruego, polaco, portugu\u00e9s, ruso, sueco y turco Pa\u00edses compatibles con Apple Pay: Alemania, Arabia Saud\u00ed, Australia, Austria, Bielorrusia, B\u00e9lgica, Brasil, Bulgaria, Canad\u00e1, China continental,14 Chipre, Ciudad del Vaticano, Croacia, Dinamarca, Emiratos \u00c1rabes Unidos, Eslovaquia, Eslovenia, Espa\u00f1a, Estados Unidos, Estonia, Finlandia, Francia, Georgia, Grecia, Groenlandia, Guernsey, Hong Kong, Hungr\u00eda, Irlanda, Isla de Man, Islandia, Islas Feroe, Italia, Jap\u00f3n, Jersey, Kazajist\u00e1n, Letonia, Liechtenstein, Lituania, Luxemburgo, Macao, Malta, Montenegro, Noruega, Nueva Zelanda, Pa\u00edses Bajos, Polonia, Portugal, Reino Unido, Rep\u00fablica Checa, Ruman\u00eda, Rusia, San Marino, Serbia, Singapur, Suecia, Suiza, Taiw\u00e1n y Ucrania Ubicaci\u00f3n GPS, GLONASS, Galileo, QZSS y BeiDou integrados Telefon\u00eda m\u00f3vil Br\u00fajula digital Microubicaci\u00f3n iBeacon Wi-Fi Accesibilidad Prestaciones de accesibilidad integradas para que las personas con problemas de visi\u00f3n, audici\u00f3n, motricidad y aprendizaje le saquen todo el partido al iPhone. Prestaciones incluidas: Control por Voz VoiceOver Zoom Lupa Compatibilidad con RTT y TTY Siri y Dictado Escribir a Siri Control por Bot\u00f3n Subt\u00edtulos Opcionales AssistiveTouch Contenido Le\u00eddo Tocar Atr\u00e1s Tama\u00f1o y peso Alto: 14,67 cm Ancho: 7,15 cm Fondo: 0,74 cm Peso: 189 g<\/p>\n","protected":false},"excerpt":{"rendered":"<p>Apple iphone 12 pro 256gb grafito reacondicionado<\/p>\n","protected":false},"featured_media":230194,"comment_status":"closed","ping_status":"open","template":"","meta":{"_et_pb_use_builder":"","_et_pb_old_content":"","_et_gb_content_width":""},"product_brand":[2146],"product_cat":[2058,2147,2062],"product_tag":[2160,2068,2148,2150,2066],"class_list":{"0":"post-232162","1":"product","2":"type-product","3":"status-publish","4":"has-post-thumbnail","6":"product_brand-reware","7":"product_cat-dispositivos","8":"product_cat-smartphones-reacondicionados","9":"product_cat-telefonia","10":"product_tag-apple-iphone-12-pro-256gb-grafito","11":"product_tag-dispositivos","12":"product_tag-reware","13":"product_tag-smartphones-reacondicionados","14":"product_tag-telefonia","15":"product_shipping_class-2088","16":"pa_canon-digital-incluida-2060","18":"first","19":"instock","20":"taxable","21":"shipping-taxable","22":"purchasable","23":"product-type-simple"},"_links":{"self":[{"href":"https:\/\/linkxa.es\/linkshop\/wp-json\/wp\/v2\/product\/232162","targetHints":{"allow":["GET"]}}],"collection":[{"href":"https:\/\/linkxa.es\/linkshop\/wp-json\/wp\/v2\/product"}],"about":[{"href":"https:\/\/linkxa.es\/linkshop\/wp-json\/wp\/v2\/types\/product"}],"replies":[{"embeddable":true,"href":"https:\/\/linkxa.es\/linkshop\/wp-json\/wp\/v2\/comments?post=232162"}],"wp:featuredmedia":[{"embeddable":true,"href":"https:\/\/linkxa.es\/linkshop\/wp-json\/wp\/v2\/media\/230194"}],"wp:attachment":[{"href":"https:\/\/linkxa.es\/linkshop\/wp-json\/wp\/v2\/media?parent=232162"}],"wp:term":[{"taxonomy":"product_brand","embeddable":true,"href":"https:\/\/linkxa.es\/linkshop\/wp-json\/wp\/v2\/product_brand?post=232162"},{"taxonomy":"product_cat","embeddable":true,"href":"https:\/\/linkxa.es\/linkshop\/wp-json\/wp\/v2\/product_cat?post=232162"},{"taxonomy":"product_tag","embeddable":true,"href":"https:\/\/linkxa.es\/linkshop\/wp-json\/wp\/v2\/product_tag?post=232162"}],"curies":[{"name":"wp","href":"https:\/\/api.w.org\/{rel}","templated":true}]}}