{"id":232326,"date":"2024-12-16T17:23:57","date_gmt":"2024-12-16T17:23:57","guid":{"rendered":"https:\/\/linkxa.es\/contratacion\/producto\/movil-samsung-galaxy-z-flip6-5g\/"},"modified":"2025-08-01T23:02:25","modified_gmt":"2025-08-01T23:02:25","slug":"movil-samsung-galaxy-z-flip6-5g","status":"publish","type":"product","link":"https:\/\/linkxa.es\/linkshop\/producto\/movil-samsung-galaxy-z-flip6-5g\/","title":{"rendered":"Movil samsung galaxy z flip6 5g"},"content":{"rendered":"<p>Especificaciones<\/p>\n<p>Velocidad CPU<br \/>3.39GHz, 3.1GHz, 2.9GHz, 2.2GHz<br \/>Peso (g)<br \/>187<\/p>\n<p>Detalle de especificaciones<br \/>Procesador<\/p>\n<p>Velocidad CPU<br \/>3.39GHz, 3.1GHz, 2.9GHz, 2.2GHz<br \/>Tipo CPU<br \/>Octa-Core<\/p>\n<p>Pantalla<\/p>\n<p>Tama\u00f1o<br \/>170.3mm (6.7&#8243; rect\u00e1ngulo completo) \/ 166.4mm (6.6&#8243; esquinas redondeadas)<br \/>Resoluci\u00f3n<br \/>2640 x 1080 (FHD+)<br \/>Tecnolog\u00eda<br \/>Dynamic AMOLED 2X<br \/>N\u00famero de colores<br \/>16M<br \/>Tasa de refresco m\u00e1x<br \/>120 Hz<br \/>Tama\u00f1o (Pantalla_secundaria)<br \/>86.1mm (3.4&#8243; rect\u00e1ngulo completo) \/ 83.2mm (3.3&#8243; esquinas redondeadas)<br \/>Resoluci\u00f3n (Pantalla secundaria)<br \/>720 x 748<br \/>Tecnolog\u00eda (Pantalla secundaria)<br \/>Super AMOLED<br \/>N\u00famero de colores (Pantalla secundaria)<br \/>16M<\/p>\n<p>C\u00e1mara<\/p>\n<p>C\u00e1mara principal &#8211; Resoluci\u00f3n (M\u00faltiple)<br \/>50.0 MP + 12.0 MP<br \/>C\u00e1mara principal &#8211; Apertura (M\u00faltiple)<br \/>F1.8 , F2.2<br \/>C\u00e1mara principal &#8211; Autofocus<br \/>S\u00ed<br \/>C\u00e1mara principal &#8211; OIS<br \/>S\u00ed<br \/>C\u00e1mara principal &#8211; Zoom<br \/>Zoom \u00f3ptico quality 2x (habilitado por el sensor de p\u00edxeles adaptable), zoom digital de hasta 10x<br \/>C\u00e1mara frontal &#8211; Resoluci\u00f3n<br \/>10.0 MP<br \/>C\u00e1mara frontal &#8211; Apertura<br \/>F2.2<br \/>C\u00e1mara frontal &#8211; Autoenfoque<br \/>No<br \/>C\u00e1mara principal &#8211; Flash<br \/>S\u00ed<br \/>Resoluci\u00f3n de grabaci\u00f3n de v\u00eddeo<br \/>UHD 4K (3840 x 2160)@60fps<br \/>Slow Motion<br \/>240fps @FHD, 120fps @FHD<\/p>\n<p>Almacenamiento\/Memoria<\/p>\n<p>Memoria_(GB)<br \/>12<br \/>Almacenamiento (GB)<br \/>256<br \/>Almacenamiento disponible (GB)<br \/>227.7<\/p>\n<p>Redes\/Bandas<\/p>\n<p>N\u00famero de SIM<br \/>Dual-SIM<br \/>Tipo de bandeja de SIM<br \/>SIM 1 + eSIM \/ Dual eSIM<br \/>Infra<br \/>2G GSM, 3G WCDMA, 4G LTE FDD, 4G LTE TDD, 5G Sub6 FDD, 5G Sub6 TDD, 5G Sub6 SDL<br \/>2G GSM<br \/>GSM850, GSM900, DCS1800, PCS1900<br \/>3G UMTS<br \/>B1(2100), B2(1900), B4(AWS), B5(850), B8(900)<br \/>4G FDD LTE<br \/>B1(2100), B2(1900), B3(1800), B4(AWS), B5(850), B7(2600), B8(900), B12(700), B13(700), B17(700), B18(800), B19(800), B20(800), B25(1900), B26(850), B28(700), B32(1500), B66(AWS-3)<br \/>4G TDD LTE<br \/>B38(2600), B39(1900), B40(2300), B41(2500)<br \/>5G FDD Sub6<br \/>N1(2100), N2(1900), N3(1800), N5(850), N7(2600), N8(900), N12(700), N20(800), N25(1900), N26(850), N28(700), N66(AWS-3)<br \/>5G TDD Sub6<br \/>N38(2600), N40(2300), N41(2500), N77(3700), N78(3500)<br \/>5G SDL Sub6<br \/>N75(1500+)<\/p>\n<p>Conectividad<\/p>\n<p>Interfaz USB<br \/>USB Tipo C<br \/>Versi\u00f3n USB<br \/>USB 3.2 Gen 1<br \/>Localizaci\u00f3n<br \/>GPS, Glonass, Beidou, Galileo, QZSS<br \/>Auriculares<br \/>USB Type-C<br \/>MHL<br \/>No<br \/>Wi-Fi<br \/>802.11a\/b\/g\/n\/ac\/ax 2.4GHz+5GHz+6GHz, HE160, MIMO, 1024-QAM<br \/>Wi-Fi Direct<br \/>S\u00ed<br \/>Versi\u00f3n Bluetooth<br \/>Bluetooth v5.3<br \/>NFC<br \/>S\u00ed<br \/>PC Sync.<br \/>Smart Switch (PC version)<\/p>\n<p>Sistema Operativo<\/p>\n<p>Android<\/p>\n<p>Informaci\u00f3n general<\/p>\n<p>Formato<br \/>Flip<\/p>\n<p>Sensores<\/p>\n<p>Aceler\u00f3metro, Bar\u00f3metro, Sensor de huella dactilar, Giroscopio, Geomagn\u00e9tico, Hall, Luminosidad, Sensor de Proximidad<\/p>\n<p>Especificaciones f\u00edsicas<\/p>\n<p>Dimensiones (AlxAnxProf, mm)<br \/>165.1 x 71.9 x 6.9<br \/>Dimensiones cuando est\u00e1 plegado (AlxAnxProf, mm)<br \/>85.1 x 71.9 x 14.9<br \/>Peso (g)<br \/>187<\/p>\n<p>Bater\u00eda<\/p>\n<p>Tiempo de uso de Internet (4G) (Horas)<br \/>Hasta 19<br \/>Tiempo de uso de Internet (Wi-Fi) (Horas)<br \/>Hasta 20<br \/>Tiempo de reproducci\u00f3n de V\u00eddeo (Horas, Wireless)<br \/>Hasta 23<br \/>Capacidad de bater\u00eda (mAh, t\u00edpico)<br \/>4000<br \/>Extra\u00edble<br \/>No<br \/>Tiempo de reproducci\u00f3n de Audio (Horas, Wireless)<br \/>Hasta 68<\/p>\n<p>Audio y V\u00eddeo<\/p>\n<p>Soporte est\u00e9reo<br \/>S\u00ed<br \/>Formatos de reproducci\u00f3n de V\u00eddeo<br \/>MP4, M4V, 3GP, 3G2, AVI, FLV, MKV, WEBM<br \/>Resoluci\u00f3n de reproducci\u00f3n de V\u00eddeo<br \/>UHD 8K (7680 x 4320) @60fps<br \/>Formatos de reproducci\u00f3n de Audio<br \/>MP3, M4A, 3GA, AAC, OGG, OGA, WAV, AMR, AWB, FLAC, MID, MIDI, XMF, MXMF, IMY, RTTTL, RTX, OTA, DFF, DSF, APE<\/p>\n<p>Servicios y Aplicaciones<\/p>\n<p>Compatibilidad Gear<br \/>Galaxy Ring, Galaxy Buds3 Pro, Galaxy Buds2 Pro, Galaxy Buds Pro, Galaxy Buds Live, Galaxy Buds+, Galaxy Buds3, Galaxy Buds2, Galaxy Buds, Galaxy Buds FE, Galaxy Fit3, Galaxy Fit2, Galaxy Fit e,<br \/>Galaxy Fit, Galaxy Watch FE, Galaxy Watch Ultra, Galaxy Watch7, Galaxy Watch6, Galaxy Watch5, Galaxy Watch4, Galaxy Watch3, Galaxy Watch, Galaxy Watch Active2, Galaxy Watch Active<br \/>Samsung DeX Support<br \/>No<br \/>Bluetooth Hearing Aid Support<br \/>Android Audio Streaming for Hearing Aid(ASHA)<br \/>SmartThings Support<br \/>Yes<br \/>Mobile TV<br \/>No<\/p>\n","protected":false},"excerpt":{"rendered":"<p>Movil samsung galaxy z flip6 5g 12 &#8211; 256gb azul<\/p>\n","protected":false},"featured_media":230221,"comment_status":"closed","ping_status":"open","template":"","meta":{"_et_pb_use_builder":"","_et_pb_old_content":"","_et_gb_content_width":""},"product_brand":[2072],"product_cat":[2058,2063,2062],"product_tag":[2068,2171,2073,2067,2066],"class_list":{"0":"post-232326","1":"product","2":"type-product","3":"status-publish","4":"has-post-thumbnail","6":"product_brand-samsung","7":"product_cat-dispositivos","8":"product_cat-smartphones","9":"product_cat-telefonia","10":"product_tag-dispositivos","11":"product_tag-movil-samsung-galaxy-z-flip6-5g","12":"product_tag-samsung","13":"product_tag-smartphones","14":"product_tag-telefonia","15":"product_shipping_class-2059","16":"pa_canon-digital-incluida-2060","18":"first","19":"instock","20":"taxable","21":"shipping-taxable","22":"purchasable","23":"product-type-simple"},"_links":{"self":[{"href":"https:\/\/linkxa.es\/linkshop\/wp-json\/wp\/v2\/product\/232326","targetHints":{"allow":["GET"]}}],"collection":[{"href":"https:\/\/linkxa.es\/linkshop\/wp-json\/wp\/v2\/product"}],"about":[{"href":"https:\/\/linkxa.es\/linkshop\/wp-json\/wp\/v2\/types\/product"}],"replies":[{"embeddable":true,"href":"https:\/\/linkxa.es\/linkshop\/wp-json\/wp\/v2\/comments?post=232326"}],"wp:featuredmedia":[{"embeddable":true,"href":"https:\/\/linkxa.es\/linkshop\/wp-json\/wp\/v2\/media\/230221"}],"wp:attachment":[{"href":"https:\/\/linkxa.es\/linkshop\/wp-json\/wp\/v2\/media?parent=232326"}],"wp:term":[{"taxonomy":"product_brand","embeddable":true,"href":"https:\/\/linkxa.es\/linkshop\/wp-json\/wp\/v2\/product_brand?post=232326"},{"taxonomy":"product_cat","embeddable":true,"href":"https:\/\/linkxa.es\/linkshop\/wp-json\/wp\/v2\/product_cat?post=232326"},{"taxonomy":"product_tag","embeddable":true,"href":"https:\/\/linkxa.es\/linkshop\/wp-json\/wp\/v2\/product_tag?post=232326"}],"curies":[{"name":"wp","href":"https:\/\/api.w.org\/{rel}","templated":true}]}}