{"id":232542,"date":"2024-12-23T17:05:59","date_gmt":"2024-12-23T17:05:59","guid":{"rendered":"https:\/\/linkxa.es\/contratacion\/producto\/portatil-acer-chromebook-plus-515-i5-120u\/"},"modified":"2025-08-01T23:14:46","modified_gmt":"2025-08-01T23:14:46","slug":"portatil-acer-chromebook-plus-515-i5-120u","status":"publish","type":"product","link":"https:\/\/linkxa.es\/linkshop\/producto\/portatil-acer-chromebook-plus-515-i5-120u\/","title":{"rendered":"Portatil acer chromebook plus 515 i5 &#8211; 120u"},"content":{"rendered":"<p>Especificaciones<\/p>\n<p>Sistema Operativo ChromeOS<br \/>Procesador<br \/>Fabricante de Procesador Intel<br \/>Modelo de procesador 120U<br \/>Tipo de Procesador Core 5<br \/>Velocidad de Procesador 1,40 GHz<br \/>N\u00facleo de procesador Deca-core (10 Core)<br \/>Pantalla y gr\u00e1ficos<br \/>Fabricante de Controlador Gr\u00e1fico Intel<br \/>Accesibilidad de Memoria Gr\u00e1fica Compartida<br \/>Tama\u00f1o de Pantalla 39,6 cm (15,6&#8243;)<br \/>Tipo de Pantalla LCD<br \/>Tecnolog\u00eda de Pantalla<br \/>ComfyView (Mate)<br \/>Tecnolog\u00eda IPS de Variaci\u00f3n en el Plano<br \/>Pantalla T\u00e1ctil No<br \/>Resoluci\u00f3n de la Pantalla 1920 x 1080<br \/>\u00cdndice de refresco est\u00e1ndar 60 Hz<br \/>Memoria<br \/>Memoria total del sistema instalado 16 GB<br \/>Tecnolog\u00eda de memoria del sistema LPDDR5X<br \/>Almacenamiento<br \/>Capacidad Total de la Unidad de Estado S\u00f3lido (SSD) 512 GB<br \/>Interfaz de Unidad de Estado S\u00f3lido<br \/>PCI Express NVMe 4.0<br \/>Factor de forma SSD M.2<br \/>Redes y Comunicaciones<br \/>Est\u00e1ndar Wi-Fi IEEE 802.11ax<br \/>Dispositivos Incorporados<br \/>Resoluci\u00f3n de v\u00eddeo de c\u00e1mara\/webcam frontal 1920 x 1080<br \/>Micr\u00f3fono S\u00ed<br \/>Lector de huellas digitales S\u00ed<br \/>N\u00famero de Altavoces 2<br \/>Interfaces\/Puertos<br \/>HDMI S\u00ed<br \/>N\u00famero de salidas HDMI 1<br \/>N\u00famero de puertos USB 3.2 Gen 1 Tipo-A 1<br \/>N\u00famero de puertos USB 3.2 Gen 1 Tipo-C 2<br \/>N\u00famero total de puertos USB 3<br \/>Red (RJ-45) No<br \/>Dispositivos de Entrada<br \/>Tipo de Dispositivo Puntero Almohadilla t\u00e1ctil (TouchPad)<br \/>Teclado S\u00ed<br \/>Teclado retroiluminado S\u00ed<br \/>Caracter\u00edsticas Almohadilla T\u00e1ctil<br \/>Panel t\u00e1ctil OceanGlass<br \/>Caracter\u00edsticas de Teclado<br \/>Retroiluminaci\u00f3n blanca<br \/>Informaci\u00f3n de Bater\u00edas<br \/>Composici\u00f3n de Bater\u00eda Ion Litio (Li-Ion)<br \/>Tiempo m\u00e1ximo de funcionamiento de la bater\u00eda 10 Horas<br \/>Descripci\u00f3n de la Alimentaci\u00f3n<br \/>Potencia m\u00e1xima de alimentaci\u00f3n 65 W<br \/>Caracter\u00edsticas F\u00edsicas<br \/>Altura 19,95 mm<br \/>Anchura 360,6 mm<br \/>Profundidad 238,4 mm<br \/>Peso (Aproximado) 1,68 kg<br \/>Color del producto Hierro<br \/>Contenido de la Caja<br \/>Chromebook Plus 515 CBE595-2-TCO-573X<br \/>Bater\u00eda Litio Ion (Li-Ion)<br \/>Adaptador de alimentaci\u00f3n<br \/>Cable de alimentaci\u00f3n<\/p>\n","protected":false},"excerpt":{"rendered":"<p>Portatil acer chromebook plus 515 i5 &#8211; 120u 16gb ssd 512gb 15.6 pulgadas<\/p>\n","protected":false},"featured_media":232543,"comment_status":"closed","ping_status":"open","template":"","meta":{"_et_pb_use_builder":"","_et_pb_old_content":"","_et_gb_content_width":""},"product_brand":[2518],"product_cat":[2058,2520,2519],"product_tag":[2521,2068,2524,2571,2523],"class_list":{"0":"post-232542","1":"product","2":"type-product","3":"status-publish","4":"has-post-thumbnail","6":"product_brand-acer","7":"product_cat-dispositivos","8":"product_cat-pc-portatiles","9":"product_cat-portatiles","10":"product_tag-acer","11":"product_tag-dispositivos","12":"product_tag-pc-portatiles","13":"product_tag-portatil-acer-chromebook-plus-515-i5-120u","14":"product_tag-portatiles","15":"product_shipping_class-2059","16":"pa_canon-digital-incluida-2517","18":"first","19":"instock","20":"taxable","21":"shipping-taxable","22":"purchasable","23":"product-type-simple"},"_links":{"self":[{"href":"https:\/\/linkxa.es\/linkshop\/wp-json\/wp\/v2\/product\/232542","targetHints":{"allow":["GET"]}}],"collection":[{"href":"https:\/\/linkxa.es\/linkshop\/wp-json\/wp\/v2\/product"}],"about":[{"href":"https:\/\/linkxa.es\/linkshop\/wp-json\/wp\/v2\/types\/product"}],"replies":[{"embeddable":true,"href":"https:\/\/linkxa.es\/linkshop\/wp-json\/wp\/v2\/comments?post=232542"}],"wp:featuredmedia":[{"embeddable":true,"href":"https:\/\/linkxa.es\/linkshop\/wp-json\/wp\/v2\/media\/232543"}],"wp:attachment":[{"href":"https:\/\/linkxa.es\/linkshop\/wp-json\/wp\/v2\/media?parent=232542"}],"wp:term":[{"taxonomy":"product_brand","embeddable":true,"href":"https:\/\/linkxa.es\/linkshop\/wp-json\/wp\/v2\/product_brand?post=232542"},{"taxonomy":"product_cat","embeddable":true,"href":"https:\/\/linkxa.es\/linkshop\/wp-json\/wp\/v2\/product_cat?post=232542"},{"taxonomy":"product_tag","embeddable":true,"href":"https:\/\/linkxa.es\/linkshop\/wp-json\/wp\/v2\/product_tag?post=232542"}],"curies":[{"name":"wp","href":"https:\/\/api.w.org\/{rel}","templated":true}]}}