{"id":232557,"date":"2025-02-25T03:29:52","date_gmt":"2025-02-25T03:29:52","guid":{"rendered":"https:\/\/linkxa.es\/contratacion\/producto\/portatil-reacondicionado-hp-elitebook-850-g3\/"},"modified":"2025-08-01T23:15:56","modified_gmt":"2025-08-01T23:15:56","slug":"portatil-reacondicionado-hp-elitebook-850-g3","status":"publish","type":"product","link":"https:\/\/linkxa.es\/linkshop\/producto\/portatil-reacondicionado-hp-elitebook-850-g3\/","title":{"rendered":"Portatil reacondicionado hp elitebook 850 g3"},"content":{"rendered":"<p>Port\u00e1til Reacondicionado HP Elitebook 850 G3 15.6&#8243; \/ i7-7th \/ 8Gb \/ 256Gb SSD \/ Win 10 Pro \/ Teclado espa\u00f1ol<br \/>Marca: HP<\/p>\n<p>Modelo: Elitebook 850 G3<\/p>\n<p>Pantalla: 15.6&#8243;<\/p>\n<p>Procesador: i7-7th<\/p>\n<p>Memoria Ram: 8Gb<\/p>\n<p>Almacenamiento: 256Gb SSD<\/p>\n<p>Unidad \u00f3ptica (DVD):<\/p>\n<p>Wifi:<\/p>\n<p>Bluetooth:<\/p>\n<p>Webcam:<\/p>\n<p>Teclado: En espa\u00f1ol<\/p>\n<p>Conexiones internas:<\/p>\n<p>Conexiones externas:<\/p>\n<p>Equipos revisados y sometidos a rigurosos test de estr\u00e9s para garantizar siempre la m\u00e1xima calidad posible. En la modalidad \u00absin revisar\u00bb, tan s\u00f3lo ser\u00e1 comprobado que el equipo detecte todos los componentes y encienda<br \/>sin problema.<\/p>\n<p>IMPORTANTE: GARANT\u00cdA LIMITADA EN BATER\u00cdA (3 MESES). No se considerar\u00e1 como defecto de bater\u00eda, si la duraci\u00f3n en un uso normal (ofim\u00e1tica, con brillo medio de pantalla y conexi\u00f3n a internet) es superior a 20-30<br \/>minutos.<\/p>\n<p>IMPORTANTE: GARANT\u00cdA LIMITADA EN CARGADOR (6 MESES)<\/p>\n","protected":false},"excerpt":{"rendered":"<p>Portatil reacondicionado hp elitebook 850 g3 15.6 pulgadas &#8211; i7 &#8211; 6th &#8211; 8gb &#8211; 256gb ssd &#8211; win 10 pro &#8211; teclado espa\u00f1ol<\/p>\n","protected":false},"featured_media":232558,"comment_status":"closed","ping_status":"open","template":"","meta":{"_et_pb_use_builder":"","_et_pb_old_content":"","_et_gb_content_width":""},"product_brand":[2536],"product_cat":[2058,2520,2519],"product_tag":[2068,2537,2524,2573,2523],"class_list":{"0":"post-232557","1":"product","2":"type-product","3":"status-publish","4":"has-post-thumbnail","6":"product_brand-hp","7":"product_cat-dispositivos","8":"product_cat-pc-portatiles","9":"product_cat-portatiles","10":"product_tag-dispositivos","11":"product_tag-hp","12":"product_tag-pc-portatiles","13":"product_tag-portatil-reacondicionado-hp-elitebook-850-g3","14":"product_tag-portatiles","15":"product_shipping_class-2059","16":"pa_canon-digital-incluida-2517","18":"first","19":"instock","20":"taxable","21":"shipping-taxable","22":"purchasable","23":"product-type-simple"},"_links":{"self":[{"href":"https:\/\/linkxa.es\/linkshop\/wp-json\/wp\/v2\/product\/232557","targetHints":{"allow":["GET"]}}],"collection":[{"href":"https:\/\/linkxa.es\/linkshop\/wp-json\/wp\/v2\/product"}],"about":[{"href":"https:\/\/linkxa.es\/linkshop\/wp-json\/wp\/v2\/types\/product"}],"replies":[{"embeddable":true,"href":"https:\/\/linkxa.es\/linkshop\/wp-json\/wp\/v2\/comments?post=232557"}],"wp:featuredmedia":[{"embeddable":true,"href":"https:\/\/linkxa.es\/linkshop\/wp-json\/wp\/v2\/media\/232558"}],"wp:attachment":[{"href":"https:\/\/linkxa.es\/linkshop\/wp-json\/wp\/v2\/media?parent=232557"}],"wp:term":[{"taxonomy":"product_brand","embeddable":true,"href":"https:\/\/linkxa.es\/linkshop\/wp-json\/wp\/v2\/product_brand?post=232557"},{"taxonomy":"product_cat","embeddable":true,"href":"https:\/\/linkxa.es\/linkshop\/wp-json\/wp\/v2\/product_cat?post=232557"},{"taxonomy":"product_tag","embeddable":true,"href":"https:\/\/linkxa.es\/linkshop\/wp-json\/wp\/v2\/product_tag?post=232557"}],"curies":[{"name":"wp","href":"https:\/\/api.w.org\/{rel}","templated":true}]}}