{"id":232571,"date":"2025-05-21T16:01:31","date_gmt":"2025-05-21T16:01:31","guid":{"rendered":"https:\/\/linkxa.es\/contratacion\/producto\/portatil-hp-15-fc0111ns-15-6-pulgadas-ryzen-7-7730u-8gb-2\/"},"modified":"2025-08-01T23:48:11","modified_gmt":"2025-08-01T23:48:11","slug":"portatil-hp-15-fc0111ns-15-6-pulgadas-ryzen-7-7730u-8gb-ssd-512gb-freedos-plata-natural","status":"publish","type":"product","link":"https:\/\/linkxa.es\/linkshop\/producto\/portatil-hp-15-fc0111ns-15-6-pulgadas-ryzen-7-7730u-8gb-ssd-512gb-freedos-plata-natural\/","title":{"rendered":"Port\u00e1til hp 15 &#8211; fc0111ns\u00a015.6 pulgadas ryzen 7 &#8211; 7730u &#8211;  8gb &#8211;  ssd\u00a0512gb &#8211;  freedos &#8211;  plata natural"},"content":{"rendered":"<p><strong>Hp\u00a0 Portatiles<\/strong><\/p>\n<p>Port\u00e1til HP de 15,6&#8243;: Potencia, rendimiento y dise\u00f1o para tu productividad diaria<br \/>El port\u00e1til HP de 15,6 pulgadas combina de manera perfecta potencia y rendimiento, brind\u00e1ndote un dispositivo ideal para trabajar, conectar y gestionar tus tareas diarias con facilidad. Con un procesador AMD Ryzen 7 y una memoria de 8 GB, este port\u00e1til te ofrece la potencia que necesitas para realizar m\u00faltiples tareas a la vez sin interrupciones.<br \/>Este dispositivo no solo destaca por su capacidad, sino tambi\u00e9n por su dise\u00f1o ecol\u00f3gico. Fabricado con materiales reciclados, el port\u00e1til HP 15-fc0111ns es una opci\u00f3n responsable para quienes buscan un rendimiento excepcional y, al mismo tiempo, desean contribuir a la protecci\u00f3n del medio ambiente. Adem\u00e1s, su pantalla Full HD de 15,6&#8243; con microbordes en tres lados y una proporci\u00f3n pantalla-cuerpo del 85%, te ofrece una experiencia visual envolvente para disfrutar de contenido y trabajar con mayor comodidad.<br \/>Caracter\u00edsticas principales:<\/p>\n<p>Pantalla Full HD de 15,6? con resoluci\u00f3n de 1920 x 1080 p\u00edxeles para im\u00e1genes n\u00edtidas y claras.<br \/>Procesador AMD Ryzen 7 7730U con una frecuencia de hasta 2 GHz para un rendimiento \u00e1gil.<br \/>8 GB de memoria DDR4-SDRAM para una experiencia multitarea fluida.<br \/>512 GB de almacenamiento SSD que garantiza un arranque r\u00e1pido y amplio espacio.<br \/>Gr\u00e1ficos AMD Radeon para una experiencia visual de alta calidad.<br \/>Dise\u00f1o ecol\u00f3gico, fabricado con materiales reciclados para cuidar el medio ambiente.<\/p>\n<p>Color plata, elegante y profesional.<\/p>\n<p>Especificaciones t\u00e9cnicas:<\/p>\n<p>Sistema operativo: FreeDOS, permiti\u00e9ndote personalizar tu equipo seg\u00fan tus necesidades.<\/p>\n<p>Este port\u00e1til HP te proporciona todo lo necesario para ser productivo, eficiente y consciente con el planeta, todo en un elegante y resistente dise\u00f1o.<\/p>\n","protected":false},"excerpt":{"rendered":"<p>Port\u00e1til hp 15 &#8211; fc0111ns\u00a015.6 pulgadas ryzen 7 &#8211; 7730u 8gb<\/p>\n","protected":false},"featured_media":232422,"comment_status":"closed","ping_status":"open","template":"","meta":{"_et_pb_use_builder":"","_et_pb_old_content":"","_et_gb_content_width":""},"product_brand":[2536],"product_cat":[2058,2520,2519],"product_tag":[2068,2537,2524,2545,2523],"class_list":{"0":"post-232571","1":"product","2":"type-product","3":"status-publish","4":"has-post-thumbnail","6":"product_brand-hp","7":"product_cat-dispositivos","8":"product_cat-pc-portatiles","9":"product_cat-portatiles","10":"product_tag-dispositivos","11":"product_tag-hp","12":"product_tag-pc-portatiles","13":"product_tag-portatil-hp-15-fc0111ns-15-6-pulgadas-ryzen-7-7730u-8gb","14":"product_tag-portatiles","15":"product_shipping_class-2088","16":"pa_canon-digital-incluida-533-e-incluidos","18":"first","19":"instock","20":"taxable","21":"shipping-taxable","22":"purchasable","23":"product-type-simple"},"_links":{"self":[{"href":"https:\/\/linkxa.es\/linkshop\/wp-json\/wp\/v2\/product\/232571","targetHints":{"allow":["GET"]}}],"collection":[{"href":"https:\/\/linkxa.es\/linkshop\/wp-json\/wp\/v2\/product"}],"about":[{"href":"https:\/\/linkxa.es\/linkshop\/wp-json\/wp\/v2\/types\/product"}],"replies":[{"embeddable":true,"href":"https:\/\/linkxa.es\/linkshop\/wp-json\/wp\/v2\/comments?post=232571"}],"wp:featuredmedia":[{"embeddable":true,"href":"https:\/\/linkxa.es\/linkshop\/wp-json\/wp\/v2\/media\/232422"}],"wp:attachment":[{"href":"https:\/\/linkxa.es\/linkshop\/wp-json\/wp\/v2\/media?parent=232571"}],"wp:term":[{"taxonomy":"product_brand","embeddable":true,"href":"https:\/\/linkxa.es\/linkshop\/wp-json\/wp\/v2\/product_brand?post=232571"},{"taxonomy":"product_cat","embeddable":true,"href":"https:\/\/linkxa.es\/linkshop\/wp-json\/wp\/v2\/product_cat?post=232571"},{"taxonomy":"product_tag","embeddable":true,"href":"https:\/\/linkxa.es\/linkshop\/wp-json\/wp\/v2\/product_tag?post=232571"}],"curies":[{"name":"wp","href":"https:\/\/api.w.org\/{rel}","templated":true}]}}