{"id":232578,"date":"2025-07-13T10:43:55","date_gmt":"2025-07-13T10:43:55","guid":{"rendered":"https:\/\/linkxa.es\/contratacion\/producto\/portatil-reacondicionado-lenovo-thinkpad-t480s-14-pulgadas-2\/"},"modified":"2025-08-01T23:49:25","modified_gmt":"2025-08-01T23:49:25","slug":"portatil-reacondicionado-lenovo-thinkpad-t480s-14-pulgadas-i5-8th-8gb-256gb-ssd-windows-10-pro-teclado-espanol","status":"publish","type":"product","link":"https:\/\/linkxa.es\/linkshop\/producto\/portatil-reacondicionado-lenovo-thinkpad-t480s-14-pulgadas-i5-8th-8gb-256gb-ssd-windows-10-pro-teclado-espanol\/","title":{"rendered":"Portatil reacondicionado lenovo thinkpad t480s 14 pulgadas &#8211; i5 &#8211; 8th &#8211; 8gb &#8211; 256gb ssd &#8211; windows 10 pro &#8211; teclado espa\u00f1ol"},"content":{"rendered":"<p><strong>Lenovo\u00a0 Portatiles<\/strong><\/p>\n<p>IMPORTANTE: algunas unidades pueden presentar marcas o signos de uso t\u00edpicas de un producto REACONDICIONADO. Estos signos no interfieren en el uso, funcionamiento o garant\u00eda del producto seg\u00fan condiciones<br \/>descritas a continuaci\u00f3n.<br \/>IMPORTANTE: Teclado con idioma extranjero. Incluimos kit de pegatinas de conversi\u00f3n a espa\u00f1ol.<\/p>\n<p>Port\u00e1til Reacondicionado Lenovo Thinkpad T480S 14&#8243; \/ i5-8th \/ 8Gb \/ 256Gb SSD \/ Windows 10 Pro \/ Teclado espa\u00f1ol<br \/>Marca: Lenovo<br \/>Modelo: T480S<br \/>Pantalla: 14 pulgadas<br \/>Procesador: i5-8th<br \/>Memoria Ram: 8 GB<br \/>Almacenamiento: 256 GB SSD<br \/>Teclado: Teclado espa\u00f1ol<br \/>Sistema operativo: Windows 10 Pro<\/p>\n<p>Equipos revisados y sometidos a rigurosos test de estr\u00e9s para garantizar siempre la m\u00e1xima calidad posible.<br \/>IMPORTANTE: GARANT\u00cdA LIMITADA EN BATER\u00cdA (3 MESES). No se considerar\u00e1 como defecto de bater\u00eda, si la duraci\u00f3n en un uso normal (ofim\u00e1tica, con brillo medio de pantalla y conexi\u00f3n a internet) es superior a 20-30<br \/>minutos.<br \/>IMPORTANTE: GARANT\u00cdA LIMITADA EN CARGADOR (6 MESES)<\/p>\n","protected":false},"excerpt":{"rendered":"<p>Portatil reacondicionado lenovo thinkpad t480s 14 pulgadas<\/p>\n","protected":false},"featured_media":232478,"comment_status":"closed","ping_status":"open","template":"","meta":{"_et_pb_use_builder":"","_et_pb_old_content":"","_et_gb_content_width":""},"product_brand":[2554],"product_cat":[2058,2520,2519],"product_tag":[2068,2555,2524,2556,2523],"class_list":{"0":"post-232578","1":"product","2":"type-product","3":"status-publish","4":"has-post-thumbnail","6":"product_brand-lenovo","7":"product_cat-dispositivos","8":"product_cat-pc-portatiles","9":"product_cat-portatiles","10":"product_tag-dispositivos","11":"product_tag-lenovo","12":"product_tag-pc-portatiles","13":"product_tag-portatil-reacondicionado-lenovo-thinkpad-t480s-14-pulgadas","14":"product_tag-portatiles","15":"product_shipping_class-2059","16":"pa_canon-digital-incluida-533-e-incluidos","18":"first","19":"instock","20":"taxable","21":"shipping-taxable","22":"purchasable","23":"product-type-simple"},"_links":{"self":[{"href":"https:\/\/linkxa.es\/linkshop\/wp-json\/wp\/v2\/product\/232578","targetHints":{"allow":["GET"]}}],"collection":[{"href":"https:\/\/linkxa.es\/linkshop\/wp-json\/wp\/v2\/product"}],"about":[{"href":"https:\/\/linkxa.es\/linkshop\/wp-json\/wp\/v2\/types\/product"}],"replies":[{"embeddable":true,"href":"https:\/\/linkxa.es\/linkshop\/wp-json\/wp\/v2\/comments?post=232578"}],"wp:featuredmedia":[{"embeddable":true,"href":"https:\/\/linkxa.es\/linkshop\/wp-json\/wp\/v2\/media\/232478"}],"wp:attachment":[{"href":"https:\/\/linkxa.es\/linkshop\/wp-json\/wp\/v2\/media?parent=232578"}],"wp:term":[{"taxonomy":"product_brand","embeddable":true,"href":"https:\/\/linkxa.es\/linkshop\/wp-json\/wp\/v2\/product_brand?post=232578"},{"taxonomy":"product_cat","embeddable":true,"href":"https:\/\/linkxa.es\/linkshop\/wp-json\/wp\/v2\/product_cat?post=232578"},{"taxonomy":"product_tag","embeddable":true,"href":"https:\/\/linkxa.es\/linkshop\/wp-json\/wp\/v2\/product_tag?post=232578"}],"curies":[{"name":"wp","href":"https:\/\/api.w.org\/{rel}","templated":true}]}}