{"id":232672,"date":"2025-07-17T16:13:48","date_gmt":"2025-07-17T16:13:48","guid":{"rendered":"https:\/\/linkxa.es\/contratacion\/producto\/portatil-dell-ty3dj-r7-7730u-16gb-ssd-512gb-15-6-pulgadas\/"},"modified":"2025-08-02T00:20:22","modified_gmt":"2025-08-02T00:20:22","slug":"portatil-dell-ty3dj-r7-7730u-16gb-ssd-512gb-15-6-pulgadas","status":"publish","type":"product","link":"https:\/\/linkxa.es\/linkshop\/producto\/portatil-dell-ty3dj-r7-7730u-16gb-ssd-512gb-15-6-pulgadas\/","title":{"rendered":"Portatil dell ty3dj r7 &#8211; 7730u 16gb ssd 512gb 15.6 pulgadas"},"content":{"rendered":"<p><strong>Dell\u00a0 Portatiles<\/strong><\/p>\n<p>Ficha T\u00e9cnica<br \/>General<br \/>Tipo de producto\u00a0<br \/>Ordenador port\u00e1til<br \/>Sistemas operativos\u00a0<br \/>Windows 11 Home &#8211; ingl\u00e9s\/franc\u00e9s\/espa\u00f1ol\/portugu\u00e9s\/italiano<br \/>Memoria<br \/>Cantidad de ranuras\u00a0<br \/>2<br \/>Ranuras vac\u00edas\u00a0<br \/>0<br \/>RAM m\u00e1xima soportada\u00a0<br \/>16 GB<br \/>Velocidad\u00a0<br \/>1600 MHz<br \/>Velocidad nominal\u00a0<br \/>1600 MHz<br \/>Tecnolog\u00eda\u00a0<br \/>DDR4 SDRAM<br \/>RAM\u00a0<br \/>16 GB (2 x 8 GB)<br \/>Factor de forma\u00a0<br \/>SO-DIMM de 260 contactos<br \/>Garant\u00eda del fabricante<br \/>Servicios integrados\u00a0<br \/>1 a\u00f1o de Basic Onsite<br \/>Diverso<br \/>Accesorios incluidos\u00a0<br \/>Adaptador de corriente<br \/>Material de carcasa\u00a0<br \/>Pl\u00e1stico<br \/>Color\u00a0<br \/>Negro carb\u00f3n<br \/>Tipo de precios\u00a0<br \/>Build To Stock (BTS)<br \/>Programa de venta del fabricante\u00a0<br \/>Dell Smart Selection<br \/>Almacenamiento<br \/>Almacenamiento principal\u00a0<br \/>512 GB SSD M.2 PCIe &#8211; NVM Express (NVMe)<br \/>Par\u00e1metros de entorno<br \/>Temperatura m\u00ednima de funcionamiento\u00a0<br \/>0 C<br \/>Temperatura m\u00e1xima de funcionamiento\u00a0<br \/>35 C<br \/>\u00c1mbito de humedad de funcionamiento\u00a0<br \/>10 al 90 % (sin condensaci\u00f3n)<br \/>Tolerancia a las vibraciones (no operativo)\u00a0<br \/>1.3 g @ RMS (random)<br \/>Tolerancia a golpes (operativo)\u00a0<br \/>110 g @ pulso de medio seno de 2 ms<br \/>Tolerancia a golpes (no operativo)\u00a0<br \/>160 g @ pulso de medio seno de 2 ms<br \/>Tolerancia a las vibraciones (operativo)\u00a0<br \/>0.66 g @ RMS (random)<br \/>Software<br \/>Software incluido\u00a0<br \/>Active su Microsoft 365 para una prueba de 30 d\u00edas, McAfee+ Premium (1 a\u00f1o)<br \/>Display<br \/>\u00c1ngulo de visi\u00f3n horizontal\u00a0<br \/>+80 \/ -80<br \/>\u00c1ngulo de visi\u00f3n vertical\u00a0<br \/>+80 \/ -80<br \/>Pantalla panor\u00e1mica\u00a0<br \/>S\u00ed<br \/>Velocidad de sincronizaci\u00f3n vertical a la resoluci\u00f3n m\u00e1xima\u00a0<br \/>120 Hz<br \/>Densidad de p\u00edxeles (ppi)\u00a0<br \/>141<br \/>Tipo\u00a0<br \/>15.6&#8243; &#8211; IPS<br \/>Brillo de imagen\u00a0<br \/>250 cd\/m<br \/>Resoluci\u00f3n\u00a0<br \/>1920 x 1080 (Full HD)<br \/>Gama de colores\u00a0<br \/>45% NTSC<br \/>Caracter\u00edsticas\u00a0<br \/>Anti-reflejo, Gran \u00e1ngulo de visualizaci\u00f3n, Pantalla con borde estrecho, velocidad de respuesta de 35 ms, distancia entre p\u00edxeles de 0.17925 mm<br \/>Bater\u00eda<br \/>Peso\u00a0<br \/>176 g<br \/>Tecnolog\u00eda\u00a0<br \/>3 celdas litio-pol\u00edmero<br \/>Capacidad\u00a0<br \/>41 Wh<br \/>Comunicaciones<br \/>Inal\u00e1mbrico\u00a0<br \/>Bluetooth, 802.11a\/b\/g\/n\/ac<br \/>Controlador inal\u00e1mbrico\u00a0<br \/>Realtek RTL8821CE<br \/>Caracter\u00edsticas\u00a0<br \/>Transmisi\u00f3n \u00fanica (1&#215;1), MU-MIMO<br \/>Dimensiones y peso<br \/>Peso\u00a0<br \/>1.66 kg<br \/>Dimensiones (Ancho x Profundidad x Altura)\u00a0<br \/>35.85 cm x 23.56 cm x 1.899 cm<br \/>Procesador \/ Chipset<br \/>N\u00famero de n\u00facleos\u00a0<br \/>8 n\u00facleos<br \/>Cach\u00e9\u00a0<br \/>L3 &#8211; 16 MB<br \/>Velocidad turbo m\u00e1x.\u00a0<br \/>4.5 GHz<br \/>CPU\u00a0<br \/>AMD Ryzen 7 7730U \/ 2 GHz<br \/>Audio &#038; V\u00eddeo<br \/>Frecuencia de fotogramas\u00a0<br \/>30 fotogramas por segundo<br \/>Tipo de sensor de imagen\u00a0<br \/>CMOS<br \/>Resoluciones de v\u00eddeo\u00a0<br \/>1280 x 720<br \/>Resoluci\u00f3n\u00a0<br \/>0,92 megap\u00edxeles<br \/>Cumplimiento de normas\u00a0<br \/>Audio de alta definici\u00f3n<br \/>C\u00e1mara\u00a0<br \/>S\u00ed &#8211; HD<br \/>Sonido\u00a0<br \/>Altavoces estereof\u00f3nicos, micr\u00f3fono<br \/>C\u00f3dec\u00a0<br \/>Realtek ALC3204<br \/>Propiedades de c\u00e1mara\u00a0<br \/>78,6 grados, c\u00e1mara RGB<br \/>Procesador gr\u00e1fico\u00a0<br \/>AMD Radeon Graphics<br \/>Entrada<br \/>Tipo\u00a0<br \/>Teclado, touchpad<br \/>Teclado num\u00e9rico\u00a0<br \/>S\u00ed<br \/>Conexiones &#038; Expansi\u00f3n<br \/>Detalles de las interfaces\u00a0<br \/>HDMI<br \/>USB 3.2 Gen 1<br \/>USB 2.0<br \/>USB-C 3.2 Gen 1<br \/>Toma combinada de auriculares\/micr\u00f3fono<br \/>Lector de tarjetas de memoria\u00a0<br \/>S\u00ed (Tarjeta SD, Tarjeta SDHC, Tarjeta SDXC, tarjeta SD 3,0)<br \/>Transformador de CA<br \/>Salida\u00a0<br \/>65 vatios, 19.5 V, 3.34 A<br \/>Entrada\u00a0<br \/>CA 100-240 V (50\/60 Hz)<br \/>Informaci\u00f3n de sostenibilidad<br \/>Certificaci\u00f3n ENERGY STAR\u00a0<br \/>S\u00ed<\/p>\n","protected":false},"excerpt":{"rendered":"<p>Portatil dell ty3dj r7 &#8211; 7730u 16gb ssd<\/p>\n","protected":false},"featured_media":232673,"comment_status":"closed","ping_status":"open","template":"","meta":{"_et_pb_use_builder":"","_et_pb_old_content":"","_et_gb_content_width":""},"product_brand":[2558],"product_cat":[2058,2520,2519],"product_tag":[2559,2068,2524,2589,2523],"class_list":{"0":"post-232672","1":"product","2":"type-product","3":"status-publish","4":"has-post-thumbnail","6":"product_brand-dell","7":"product_cat-dispositivos","8":"product_cat-pc-portatiles","9":"product_cat-portatiles","10":"product_tag-dell","11":"product_tag-dispositivos","12":"product_tag-pc-portatiles","13":"product_tag-portatil-dell-ty3dj-r7-7730u-16gb-ssd","14":"product_tag-portatiles","15":"product_shipping_class-2059","16":"pa_canon-digital-incluida-533-e-incluidos","18":"first","19":"instock","20":"taxable","21":"shipping-taxable","22":"purchasable","23":"product-type-simple"},"_links":{"self":[{"href":"https:\/\/linkxa.es\/linkshop\/wp-json\/wp\/v2\/product\/232672","targetHints":{"allow":["GET"]}}],"collection":[{"href":"https:\/\/linkxa.es\/linkshop\/wp-json\/wp\/v2\/product"}],"about":[{"href":"https:\/\/linkxa.es\/linkshop\/wp-json\/wp\/v2\/types\/product"}],"replies":[{"embeddable":true,"href":"https:\/\/linkxa.es\/linkshop\/wp-json\/wp\/v2\/comments?post=232672"}],"wp:featuredmedia":[{"embeddable":true,"href":"https:\/\/linkxa.es\/linkshop\/wp-json\/wp\/v2\/media\/232673"}],"wp:attachment":[{"href":"https:\/\/linkxa.es\/linkshop\/wp-json\/wp\/v2\/media?parent=232672"}],"wp:term":[{"taxonomy":"product_brand","embeddable":true,"href":"https:\/\/linkxa.es\/linkshop\/wp-json\/wp\/v2\/product_brand?post=232672"},{"taxonomy":"product_cat","embeddable":true,"href":"https:\/\/linkxa.es\/linkshop\/wp-json\/wp\/v2\/product_cat?post=232672"},{"taxonomy":"product_tag","embeddable":true,"href":"https:\/\/linkxa.es\/linkshop\/wp-json\/wp\/v2\/product_tag?post=232672"}],"curies":[{"name":"wp","href":"https:\/\/api.w.org\/{rel}","templated":true}]}}