{"id":232713,"date":"2024-12-31T16:19:00","date_gmt":"2024-12-31T16:19:00","guid":{"rendered":"https:\/\/linkxa.es\/contratacion\/producto\/tablet-samsung-galaxy-tab-a9-5g\/"},"modified":"2025-08-02T00:33:59","modified_gmt":"2025-08-02T00:33:59","slug":"tablet-samsung-galaxy-tab-a9-5g","status":"publish","type":"product","link":"https:\/\/linkxa.es\/linkshop\/producto\/tablet-samsung-galaxy-tab-a9-5g\/","title":{"rendered":"Tablet samsung galaxy tab a9+ 5g"},"content":{"rendered":"<h3 style=\"text-align: center;\"><strong>Samsung\u00a0 |\u00a0 Tablets<\/strong><\/h3>\n<p>\u00a0<\/p>\n<p>Samsung Galaxy Tab A9+ 5G 11&#8243; 8GB 128GB Gray<br \/>Marca Samsung<br \/>Modelo SM-X216BZAEEUB<br \/>Sistema Operativo Android<br \/>Procesador &#8211; Velocidad CPU: 2.2 GHz, 1.8GHz<br \/>&#8211; Tipo CPU: Octa-Core<br \/>Memoria &#8211; RAM: 8 GB<br \/>&#8211; Almacenamiento: 128 GB<br \/>&#8211; Externa: MicroSD (hasta 1TB)<br \/>Pantalla &#8211; Tama\u00f1o: 11&#8243; (315.0mm)<br \/>&#8211; Resoluci\u00f3n: 1920 x 1200 (WUXGA)<br \/>&#8211; Tecnolog\u00eda: TFT<br \/>&#8211; N\u00famero de colores: 16M<br \/>Conectividad &#8211; Versi\u00f3n USB: USB 2.0<br \/>&#8211; Localizaci\u00f3n: GPS, Glonass, Beidou, Galileo, QZSS<br \/>&#8211; Auriculares: 3.5mm Stereo<br \/>&#8211; Wi-Fi: 802.11 a\/b\/g\/n\/ac 2.4G+5GHz, VHT80<br \/>&#8211; Wi-Fi Direct<br \/>&#8211; Versi\u00f3n Bluetooth: Bluetooth v5.1<br \/>&#8211; Perfiles Bluetooth: A2DP, AVRCP, DI, HID, HOGP, OPP, PAN, PBAP<br \/>&#8211; PC Sync.: Smart Switch (PC version)<br \/>Redes<br \/>&#8211; 2G GSM: GSM850, GSM900, DCS1800, PCS1900<br \/>&#8211; 3G UMTS: B1(2100), B2(1900), B4(AWS), B5(850), B8(900)<br \/>&#8211; 4G FDD LTE: B1(2100), B2(1900), B3(1800), B4(AWS), B5(850), B7(2600), B8(900), B12(700), B13(700), B17(700), B20(800), B26(850), B28(700), B66(AWS-3)<br \/>&#8211; 4G TDD LTE: B38(2600), B40(2300), B41(2500)<br \/>&#8211; 5G FDD Sub6: N1(2100), N3(1800), N5(850), N7(2600), N8(900), N20(800), N28(700), N66(AWS-3)<br \/>&#8211; 5G TDD Sub6: N38(2600), N40(2300), N41(2500), N77(3700), N78(3500)<br \/>C\u00e1maras &#8211; C\u00e1mara principal &#8211; Resoluci\u00f3n: 8.0 MP<br \/>&#8211; C\u00e1mara principal &#8211; Autofocus<br \/>&#8211; C\u00e1mara frontal &#8211; Resoluci\u00f3n: 5.0 MP<br \/>&#8211; Resoluci\u00f3n de grabaci\u00f3n de v\u00eddeo: FHD (1920 x 1080)@30fps<br \/>Audio y v\u00eddeo &#8211; Formatos de reproducci\u00f3n de V\u00eddeo: MP4, M4V, 3GP, 3G2, AVI, FLV, MKV, WEBM<br \/>&#8211; Resoluci\u00f3n de reproducci\u00f3n de V\u00eddeo: FHD (1920 x 1080) @60fps<br \/>&#8211; Formatos de reproducci\u00f3n de Audio: MP3, M4A, 3GA, AAC, OGG, OGA, WAV, AMR, AWB, FLAC, MID, MIDI, XMF, MXMF, IMY, RTTTL, RTX, OTA<br \/>Otras caracter\u00edsticas &#8211; Compatible con: Galaxy Buds2 Pro, Galaxy Buds Pro, Galaxy Buds Live, Galaxy Buds+, Galaxy Buds2, Galaxy Buds<br \/>Sensores<br \/>&#8211; Aceler\u00f3metro<br \/>&#8211; Giroscopio<br \/>&#8211; Geomagn\u00e9tico Hall<br \/>&#8211; Luminosidad<br \/>Bater\u00eda<br \/>&#8211; Capacidad de bater\u00eda (mAh, t\u00edpico): 7040<br \/>&#8211; No extra\u00edble<br \/>Dimensiones y peso<br \/>&#8211; 168.7 x 257.1 x 6.9<br \/>&#8211; 491 g<\/p>\n<p>\u00a0<\/p>\n","protected":false},"excerpt":{"rendered":"<p>Tablet samsung galaxy tab a9+ 5g 11 pulgadas 8gb 128gb gris<\/p>\n","protected":false},"featured_media":232714,"comment_status":"closed","ping_status":"open","template":"","meta":{"_et_pb_use_builder":"","_et_pb_old_content":"","_et_gb_content_width":""},"product_brand":[2072],"product_cat":[2058,2519,2529],"product_tag":[2068,2523,2073,2594,2531],"class_list":{"0":"post-232713","1":"product","2":"type-product","3":"status-publish","4":"has-post-thumbnail","6":"product_brand-samsung","7":"product_cat-dispositivos","8":"product_cat-portatiles","9":"product_cat-tablets","10":"product_tag-dispositivos","11":"product_tag-portatiles","12":"product_tag-samsung","13":"product_tag-tablet-samsung-galaxy-tab-a9-5g","14":"product_tag-tablets","15":"product_shipping_class-2059","16":"pa_canon-digital-incluida-375-e-incluidos","18":"first","19":"instock","20":"taxable","21":"shipping-taxable","22":"purchasable","23":"product-type-simple"},"_links":{"self":[{"href":"https:\/\/linkxa.es\/linkshop\/wp-json\/wp\/v2\/product\/232713","targetHints":{"allow":["GET"]}}],"collection":[{"href":"https:\/\/linkxa.es\/linkshop\/wp-json\/wp\/v2\/product"}],"about":[{"href":"https:\/\/linkxa.es\/linkshop\/wp-json\/wp\/v2\/types\/product"}],"replies":[{"embeddable":true,"href":"https:\/\/linkxa.es\/linkshop\/wp-json\/wp\/v2\/comments?post=232713"}],"wp:featuredmedia":[{"embeddable":true,"href":"https:\/\/linkxa.es\/linkshop\/wp-json\/wp\/v2\/media\/232714"}],"wp:attachment":[{"href":"https:\/\/linkxa.es\/linkshop\/wp-json\/wp\/v2\/media?parent=232713"}],"wp:term":[{"taxonomy":"product_brand","embeddable":true,"href":"https:\/\/linkxa.es\/linkshop\/wp-json\/wp\/v2\/product_brand?post=232713"},{"taxonomy":"product_cat","embeddable":true,"href":"https:\/\/linkxa.es\/linkshop\/wp-json\/wp\/v2\/product_cat?post=232713"},{"taxonomy":"product_tag","embeddable":true,"href":"https:\/\/linkxa.es\/linkshop\/wp-json\/wp\/v2\/product_tag?post=232713"}],"curies":[{"name":"wp","href":"https:\/\/api.w.org\/{rel}","templated":true}]}}