{"id":232747,"date":"2025-07-18T23:49:48","date_gmt":"2025-07-18T23:49:48","guid":{"rendered":"https:\/\/linkxa.es\/contratacion\/producto\/tablet-acer-iconia-m10-11-k8tf-10-1-pulgadas-4gb\/"},"modified":"2025-08-02T00:36:02","modified_gmt":"2025-08-02T00:36:02","slug":"tablet-acer-iconia-m10-11-k8tf-10-1-pulgadas-4gb","status":"publish","type":"product","link":"https:\/\/linkxa.es\/linkshop\/producto\/tablet-acer-iconia-m10-11-k8tf-10-1-pulgadas-4gb\/","title":{"rendered":"Tablet acer iconia m10 &#8211; 11 &#8211; k8tf 10.1 pulgadas 4gb"},"content":{"rendered":"<h3 style=\"text-align: center;\"><strong>Acer\u00a0 |\u00a0 Tablets<\/strong><\/h3>\n<p>\u00a0<\/p>\n<p>Acer Iconia M10-11-K8TF. Diagonal de la pantalla: 25,6 cm (10.1&#8243;\u00bb), Resoluci\u00f3n de la pantalla: 1920 x 1200 Pixeles. Capacidad de almacenamiento interno: 128 GB. Frecuencia del procesador: 2 GHz, Familia de procesador: Mediatek, Modelo del procesador: MT8183. Memoria interna: 4 GB. Resoluci\u00f3n de la c\u00e1mara trasera (num\u00e9rica): 8 MP, Tipo de c\u00e1mara trasera: C\u00e1mara \u00fanica, Resoluci\u00f3n de la c\u00e1mara frontal (num\u00e9rica): 5 MP. Est\u00e1ndar Wi-Fi: Wi-Fi 5 (802.11ac). Tarjeta de lectura integrada. Peso: 430 g. Sistema operativo instalado: Android 12. Color del producto: Champ\u00e1n<\/p>\n<p>Exhibici\u00f3n<\/p>\n<p>Diagonal de la pantalla<br \/>25,6 cm (10.1&#8243;\u00bb)<\/p>\n<p>Resoluci\u00f3n de la pantalla<br \/>1920 x 1200 Pixeles<\/p>\n<p>Tipo de pantalla<br \/>IPS<\/p>\n<p>Tipo de pantalla t\u00e1ctil<br \/>Capacitiva<\/p>\n<p>Procesador<\/p>\n<p>Fabricante de procesador<br \/>MediaTek<\/p>\n<p>Familia de procesador<br \/>Mediatek<\/p>\n<p>Modelo del procesador<br \/>MT8183<\/p>\n<p>N\u00famero de n\u00facleos de procesador<br \/>8<\/p>\n<p>Frecuencia del procesador<br \/>2 GHz<\/p>\n<p>Memoria<\/p>\n<p>Memoria interna<br \/>4 GB<\/p>\n<p>Tipo de memoria interna<br \/>DDR4-SDRAM<\/p>\n<p>Medios de almacenaje<\/p>\n<p>Capacidad de almacenamiento interno<br \/>128 GB<\/p>\n<p>Tarjeta de lectura integrada<br \/>Si<\/p>\n<p>Tarjetas de memoria compatibles<br \/>MicroSD (TransFlash)<\/p>\n<p>Tama\u00f1o m\u00e1ximo de tarjeta de memoria<br \/>512 GB<\/p>\n<p>Unidad de almacenamiento<br \/>Flash<\/p>\n<p>C\u00e1mara fotogr\u00e1fica<\/p>\n<p>Tipo de c\u00e1mara trasera<br \/>C\u00e1mara \u00fanica<\/p>\n<p>Resoluci\u00f3n de la c\u00e1mara trasera (num\u00e9rica)<br \/>8 MP<\/p>\n<p>C\u00e1mara frontal<br \/>Si<\/p>\n<p>Resoluci\u00f3n de la c\u00e1mara frontal (num\u00e9rica)<br \/>5 MP<\/p>\n<p>Conexi\u00f3n<\/p>\n<p>Conexi\u00f3n a red m\u00f3vil<br \/>No<\/p>\n<p>Bluetooth<br \/>Si<\/p>\n<p>Versi\u00f3n de Bluetooth<br \/>5.0<\/p>\n<p>Est\u00e1ndar Wi-Fi<br \/>Wi-Fi 5 (802.11ac)<\/p>\n<p>Wi-Fi est\u00e1ndares<br \/>802.11a, 802.11b, 802.11g, Wi-Fi 4 (802.11n), Wi-Fi 5 (802.11ac)<\/p>\n<p>Puertos e Interfaces<\/p>\n<p>N\u00famero de puertos USB 2.0 Tipo C<br \/>1<\/p>\n<p>Combo de salida de auriculares \/ micr\u00f3fono del puerto<br \/>Si<\/p>\n<p>Dise\u00f1o<\/p>\n<p>Factor de forma<br \/>Pizarra<\/p>\n<p>Color del producto<br \/>Champ\u00e1n<\/p>\n<p>Tipo de dispositivo<br \/>Tableta m\u00f3vil<\/p>\n<p>Software<\/p>\n<p>Plataforma<br \/>Android<\/p>\n<p>Sistema operativo instalado<br \/>Android 12<\/p>\n<p>Bater\u00eda<\/p>\n<p>Bater\u00eda incluida<br \/>Si<\/p>\n<p>Tecnolog\u00eda de bater\u00eda<br \/>I\u00f3n de litio<\/p>\n<p>Capacidad de bater\u00eda<br \/>22,8 Wh<\/p>\n<p>N\u00famero de celdas de bater\u00eda<br \/>2<\/p>\n<p>Autonom\u00eda<br \/>9,5 h<\/p>\n<p>Control de energ\u00eda<\/p>\n<p>Potencia de adaptador AC<br \/>10 W<\/p>\n<p>Peso y dimensiones<\/p>\n<p>Ancho<br \/>241,2 mm<\/p>\n<p>Profundidad<br \/>160 mm<\/p>\n<p>Altura<br \/>8,4 mm<\/p>\n<p>Peso<br \/>430 g<\/p>\n<p>Ancho del paquete<br \/>355 mm<\/p>\n<p>Profundidad del paquete<br \/>213 mm<\/p>\n<p>Altura del paquete<br \/>375 mm<\/p>\n<p>Peso del paquete<br \/>1,35 kg<\/p>\n<p>Contenido del embalaje<\/p>\n<p>Adaptador AC incluido<br \/>Si<\/p>\n<p>Incluye funda para tableta<br \/>Si<\/p>\n<p><\/p>\n<p>\u00a0<\/p>\n","protected":false},"excerpt":{"rendered":"<p>Tablet acer iconia m10 &#8211; 11 &#8211; k8tf 10.1 pulgadas 4gb 128gb champan<\/p>\n","protected":false},"featured_media":232748,"comment_status":"closed","ping_status":"open","template":"","meta":{"_et_pb_use_builder":"","_et_pb_old_content":"","_et_gb_content_width":""},"product_brand":[2518],"product_cat":[2058,2519,2529],"product_tag":[2521,2068,2523,2601,2531],"class_list":{"0":"post-232747","1":"product","2":"type-product","3":"status-publish","4":"has-post-thumbnail","6":"product_brand-acer","7":"product_cat-dispositivos","8":"product_cat-portatiles","9":"product_cat-tablets","10":"product_tag-acer","11":"product_tag-dispositivos","12":"product_tag-portatiles","13":"product_tag-tablet-acer-iconia-m10-11-k8tf-10-1-pulgadas-4gb","14":"product_tag-tablets","15":"product_shipping_class-2059","16":"pa_canon-digital-incluida-375-e-incluidos","18":"first","19":"instock","20":"taxable","21":"shipping-taxable","22":"purchasable","23":"product-type-simple"},"_links":{"self":[{"href":"https:\/\/linkxa.es\/linkshop\/wp-json\/wp\/v2\/product\/232747","targetHints":{"allow":["GET"]}}],"collection":[{"href":"https:\/\/linkxa.es\/linkshop\/wp-json\/wp\/v2\/product"}],"about":[{"href":"https:\/\/linkxa.es\/linkshop\/wp-json\/wp\/v2\/types\/product"}],"replies":[{"embeddable":true,"href":"https:\/\/linkxa.es\/linkshop\/wp-json\/wp\/v2\/comments?post=232747"}],"wp:featuredmedia":[{"embeddable":true,"href":"https:\/\/linkxa.es\/linkshop\/wp-json\/wp\/v2\/media\/232748"}],"wp:attachment":[{"href":"https:\/\/linkxa.es\/linkshop\/wp-json\/wp\/v2\/media?parent=232747"}],"wp:term":[{"taxonomy":"product_brand","embeddable":true,"href":"https:\/\/linkxa.es\/linkshop\/wp-json\/wp\/v2\/product_brand?post=232747"},{"taxonomy":"product_cat","embeddable":true,"href":"https:\/\/linkxa.es\/linkshop\/wp-json\/wp\/v2\/product_cat?post=232747"},{"taxonomy":"product_tag","embeddable":true,"href":"https:\/\/linkxa.es\/linkshop\/wp-json\/wp\/v2\/product_tag?post=232747"}],"curies":[{"name":"wp","href":"https:\/\/api.w.org\/{rel}","templated":true}]}}