{"id":232819,"date":"2025-03-21T16:09:05","date_gmt":"2025-03-21T16:09:05","guid":{"rendered":"https:\/\/linkxa.es\/contratacion\/producto\/tablet-lenovo-idea-tab-pro-12-7-pulgadas\/"},"modified":"2025-08-02T00:51:32","modified_gmt":"2025-08-02T00:51:32","slug":"tablet-lenovo-idea-tab-pro-12-7-pulgadas","status":"publish","type":"product","link":"https:\/\/linkxa.es\/linkshop\/producto\/tablet-lenovo-idea-tab-pro-12-7-pulgadas\/","title":{"rendered":"Tablet lenovo idea tab pro 12.7 pulgadas"},"content":{"rendered":"<h3 style=\"text-align: center;\"><strong>Lenovo\u00a0 |\u00a0 Tablets<\/strong><\/h3>\n<p>\u00a0<\/p>\n<p>-PANTALLA<\/p>\n<p>Diagonal de la pantalla: 32,3 cm (12.7&#8243;)<br \/>Resoluci\u00f3n de la pantalla: 2944 x 1840 pixeles<br \/>M\u00e1xima velocidad de actualizaci\u00f3n: 144 Hz<br \/>Tipo de pantalla: LTPS<br \/>Brillo de pantalla: 400 cd\/m\u00b2<br \/>Tipo HD: 3K<br \/>Relaci\u00f3n de aspecto nativa: 16:10<\/p>\n<p>-PROCESADOR<\/p>\n<p>Fabricante de procesador: MediaTek<br \/>Familia de procesador: Mediatek<br \/>Modelo del procesador: Dimensity 8300<br \/>N\u00famero de n\u00facleos de procesador: 8<br \/>Frecuencia del procesador turbo: 3,35 GHz<br \/>Cach\u00e9 del procesador: 4 MB<br \/>Tipo de cache en procesador: L3<br \/>Unidad de procesamiento neuronal (NPU): MediaTek NPU 780<\/p>\n<p>-MEMORIA<\/p>\n<p>Memoria interna: 8 GB<br \/>Tipo de memoria interna: LPDDR5x-SDRAM<\/p>\n<p>-ALMACENAMIENTO<\/p>\n<p>Capacidad de almacenamiento interno: 256 GB<br \/>Tarjeta de lectura integrada: si<br \/>Tarjetas de memoria compatibles: MicroSD (TransFlash)<br \/>Tama\u00f1o m\u00e1ximo de tarjeta de memoria: 1 TB<br \/>Unidad de almacenamiento: UFS<\/p>\n<p>-GR\u00c1FICOS<\/p>\n<p>Graphics chipset: ARM<br \/>Adaptador gr\u00e1fico: Mali-G615 MC5<\/p>\n<p>-AUDIO<\/p>\n<p>N\u00famero de altavoces incorporados: 4<br \/>N\u00famero de micr\u00f3fonos: 2<br \/>Fabricante de altavoces: JBL<br \/>Tecnolog\u00edas Dolby: Dolby Atmos<\/p>\n<p>-C\u00c1MARA<\/p>\n<p>Tipo de c\u00e1mara trasera: c\u00e1mara \u00fanica<br \/>Resoluci\u00f3n de la c\u00e1mara trasera (num\u00e9rica): 13 MP<br \/>N\u00famero de apertura de la c\u00e1mara trasera: 2,2<br \/>C\u00e1mara frontal: si<br \/>Resoluci\u00f3n de la c\u00e1mara frontal (num\u00e9rica): 8 MP<br \/>N\u00famero de apertura de la c\u00e1mara frontal: 2<\/p>\n<p>-CONEXIONES<\/p>\n<p>Conexi\u00f3n a red m\u00f3vil: no<br \/>Bluetooth: si<br \/>Versi\u00f3n de Bluetooth: 5.3<br \/>Est\u00e1ndar Wi-Fi: Wi-Fi 6E (802.11ax)<br \/>Wi-Fi est\u00e1ndares: 802.11a, 802.11b, 802.11g, Wi-Fi 4 (802.11n), Wi-Fi 5 (802.11ac), Wi-Fi 6 (802.11ax), Wi-Fi 6E (802.11ax)<br \/>WWAN: sin instalar<br \/>Tipo de tarjeta SIM: no<\/p>\n<p>-PUERTOS E INTERFACES<\/p>\n<p>Cantidad de puertos tipo C USB 3.2 Gen 1 (3.1 Gen 1): 1<br \/>Combo de salida de auriculares \/ micr\u00f3fono del puerto: no<br \/>Tipo de conector de acoplamiento: Lenovo Pogo Pin<\/p>\n<p>-DISE\u00d1O<\/p>\n<p>Factor de forma: pizarra<br \/>Color del producto: gris<br \/>Nombre del color: Luna Grey<br \/>Tipo de dispositivo: tableta m\u00f3vil<\/p>\n<p>-DESEMPE\u00d1O<\/p>\n<p>GPS: si<br \/>GLONASS: si<br \/>Galileo: si<br \/>Aceler\u00f3metro: si<br \/>Giroscopio: si<br \/>Sensor magnet\u00f3metro: si<br \/>Apoyar a las aplicaciones de Google: Gmail, Google Chrome, Google Docs, Google Drive, Google Duo, Google Kids Space, Google Maps, Google Music, Google Photos, Google Play, Google Sheets, YouTube<\/p>\n<p>-SEGURIDAD<\/p>\n<p>Lector de huella digital: si<br \/>Reconocimiento de cara: si<\/p>\n<p>-SOFTWARE<\/p>\n<p>Plataforma: Android<br \/>Sistema operativo instalado: Android 14<\/p>\n<p>-BATER\u00cdA<\/p>\n<p>Bater\u00eda incluida: si<br \/>Tecnolog\u00eda de bater\u00eda: pol\u00edmero de litio<br \/>Capacidad de bater\u00eda: 10200 mAh<br \/>Carga r\u00e1pida: si<br \/>Tiempo continuo de reproducci\u00f3n de video: 11 h<\/p>\n<p>-CONTROL DE ENERG\u00cdA<\/p>\n<p>Voltaje de entrada de adaptador AC: 100 &#8211; 240 V<br \/>Frecuencia de adaptador AC: 50\/60 Hz<br \/>Suministro de potencia USB: si<\/p>\n<p>-DIMENSIONES Y PESO<\/p>\n<p>Ancho: 291,8 mm<br \/>Profundidad: 6,9 mm<br \/>Altura: 189,1 mm<br \/>Peso: 620 g<\/p>\n<p>-CONTENIDO DEL EMBALAJE<\/p>\n<p>Pluma stylus: si<br \/>Adaptador AC incluido: no<br \/>Cables incluidos: USB tipo C<br \/>Incluye funda para tableta: si<\/p>\n<p>-OTRAS CARACTER\u00cdSTICAS<\/p>\n<p>Adaptador gr\u00e1fico incorporado: si<\/p>\n<p>\u00a0<\/p>\n","protected":false},"excerpt":{"rendered":"<p>Tablet lenovo idea tab pro 12.7 pulgadas 8gb 256gb gris wifi pen<\/p>\n","protected":false},"featured_media":232820,"comment_status":"closed","ping_status":"open","template":"","meta":{"_et_pb_use_builder":"","_et_pb_old_content":"","_et_gb_content_width":""},"product_brand":[2554],"product_cat":[2058,2519,2529],"product_tag":[2068,2555,2523,2616,2531],"class_list":{"0":"post-232819","1":"product","2":"type-product","3":"status-publish","4":"has-post-thumbnail","6":"product_brand-lenovo","7":"product_cat-dispositivos","8":"product_cat-portatiles","9":"product_cat-tablets","10":"product_tag-dispositivos","11":"product_tag-lenovo","12":"product_tag-portatiles","13":"product_tag-tablet-lenovo-idea-tab-pro-12-7-pulgadas","14":"product_tag-tablets","15":"product_shipping_class-2059","16":"pa_canon-digital-incluida-375-e-incluidos","18":"first","19":"instock","20":"taxable","21":"shipping-taxable","22":"purchasable","23":"product-type-simple"},"_links":{"self":[{"href":"https:\/\/linkxa.es\/linkshop\/wp-json\/wp\/v2\/product\/232819","targetHints":{"allow":["GET"]}}],"collection":[{"href":"https:\/\/linkxa.es\/linkshop\/wp-json\/wp\/v2\/product"}],"about":[{"href":"https:\/\/linkxa.es\/linkshop\/wp-json\/wp\/v2\/types\/product"}],"replies":[{"embeddable":true,"href":"https:\/\/linkxa.es\/linkshop\/wp-json\/wp\/v2\/comments?post=232819"}],"wp:featuredmedia":[{"embeddable":true,"href":"https:\/\/linkxa.es\/linkshop\/wp-json\/wp\/v2\/media\/232820"}],"wp:attachment":[{"href":"https:\/\/linkxa.es\/linkshop\/wp-json\/wp\/v2\/media?parent=232819"}],"wp:term":[{"taxonomy":"product_brand","embeddable":true,"href":"https:\/\/linkxa.es\/linkshop\/wp-json\/wp\/v2\/product_brand?post=232819"},{"taxonomy":"product_cat","embeddable":true,"href":"https:\/\/linkxa.es\/linkshop\/wp-json\/wp\/v2\/product_cat?post=232819"},{"taxonomy":"product_tag","embeddable":true,"href":"https:\/\/linkxa.es\/linkshop\/wp-json\/wp\/v2\/product_tag?post=232819"}],"curies":[{"name":"wp","href":"https:\/\/api.w.org\/{rel}","templated":true}]}}