{"id":232845,"date":"2025-05-07T09:39:47","date_gmt":"2025-05-07T09:39:47","guid":{"rendered":"https:\/\/linkxa.es\/contratacion\/producto\/apple-ipad-air-m3-8gb-256gb\/"},"modified":"2025-08-02T00:56:37","modified_gmt":"2025-08-02T00:56:37","slug":"apple-ipad-air-m3-8gb-256gb","status":"publish","type":"product","link":"https:\/\/linkxa.es\/linkshop\/producto\/apple-ipad-air-m3-8gb-256gb\/","title":{"rendered":"Apple ipad air m3 8gb 256gb"},"content":{"rendered":"<h3 style=\"text-align: center;\"><strong>Apple\u00a0 |\u00a0 Tablets<\/strong><\/h3>\n<p>\u00a0<\/p>\n<p>-GENERAL\u00a0<br \/>Tipo de producto: Tableta\u00a0<br \/>Sistema operativo: Apple iPadOS 18\u00a0<\/p>\n<p>-PROCESADOR\u00a0<br \/>Procesador: Apple M3\u00a0<br \/>N\u00famero de n\u00facleos: 8 n\u00facleos\u00a0<br \/>Gr\u00e1ficos: Apple M3 de 9 n\u00facleos\u00a0<\/p>\n<p>-MEMORIA\u00a0<br \/>Memoria RAM: 8 GB\u00a0<br \/>Almacenamiento interno: 256 GB\u00a0<\/p>\n<p>-PANTALLA\u00a0<br \/>Tipo: 11&#8243; IPS &#8211; retroiluminaci\u00f3n LED\u00a0<br \/>Resoluci\u00f3n: 2360 x 1640 (264 ppi)\u00a0<br \/>Brillo: 500 cd\/m\u00b2\u00a0<br \/>Pantalla t\u00e1ctil: Multit\u00e1ctil\u00a0<br \/>Funciones: Pantalla completamente laminada, pantalla True Tone, antirreflejante, revestimiento oleof\u00f3bico, zoom, sin BFR\/PVC, sin mercurio, cristal sin ars\u00e9nico, esquinas redondas, HDR10+, Dolby Vision, HLG, P3 Wide Color Gamut, pantalla de retina l\u00edquida, compatible con Apple Pencil Pro y Apple Pencil (USB?C), Apple Pencil en modo hover\u00a0<\/p>\n<p>-C\u00c1MARA FRONTAL\u00a0<br \/>Resoluci\u00f3n: 12 Megap\u00edxeles\u00a0<br \/>Apertura: F\/2.4\u00a0<br \/>Modos: Modo R\u00e1faga, modo retrato, lapso de tiempo, fotos en vivo, paisaje, ancho, Center Stage\u00a0<br \/>Resoluciones de v\u00eddeo:\u00a0<br \/>&#8211; 1920 x 1080 (30\/60\/25 fps)\u00a0<br \/>Caracter\u00edsticas: C\u00e1mara FaceTime HD, Retina Flash con True Tone, estabilizaci\u00f3n de imagen y v\u00eddeo Cinematic, Smart HDR 4, correcci\u00f3n de lente, rango din\u00e1mico ampliado, c\u00e1mara lenta\u00a0<\/p>\n<p>-C\u00c1MARA TRASERA\u00a0<br \/>Resoluci\u00f3n: 12 Megap\u00edxeles\u00a0<br \/>Apertura: F\/1.8\u00a0<br \/>Zoom: 5x zoom digital\u00a0<br \/>Elementos de lente: 5\u00a0<br \/>Modos: Modo R\u00e1faga, Panor\u00e1mica, C\u00e1mara lenta, lapso de tiempo, fotos en vivo, ancho\u00a0<br \/>Resoluciones de v\u00eddeo:\u00a0<br \/>&#8211; 1080p a 30\/60\/25 fps\u00a0<br \/>&#8211; 720p a 30 fps\u00a0<br \/>&#8211; 4K a 24\/25\/30\/60 fps\u00a0<br \/>&#8211; C\u00e1mara lenta 1080p a 120\/240 fps\u00a0<br \/>Caracter\u00edsticas: Estabilizaci\u00f3n de imagen autom\u00e1tica, estabilizaci\u00f3n de v\u00eddeo Cinematic, Focus Pixels, geoetiquetado, Zoom de reproducci\u00f3n, captura en JPEG y HEIF, tapa de lente de cristal de zafiro, enfoque autom\u00e1tico continuo, panorama hasta 63 MP\u00a0<\/p>\n<p>-BATER\u00cdA\u00a0<br \/>Tecnolog\u00eda: Litio-pol\u00edmero\u00a0<br \/>Capacidad: 28.93 Wh\u00a0<br \/>Tiempo de uso: Hasta 10 horas\u00a0<br \/>Datos de uso:\u00a0<br \/>&#8211; Navegaci\u00f3n web en Wi-Fi: hasta 10 horas\u00a0<br \/>&#8211; Reproducci\u00f3n de v\u00eddeo: hasta 10 horas\u00a0<\/p>\n<p>-CONECTIVIDAD\u00a0<br \/>Conectividad inal\u00e1mbrica: Wi-Fi 6E (802.11a\/b\/g\/n\/ac\/ax), Bluetooth 5.3\u00a0<br \/>Seguridad: Tecnolog\u00eda 2&#215;2 MIMO\u00a0<br \/>Interfaces:\u00a0<br \/>&#8211; 1 x USB-C\/DisplayPort\u00a0<br \/>&#8211; 1 x Smart Connector\u00a0<br \/>&#8211; 1 x conector magn\u00e9tico\u00a0<\/p>\n<p>-AUDIO Y MULTIMEDIA\u00a0<br \/>Altavoces: Est\u00e9reo apaisados\u00a0<br \/>Micr\u00f3fonos: Dos micr\u00f3fonos\u00a0<br \/>Audio digital compatible: AAC, MP3, FLAC, Apple Lossless, Dolby Atmos, Dolby Digital, Dolby Digital Plus\u00a0<br \/>Resoluci\u00f3n externa m\u00e1xima: 6K\u00a0<br \/>V\u00eddeo digital compatible: H.264, HEVC, ProRes, AV1\u00a0<\/p>\n<p>-DIMENSIONES Y PESO\u00a0<br \/>Altura: 24.76 cm\u00a0<br \/>Anchura: 17.85 cm\u00a0<br \/>Profundidad: 0.61 cm\u00a0<br \/>Peso: 460 g\u00a0<\/p>\n<p>-MATERIALES Y DISE\u00d1O\u00a0<br \/>Material de la carcasa: Aluminio\u00a0<br \/>Color: P\u00farpura\u00a0<\/p>\n<p>-SENSORES\u00a0<br \/>Aceler\u00f3metro\u00a0<br \/>Sensor de luz ambiental\u00a0<br \/>Sensor girosc\u00f3pico de 3 ejes\u00a0<br \/>Br\u00fajula digital\u00a0<br \/>Bar\u00f3metro\u00a0<br \/>Sensor t\u00e1ctil con ID\u00a0<\/p>\n<p>-SEGURIDAD Y ACCESIBILIDAD\u00a0<br \/>Dispositivo de seguridad: Lector de huellas dactilares\u00a0<br \/>Caracter\u00edsticas de accesibilidad: VoiceOver, Magnifier, Spoken Content, Voice Control, Switch Control, AssistiveTouch, Dictado, Texto en tiempo real (RTT), descripci\u00f3n de audio, subt\u00edtulos, Closed Captions, Subt\u00edtulos en directo\u00a0<\/p>\n<p>-AMBIENTE Y CONDICIONES DE USO\u00a0<br \/>Temperatura de funcionamiento: 0 \u00b0C a 35 \u00b0C\u00a0<br \/>Temperatura de almacenamiento: -20 \u00b0C a 45 \u00b0C\u00a0<br \/>Altitud m\u00e1xima de funcionamiento: 3 km\u00a0<br \/>Humedad en funcionamiento: 5 &#8211; 95 % (sin condensaci\u00f3n)\u00a0<\/p>\n<p>-SOFTWARE INCLUIDO\u00a0<br \/>Aplicaciones precargadas: Clock, Mail, Calculator, Notes, Calendar, Contacts, Messages, Camera, Files, FaceTime, Photo Booth, Safari, Photos, App Store, Maps, News, Bolsa, Weather, Siri, Books, Recordatorios, Music, Settings, Voice Memos, iTunes Store, Podcasts, Health, Apple Pay, Apple TV App, Home, Measure, Tips, Find My, Shortcuts, Translate, Magnifier, Freeform, Passwords\u00a0<\/p>\n<p>-COMPATIBILIDAD CON SISTEMAS\u00a0<br \/>Requisitos: Windows 10 o posterior, macOS Catalina 10.15 o superior, macOS High Sierra 10.13 a Mojave 10.14.6\u00a0<\/p>\n<p>-CARACTER\u00cdSTICAS ADICIONALES\u00a0<br \/>Ancho de banda de memoria de 100 GB\/s\u00a0<br \/>Trazado de rayos acelerado por hardware\u00a0<br \/>Compatibilidad con HEVC 8K, 4K H.264, ProRes, ProRes RAW\u00a0<br \/>Motor de codificaci\u00f3n y decodificaci\u00f3n de v\u00eddeo ProRes\u00a0<br \/>Decodificaci\u00f3n AV1\u00a0<br \/>Audio espacial\u00a0<br \/>Microubicaci\u00f3n iBeacon\u00a0<br \/>Compatibilidad con AirPlay\u00a0<\/p>\n<p>-CERTIFICACIONES Y SOSTENIBILIDAD\u00a0<br \/>Certificaci\u00f3n ENERGY STAR: S\u00ed\u00a0<br \/>Conforme con EPEAT: EPEAT Gold\u00a0<br \/>Huella de carbono: 83 kg de emisiones de carbono\u00a0<br \/>Materiales: 99 % elementos reciclados de tierras raras\u00a0<\/p>\n<p>-ACCESORIOS INCLUIDOS\u00a0<br \/>Cable de carga USB-C de 1 metro\u00a0<\/p>\n<p>-GARANT\u00cdA\u00a0<br \/>Garant\u00eda limitada: 1 a\u00f1o\u00a0<br \/>Soporte t\u00e9cnico telef\u00f3nico: 90 d\u00edas\u00a0<\/p>\n<p>\u00a0<\/p>\n","protected":false},"excerpt":{"rendered":"<p>Apple ipad air m3 8gb 256gb wifi purple 11 pulgadas<\/p>\n","protected":false},"featured_media":232883,"comment_status":"closed","ping_status":"open","template":"","meta":{"_et_pb_use_builder":"","_et_pb_old_content":"","_et_gb_content_width":""},"product_brand":[2061],"product_cat":[2058,2519,2529],"product_tag":[2064,2619,2068,2523,2531],"class_list":{"0":"post-232845","1":"product","2":"type-product","3":"status-publish","4":"has-post-thumbnail","6":"product_brand-apple","7":"product_cat-dispositivos","8":"product_cat-portatiles","9":"product_cat-tablets","10":"product_tag-apple","11":"product_tag-apple-ipad-air-m3-8gb-256gb","12":"product_tag-dispositivos","13":"product_tag-portatiles","14":"product_tag-tablets","15":"product_shipping_class-2059","16":"pa_canon-digital-incluida-375-e-incluidos","18":"first","19":"instock","20":"taxable","21":"shipping-taxable","22":"purchasable","23":"product-type-simple"},"_links":{"self":[{"href":"https:\/\/linkxa.es\/linkshop\/wp-json\/wp\/v2\/product\/232845","targetHints":{"allow":["GET"]}}],"collection":[{"href":"https:\/\/linkxa.es\/linkshop\/wp-json\/wp\/v2\/product"}],"about":[{"href":"https:\/\/linkxa.es\/linkshop\/wp-json\/wp\/v2\/types\/product"}],"replies":[{"embeddable":true,"href":"https:\/\/linkxa.es\/linkshop\/wp-json\/wp\/v2\/comments?post=232845"}],"wp:featuredmedia":[{"embeddable":true,"href":"https:\/\/linkxa.es\/linkshop\/wp-json\/wp\/v2\/media\/232883"}],"wp:attachment":[{"href":"https:\/\/linkxa.es\/linkshop\/wp-json\/wp\/v2\/media?parent=232845"}],"wp:term":[{"taxonomy":"product_brand","embeddable":true,"href":"https:\/\/linkxa.es\/linkshop\/wp-json\/wp\/v2\/product_brand?post=232845"},{"taxonomy":"product_cat","embeddable":true,"href":"https:\/\/linkxa.es\/linkshop\/wp-json\/wp\/v2\/product_cat?post=232845"},{"taxonomy":"product_tag","embeddable":true,"href":"https:\/\/linkxa.es\/linkshop\/wp-json\/wp\/v2\/product_tag?post=232845"}],"curies":[{"name":"wp","href":"https:\/\/api.w.org\/{rel}","templated":true}]}}