{"id":232922,"date":"2025-07-04T16:01:25","date_gmt":"2025-07-04T16:01:25","guid":{"rendered":"https:\/\/linkxa.es\/contratacion\/producto\/galaxy-tab-s6-lite-sm-p620-64\/"},"modified":"2025-08-02T00:59:02","modified_gmt":"2025-08-02T00:59:02","slug":"galaxy-tab-s6-lite-sm-p620-64","status":"publish","type":"product","link":"https:\/\/linkxa.es\/linkshop\/producto\/galaxy-tab-s6-lite-sm-p620-64\/","title":{"rendered":"Galaxy tab s6 lite sm &#8211; p620 64"},"content":{"rendered":"<h3 style=\"text-align: center;\"><strong>Samsung\u00a0 |\u00a0 Tablets<\/strong><\/h3>\n<p>\u00a0<\/p>\n<p>Ficha T\u00e9cnica Completa<br \/>General<br \/>Tipo de producto<br \/>Tableta<br \/>Sistemas operativos<br \/>Android 14<br \/>Memoria<br \/>Memoria RAM<br \/>4 GB<br \/>Almacenamiento<br \/>64 GB<br \/>M\u00e1xima capacidad soportada<br \/>1 TB<br \/>Tarjetas de memoria flash compatibles<br \/>microSD, microSDHC, microSDXC<br \/>Memoria disponible para el usuario<br \/>Flash: 48.1 GB<br \/>Diverso<br \/>Color<br \/>Gris Oxford<br \/>Accesorios incluidos<br \/>Bol\u00edgrafo S Pen<br \/>Sensores<br \/>Aceler\u00f3metro, sensor de sal\u00f3n, sensor de movimiento, sensor RGB<br \/>Tasa de absorci\u00f3n espec\u00edfica (SAR)<br \/>0.417 W\/kg (body)<br \/>Procesador<br \/>Velocidad del reloj del procesador<br \/>2.4 GHz<br \/>N\u00famero de n\u00facleos<br \/>8 n\u00facleos<br \/>Software<br \/>Software precargado<br \/>Samsung KNOX, Samsung Smart Switch<br \/>Display<br \/>Tipo<br \/>10.4&#8243; TFT<br \/>Pantalla t\u00e1ctil<br \/>Multit\u00e1ctil<br \/>Profundidad de color<br \/>16 millones de colores<br \/>Resoluci\u00f3n<br \/>2000 x 1200<br \/>Bater\u00eda<br \/>Tecnolog\u00eda<br \/>Ion de litio<br \/>Tiempo de funcionamiento<br \/>Hasta 14 horas<br \/>Capacidad<br \/>7040 mAh<br \/>Datos de tiempo de ejecuci\u00f3n<br \/>Navegaci\u00f3n Web en Wi-Fi: hasta 13 hora(s)<br \/>Reproducci\u00f3n de v\u00eddeo: hasta 14 hora(s)<br \/>Dispositivo de entrada<br \/>Tipo<br \/>S Pen<br \/>Comunicaciones<br \/>Protocolos de seguridad y funciones<br \/>Wi-Fi Direct<br \/>Perfiles Bluetooth<br \/>Perfil de objeto push (OPP), Perfil de red de \u00e1rea personal (PAN), Perfil de distribuci\u00f3n de audio avanzado (A2DP), Perfil de control remoto de audio y v\u00eddeo (AVRCP), Perfil de dispositivo de interfaz humana (HID), HID Over<br \/>GATT Profile (HOGP)<br \/>Conectividad Inal\u00e1mbrica<br \/>802.11a\/b\/g\/n\/ac, Bluetooth 5.3<br \/>Dimensiones y peso<br \/>Profundidad<br \/>0.7 cm<br \/>Peso<br \/>465 g<br \/>Altura<br \/>24.45 cm<br \/>Anchura<br \/>15.43 cm<br \/>Multimedia<br \/>Audio<br \/>Micr\u00f3fono, altavoces est\u00e9reo<br \/>Est\u00e1ndares de audio digital compatibles<br \/>WAV, AAC, AMR, MP3, FLAC, XMF, OGG, MIDI, M4A, MXMF, OGA, 3GA, AWB, IMY, RTTTL, RTX, OTA, MID<br \/>Est\u00e1ndares de v\u00eddeo digital compatibles<br \/>AVI, MKV, 3GP, FLV, 3G2, M4V, WEBM, MP4<br \/>Expansi\u00f3n y conectividad<br \/>Expansi\u00f3n Ranuras<br \/>1 x microSD<br \/>Interfaces<br \/>USB-C\/USB 2.0<br \/>Miniclavija de auriculares (3,5 mm)<br \/>Sistema de navegaci\u00f3n<br \/>Receptor<br \/>GPS\/GLONASS\/Galileo\/BeiDou\/QZSS<br \/>C\u00e1mara frontal<br \/>Resoluci\u00f3n del sensor<br \/>5 Megap\u00edxeles<br \/>C\u00e1mara trasera<br \/>Ajuste de enfoque<br \/>Autom\u00e1tico<br \/>Resoluci\u00f3n del sensor<br \/>8 megap\u00edxeles<br \/>Resoluciones de v\u00eddeo<br \/>1920 x 1080 (1080p) at 30 fps<\/p>\n<p>\u00a0<\/p>\n","protected":false},"excerpt":{"rendered":"<p>Galaxy tab s6 lite sm &#8211; p620 64 gb 26 -4 cm (10.4 pulgadas) 4 gb wi &#8211; fi 5 (802.11ac) gris<\/p>\n","protected":false},"featured_media":232923,"comment_status":"closed","ping_status":"open","template":"","meta":{"_et_pb_use_builder":"","_et_pb_old_content":"","_et_gb_content_width":""},"product_brand":[2072],"product_cat":[2058,2519,2529],"product_tag":[2068,2628,2523,2073,2531],"class_list":{"0":"post-232922","1":"product","2":"type-product","3":"status-publish","4":"has-post-thumbnail","6":"product_brand-samsung","7":"product_cat-dispositivos","8":"product_cat-portatiles","9":"product_cat-tablets","10":"product_tag-dispositivos","11":"product_tag-galaxy-tab-s6-lite-sm-p620-64","12":"product_tag-portatiles","13":"product_tag-samsung","14":"product_tag-tablets","15":"product_shipping_class-2059","16":"pa_canon-digital-incluida-375-e-incluidos","18":"first","19":"instock","20":"taxable","21":"shipping-taxable","22":"purchasable","23":"product-type-simple"},"_links":{"self":[{"href":"https:\/\/linkxa.es\/linkshop\/wp-json\/wp\/v2\/product\/232922","targetHints":{"allow":["GET"]}}],"collection":[{"href":"https:\/\/linkxa.es\/linkshop\/wp-json\/wp\/v2\/product"}],"about":[{"href":"https:\/\/linkxa.es\/linkshop\/wp-json\/wp\/v2\/types\/product"}],"replies":[{"embeddable":true,"href":"https:\/\/linkxa.es\/linkshop\/wp-json\/wp\/v2\/comments?post=232922"}],"wp:featuredmedia":[{"embeddable":true,"href":"https:\/\/linkxa.es\/linkshop\/wp-json\/wp\/v2\/media\/232923"}],"wp:attachment":[{"href":"https:\/\/linkxa.es\/linkshop\/wp-json\/wp\/v2\/media?parent=232922"}],"wp:term":[{"taxonomy":"product_brand","embeddable":true,"href":"https:\/\/linkxa.es\/linkshop\/wp-json\/wp\/v2\/product_brand?post=232922"},{"taxonomy":"product_cat","embeddable":true,"href":"https:\/\/linkxa.es\/linkshop\/wp-json\/wp\/v2\/product_cat?post=232922"},{"taxonomy":"product_tag","embeddable":true,"href":"https:\/\/linkxa.es\/linkshop\/wp-json\/wp\/v2\/product_tag?post=232922"}],"curies":[{"name":"wp","href":"https:\/\/api.w.org\/{rel}","templated":true}]}}