{"id":232937,"date":"2025-02-12T07:54:16","date_gmt":"2025-02-12T07:54:16","guid":{"rendered":"https:\/\/linkxa.es\/contratacion\/producto\/tablet-samsung-galaxy-tab-a9-8-7-pulgadas\/"},"modified":"2025-08-02T00:59:34","modified_gmt":"2025-08-02T00:59:34","slug":"tablet-samsung-galaxy-tab-a9-8-7-pulgadas","status":"publish","type":"product","link":"https:\/\/linkxa.es\/linkshop\/producto\/tablet-samsung-galaxy-tab-a9-8-7-pulgadas\/","title":{"rendered":"Tablet samsung galaxy tab a9 8.7 pulgadas"},"content":{"rendered":"<h3 style=\"text-align: center;\"><strong>Samsung\u00a0 |\u00a0 Tablets<\/strong><\/h3>\n<p>\u00a0<\/p>\n<p>Ficha T\u00e9cnica<br \/>General<br \/>Sistemas operativos<br \/>Android<br \/>Tipo de producto<br \/>Tableta<br \/>Memoria<br \/>Memoria RAM<br \/>8 GB<br \/>Almacenamiento<br \/>128 GB<br \/>M\u00e1xima capacidad soportada<br \/>1 TB<br \/>Tarjetas de memoria flash compatibles<br \/>microSD, microSDHC, microSDXC<br \/>Memoria disponible para el usuario<br \/>Flash: 104 GB<br \/>Diverso<br \/>Material de carcasa<br \/>Metal<br \/>Color<br \/>Grafito<br \/>Sensores<br \/>Aceler\u00f3metro, sensor de proximidad, sensor geomagn\u00e9tico, sensor de luz<br \/>Tasa de absorci\u00f3n espec\u00edfica (SAR)<br \/>0.48 W\/kg (head)<br \/>0.89 W\/kg (body)<br \/>Procesador<br \/>Velocidad del reloj del procesador<br \/>2.2 GHz<br \/>N\u00famero de n\u00facleos<br \/>8 n\u00facleos<br \/>Procesador<br \/>MediaTek Helio G99 MT8781<br \/>Software<br \/>Software precargado<br \/>Samsung Smart Switch<br \/>Display<br \/>Pantalla t\u00e1ctil<br \/>Multit\u00e1ctil<br \/>Profundidad de color<br \/>16 millones de colores<br \/>Tipo<br \/>8.7&#8243; TFT<br \/>Funciones<br \/>Dividir pantalla, frecuencia de actualizaci\u00f3n a 60 Hz<br \/>Resoluci\u00f3n<br \/>1340 x 800 (179 ppi)<br \/>Bater\u00eda<br \/>Capacidad<br \/>5100 mAh<br \/>Dispositivo de entrada<br \/>Dispositivos de seguridad<br \/>Reconocimiento facial<br \/>Comunicaciones<br \/>Tecnolog\u00eda m\u00f3vil<br \/>3G, 4G<br \/>Protocolos de seguridad y funciones<br \/>Wi-Fi Direct<br \/>Perfiles Bluetooth<br \/>Perfil de manos libres (HFP), Perfil de auricular (HSP), Perfil de objeto push (OPP), Perfil de red de \u00e1rea personal (PAN), Perfil de distribuci\u00f3n de audio avanzado (A2DP), Perfil de control remoto de audio y v\u00eddeo (AVRCP),<br \/>Perfil de dispositivo de interfaz humana (HID), Phonebook Access Profile (PBAP), Message Access Profile (MAP), HID Over GATT Profile (HOGP)<br \/>Protocolos para m\u00f3viles<br \/>GSM, UMTS, FDD LTE, TDD LTE<br \/>Conectividad Inal\u00e1mbrica<br \/>802.11a\/b\/g\/n\/ac, Bluetooth 5.3<br \/>Banda<br \/>GSM 850\/900\/1800\/1900 \/ UMTS 850\/900\/AWS\/1900\/2100 \/ LTE B1\/B2\/B3\/B4\/B5\/B7\/B8\/B12\/B17\/B20\/B28\/B66\/B38\/B40\/B41<br \/>Dimensiones y peso<br \/>Altura<br \/>21.1 cm<br \/>Profundidad<br \/>0.8 cm<br \/>Peso<br \/>333 g<br \/>Anchura<br \/>12.47 cm<br \/>Dimensiones y peso (embalaje)<br \/>Profundidad de embalaje<br \/>2.9 cm<br \/>Altura de embalaje<br \/>21.75 cm<br \/>Anchura de embalaje<br \/>13.05 cm<br \/>Multimedia<br \/>Est\u00e1ndares de audio digital compatibles<br \/>WAV, AAC, AMR, MP3, FLAC, XMF, OGG, MIDI, M4A, MXMF, OGA, 3GA, AWB, IMY, RTTTL, RTX, OTA, MID, Dolby Atmos<br \/>Est\u00e1ndares de v\u00eddeo digital compatibles<br \/>AVI, MKV, 3GP, FLV, 3G2, M4V, WEBM, MP4<br \/>Audio<br \/>Micr\u00f3fono, two speakers<br \/>Expansi\u00f3n y conectividad<br \/>Expansi\u00f3n Ranuras<br \/>1 x microSDXC<br \/>Interfaces<br \/>USB-C\/USB 2.0<br \/>Miniclavija de auriculares (3,5 mm)<br \/>Sistema de navegaci\u00f3n<br \/>Receptor<br \/>GPS\/GLONASS\/Galileo\/BeiDou\/QZSS<br \/>C\u00e1mara frontal<br \/>Resoluci\u00f3n del sensor<br \/>2 Megap\u00edxeles<br \/>C\u00e1mara trasera<br \/>Ajuste de enfoque<br \/>Autom\u00e1tico<br \/>Resoluci\u00f3n del sensor<br \/>8 megap\u00edxeles<br \/>Resoluciones de v\u00eddeo<br \/>1920 x 1080 (1080p) at 30 fps<\/p>\n<p>\u00a0<\/p>\n","protected":false},"excerpt":{"rendered":"<p>Tablet samsung galaxy tab a9 8.7 pulgadas 4gb 128gb lte 4g gris<\/p>\n","protected":false},"featured_media":232938,"comment_status":"closed","ping_status":"open","template":"","meta":{"_et_pb_use_builder":"","_et_pb_old_content":"","_et_gb_content_width":""},"product_brand":[2072],"product_cat":[2058,2519,2529],"product_tag":[2068,2523,2073,2629,2531],"class_list":{"0":"post-232937","1":"product","2":"type-product","3":"status-publish","4":"has-post-thumbnail","6":"product_brand-samsung","7":"product_cat-dispositivos","8":"product_cat-portatiles","9":"product_cat-tablets","10":"product_tag-dispositivos","11":"product_tag-portatiles","12":"product_tag-samsung","13":"product_tag-tablet-samsung-galaxy-tab-a9-8-7-pulgadas","14":"product_tag-tablets","15":"product_shipping_class-2059","16":"pa_canon-digital-incluida-375-e-incluidos","18":"first","19":"instock","20":"taxable","21":"shipping-taxable","22":"purchasable","23":"product-type-simple"},"_links":{"self":[{"href":"https:\/\/linkxa.es\/linkshop\/wp-json\/wp\/v2\/product\/232937","targetHints":{"allow":["GET"]}}],"collection":[{"href":"https:\/\/linkxa.es\/linkshop\/wp-json\/wp\/v2\/product"}],"about":[{"href":"https:\/\/linkxa.es\/linkshop\/wp-json\/wp\/v2\/types\/product"}],"replies":[{"embeddable":true,"href":"https:\/\/linkxa.es\/linkshop\/wp-json\/wp\/v2\/comments?post=232937"}],"wp:featuredmedia":[{"embeddable":true,"href":"https:\/\/linkxa.es\/linkshop\/wp-json\/wp\/v2\/media\/232938"}],"wp:attachment":[{"href":"https:\/\/linkxa.es\/linkshop\/wp-json\/wp\/v2\/media?parent=232937"}],"wp:term":[{"taxonomy":"product_brand","embeddable":true,"href":"https:\/\/linkxa.es\/linkshop\/wp-json\/wp\/v2\/product_brand?post=232937"},{"taxonomy":"product_cat","embeddable":true,"href":"https:\/\/linkxa.es\/linkshop\/wp-json\/wp\/v2\/product_cat?post=232937"},{"taxonomy":"product_tag","embeddable":true,"href":"https:\/\/linkxa.es\/linkshop\/wp-json\/wp\/v2\/product_tag?post=232937"}],"curies":[{"name":"wp","href":"https:\/\/api.w.org\/{rel}","templated":true}]}}