{"id":233052,"date":"2025-06-29T03:33:14","date_gmt":"2025-06-29T03:33:14","guid":{"rendered":"https:\/\/linkxa.es\/contratacion\/producto\/monitor-asus-tuf-gaming-vg249q1r-23-8-pulgadas\/"},"modified":"2025-08-02T01:14:05","modified_gmt":"2025-08-02T01:14:05","slug":"monitor-asus-tuf-gaming-vg249q1r-23-8-pulgadas","status":"publish","type":"product","link":"https:\/\/linkxa.es\/linkshop\/producto\/monitor-asus-tuf-gaming-vg249q1r-23-8-pulgadas\/","title":{"rendered":"Monitor asus tuf gaming vg249q1r 23.8 pulgadas"},"content":{"rendered":"<h3 style=\"text-align: center;\"><strong>Asus\u00a0 |\u00a0 Monitores<\/strong><\/h3>\n<p>\u00a0<\/p>\n<p>ASUS TUF Gaming VG249Q1R. Diagonal de la pantalla: 60,5 cm (23.8&#8243;), Resoluci\u00f3n de la pantalla: 1920 x 1080 Pixeles, Tipo HD: Full HD, Tiempo de respuesta: 1 ms, Relaci\u00f3n de aspecto nativa: 16:9, \u00c1ngulo de<br \/>visi\u00f3n, horizontal: 178, \u00c1ngulo de visi\u00f3n, vertical: 178. Altavoces incorporados. montaje VESA. Color del producto: Negro<\/p>\n<p>Monitor<br \/>Tama\u00f1o del panel (pulgadas):23.8<br \/>Relaci\u00f3n de aspecto:16:09<br \/>\u00c1rea de visualizaci\u00f3n de la pantalla (H x V):527.04 x 296.46 mm<br \/>Superficie de visualizaci\u00f3n:Non-Glare<br \/>Tipo de luz de fondo:LED<br \/>Tipo de panel:IPS<br \/>\u00c1ngulo de visi\u00f3n (CR 10, H \/ V):178\/178<br \/>Tama\u00f1o de p\u00edxel :0,2745 mm<br \/>Resoluci\u00f3n :1920 x 1080<br \/>Color Space (sRGB) : 100%<br \/>Espacio de color (Adobe RGB):TBD<br \/>Espacio de color (Rec. 2020):TBD<br \/>Brillo (t\u00edpico):250 cd\/<br \/>Relaci\u00f3n de contraste (t\u00edpico):1200:01:00<br \/>Colores de pantalla:16.7M<br \/>Tiempo de respuesta :MPRT de 1 ms<br \/>Frecuencia de actualizaci\u00f3n (m\u00e1x.):M\u00e1x. 165 Hz<br \/>Vidrio de protecci\u00f3n:No<br \/>Sin destellos :S\u00ed<br \/>Caracter\u00edstica de video<br \/>Tecnolog\u00eda Trace Free:Yes<br \/>Tecnologia SPLENDID:S\u00ed<br \/>GameVisual :Yes<br \/>Temperatura de color. Selecci\u00f3n:Yes(4 modes)<br \/>GamePlus : S\u00ed<br \/>HDCP : Yes<br \/>Desenfoque de movimiento extremadamente bajo:S\u00ed<br \/>Tecnolog\u00eda VRR:FreeSync Premium<br \/>Tecnolog\u00eda GameFast Input:S\u00ed<br \/>Impulso oscuro:S\u00ed<br \/>Refuerzo de sombras:S\u00ed<br \/>Widget de visualizaci\u00f3n:Yes, DisplayWidget Lite<br \/>Luz azul baja:S\u00ed<br \/>Caracter\u00edstica de audio<br \/>Altavoz:S\u00ed (1,2 W x 2)<br \/>Puertos I\/O<br \/>DisplayPort 1.2 x 1<br \/>HDMI(v1.4) x 1<br \/>Enchufe de aud\u00edfonos :S\u00ed<br \/>Frecuencia de la se\u00f1al<br \/>Frecuencia de se\u00f1al digital:DisplayPort: 56~185 KHz (H) \/ 48~165 Hz (V)<br \/>HDMI: 56~158 KHz (H) \/ 48~144 Hz (V)<br \/>El consumo de energ\u00eda<br \/>El consumo de energ\u00eda :&#038;lt,23W*<br \/>Modo de ahorro de energ\u00eda :&#038;lt,0.5W<br \/>Modo apagado:&#038;lt, 0,5 W<br \/>Voltaje :100-240V, 50\/60Hz<br \/>Dise\u00f1o mecanico<br \/>Inclinaci\u00f3n:S\u00ed (+22 ~ -5)<br \/>Ajuste de altura :No<br \/>Montaje en pared VESA:75 x 75 mm<br \/>Cerradura Kensington :S\u00ed<br \/>Dimensiones (Esti.)<br \/>Dimensi\u00f3n con soporte (Anchura x Altura x Profundidad) :539.5 x 406.5 x 213 mm<br \/>Dimensi\u00f3n sin soporte (Anchura x Altura x Profundidad) :539.5 x 319.5 x 36.5 mm<br \/>Dimensi\u00f3n de la caja (Anchura x Altura x Profundidad) :595 x 158 x 475 mm<br \/>Peso (Esti.)<br \/>Peso neto con soporte:3.0 Kg<br \/>Peso neto sin soporte:2.5 Kg<br \/>Peso bruto :5.0 Kg<br \/>Accesorios (var\u00edan seg\u00fan la regi\u00f3n)<br \/>Cable DisplayPort<br \/>Adaptador de corriente<br \/>Cable de alimentaci\u00f3n<br \/>Gu\u00eda de inicio r\u00e1pido<br \/>Tarjeta de garant\u00eda<br \/>Certificado<br \/>TV sin parpadeo<br \/>TV Luz azul baja<\/p>\n<p>\u00a0<\/p>\n","protected":false},"excerpt":{"rendered":"<p>Monitor asus tuf gaming vg249q1r 23.8 pulgadas fhd 1ms hdmi displayport<\/p>\n","protected":false},"featured_media":233053,"comment_status":"closed","ping_status":"open","template":"","meta":{"_et_pb_use_builder":"","_et_pb_old_content":"","_et_gb_content_width":""},"product_brand":[2566],"product_cat":[2058,2644,2643],"product_tag":[2567,2068,2645,2647,2646],"class_list":{"0":"post-233052","1":"product","2":"type-product","3":"status-publish","4":"has-post-thumbnail","6":"product_brand-asus","7":"product_cat-dispositivos","8":"product_cat-monitores","9":"product_cat-monitores-y-tv","10":"product_tag-asus","11":"product_tag-dispositivos","12":"product_tag-monitor-asus-tuf-gaming-vg249q1r-23-8-pulgadas","13":"product_tag-monitores","14":"product_tag-monitores-y-tv","15":"product_shipping_class-2088","16":"pa_canon-digital-incluida-0-e-incluidos","18":"first","19":"instock","20":"taxable","21":"shipping-taxable","22":"purchasable","23":"product-type-simple"},"_links":{"self":[{"href":"https:\/\/linkxa.es\/linkshop\/wp-json\/wp\/v2\/product\/233052","targetHints":{"allow":["GET"]}}],"collection":[{"href":"https:\/\/linkxa.es\/linkshop\/wp-json\/wp\/v2\/product"}],"about":[{"href":"https:\/\/linkxa.es\/linkshop\/wp-json\/wp\/v2\/types\/product"}],"replies":[{"embeddable":true,"href":"https:\/\/linkxa.es\/linkshop\/wp-json\/wp\/v2\/comments?post=233052"}],"wp:featuredmedia":[{"embeddable":true,"href":"https:\/\/linkxa.es\/linkshop\/wp-json\/wp\/v2\/media\/233053"}],"wp:attachment":[{"href":"https:\/\/linkxa.es\/linkshop\/wp-json\/wp\/v2\/media?parent=233052"}],"wp:term":[{"taxonomy":"product_brand","embeddable":true,"href":"https:\/\/linkxa.es\/linkshop\/wp-json\/wp\/v2\/product_brand?post=233052"},{"taxonomy":"product_cat","embeddable":true,"href":"https:\/\/linkxa.es\/linkshop\/wp-json\/wp\/v2\/product_cat?post=233052"},{"taxonomy":"product_tag","embeddable":true,"href":"https:\/\/linkxa.es\/linkshop\/wp-json\/wp\/v2\/product_tag?post=233052"}],"curies":[{"name":"wp","href":"https:\/\/api.w.org\/{rel}","templated":true}]}}