{"id":233234,"date":"2025-04-27T20:53:42","date_gmt":"2025-04-27T20:53:42","guid":{"rendered":"https:\/\/linkxa.es\/contratacion\/producto\/monitor-oled-asus-xg27acdng-26-5-pulgadas-2560\/"},"modified":"2025-08-02T01:29:06","modified_gmt":"2025-08-02T01:29:06","slug":"monitor-oled-asus-xg27acdng-26-5-pulgadas-2560","status":"publish","type":"product","link":"https:\/\/linkxa.es\/linkshop\/producto\/monitor-oled-asus-xg27acdng-26-5-pulgadas-2560\/","title":{"rendered":"Monitor oled asus xg27acdng 26.5 pulgadas 2560"},"content":{"rendered":"<h3 style=\"text-align: center;\"><strong>Asus\u00a0 |\u00a0 Monitores<\/strong><\/h3>\n<p>\u00a0<\/p>\n<p>ASUS ROG Strix OLED XG27ACDNG. Diagonal de la pantalla: 67,3 cm (26.5&#8243;), Resoluci\u00f3n de la pantalla: 2560 x 1440 Pixeles, Tipo HD: Quad HD, Tecnolog\u00eda de visualizaci\u00f3n: QD-OLED, Tiempo de respuesta: 0,03 ms, Relaci\u00f3n de aspecto nativa: 16:9, \u00c1ngulo de visi\u00f3n, horizontal: 178\u00b0, \u00c1ngulo de visi\u00f3n, vertical: 178\u00b0. Conector USB incorporado, Versi\u00f3n de conector USB: 3.2 Gen 1 (3.1 Gen 1). montaje VESA, Ajustes de altura. Color del producto: Negro\u00a0<br \/>Exhibici\u00f3n<br \/>Diagonal de la pantalla * 67,3 cm (26.5&#8243;)<br \/>Resoluci\u00f3n de la pantalla * 2560 x 1440 Pixeles<br \/>Tipo HD * Quad HD<br \/>Relaci\u00f3n de aspecto nativa * 16:9<br \/>Tecnolog\u00eda de visualizaci\u00f3n * QD-OLED<br \/>Tipo de pantalla * OLED<br \/>Pantalla t\u00e1ctil * \u00d7<br \/>Brillo de la pantalla (m\u00e1ximo) 450 cd \/ m\u00b2<br \/>Brillo de la pantalla (t\u00edpico) 1000 cd \/ m\u00b2<br \/>Tiempo de respuesta * 0,03 ms<br \/>Tipo de medici\u00f3n del tiempo de<br \/>respuesta GTG (Gray to Gray)<br \/>Forma de la pantalla * Plana<br \/>Raz\u00f3n de contraste (t\u00edpica) * 1500000:1<br \/>M\u00e1xima velocidad de actualizaci\u00f3n * 360 Hz<br \/>\u00c1ngulo de visi\u00f3n, horizontal 178\u00b0<br \/>\u00c1ngulo de visi\u00f3n, vertical 178\u00b0<br \/>N\u00famero de colores de la pantalla * 1,073 billones de colores<br \/>Tama\u00f1o de pixel 0,229 x 0,229 mm<br \/>Tama\u00f1o visible, horizontal 59 cm<br \/>Tama\u00f1o visible, vertical 33,4 cm<br \/>Frecuencia digital horizontal 30 &#8211; 625 kHz<br \/>Frecuencia digital vertical 48 &#8211; 360 Hz<br \/>Diagonal de pantalla 68 cm<br \/>Alto Rango Din\u00e1mico (HDR) ?<br \/>Tecnolog\u00eda HDR (High Dynamic<br \/>Range, Alto rango din\u00e1mico)<br \/>DisplayHDR 400 True Black, High<br \/>Dynamic Range 10 (HDR10)<br \/>Cobertura sRGB (t\u00edpica) 135%<br \/>Gama de colores DCI-P3 99%<br \/>Desempe\u00f1o<br \/>NVIDIA G-SYNC * ?<br \/>Tipo de G-SYNC de NVIDIA G-SYNC Compatible<br \/>AMD FreeSync * ?<br \/>Tipo de FreeSync de AMD FreeSync Premium Pro<br \/>Compatibilidad con Adaptive Sync<br \/>de VESA ?<br \/>Tecnolog\u00eda Flicker free (reduce el<br \/>parpadeo de la pantalla) ?<br \/>Tecnolog\u00eda Low Blue Light (baja luz<br \/>azul) ?<br \/>Dise\u00f1o<br \/>Posicionamiento de mercado * Juego<br \/>Color del producto * Negro<br \/>Soporte desmontable ?<br \/>Color de pies Negro<br \/>Puertos e Interfaces<br \/>Conector USB incorporado * ?<br \/>Versi\u00f3n de conector USB 3.2 Gen 1 (3.1 Gen 1)<br \/>N\u00famero de puertos ascendentes<br \/>USB Tipo C 1<br \/>Cantidad de puertos USB<br \/>descendentes de tipo A 3<br \/>USB Type-C DisplayPort Alternate<br \/>Mode ?<br \/>Suministro de potencia USB ?<br \/>Entrega de energ\u00eda USB (USB Power<br \/>Delivery) de hasta 90 W<br \/>HDMI * ?<br \/>N\u00famero de puertos HDMI 2<br \/>Versi\u00f3n HDMI 2.1<br \/>Cantidad de DisplayPorts 1<br \/>Versi\u00f3n de salidas DisplayPort 1.4<br \/>Salida de auriculares * ?<br \/>Salidas para auriculares 1<br \/>Auriculares 3,5 mm<br \/>HDCP ?<br \/>HDCP versi\u00f3n 2.2<br \/>Ergonom\u00eda<br \/>montaje VESA * ?<br \/>Interfaz de panel de montaje 100 x 100 mm<br \/>Montaje de pared ?<br \/>Ranura para cable de seguridad * ?<br \/>Tipo de ranura de bloqueo del cable Kensington<br \/>Ajustes de altura * ?<br \/>Altura ajustable (m\u00e1x.) 12 cm<br \/>Eje ?<br \/>\u00c1ngulo de pivote 90 &#8211; -90\u00b0<br \/>Giratorio ?<br \/>\u00c1ngulo de giro (alcance) 45 &#8211; -45\u00b0<br \/>Ajuste de la inclinaci\u00f3n ?<br \/>\u00c1ngulo de inclinaci\u00f3n 20 &#8211; -5\u00b0<br \/>Control de energ\u00eda<br \/>Clase de eficiencia energ\u00e9tica (SDR)<br \/>*<br \/>F<br \/>Clase de eficiencia energ\u00e9tica<br \/>(HDR) *<br \/>G<br \/>Consumo de energ\u00eda (SDR) por<br \/>1000 horas *<br \/>25 kWh<br \/>Consumo de energ\u00eda (HDR) por<br \/>1000 horas *<br \/>33 kWh<br \/>Consumo energ\u00e9tico * 75 W<br \/>Consumo de energ\u00eda (apagado) 0,3 W<br \/>Consumo de energ\u00eda (ahorro) 0,5 W<br \/>Corriente de entrada 3 A<br \/>Escala de eficiencia energ\u00e9tica De la A a la G<br \/>Peso y dimensiones<br \/>Ancho del dispositivo (con soporte) 610,3 mm<br \/>Profundidad dispositivo (con<br \/>soporte) 218,8 mm<br \/>Altura del dispositivo (con soporte) 514,8 mm<br \/>Peso (con soporte) 7,44 kg<br \/>Ancho (sin base) 610,3 mm<br \/>Profundidad (sin base) 70,5 mm<br \/>Altura (sin base) 352,4 mm<br \/>Peso (sin base) 4,97 kg<br \/>Empaquetado<br \/>Ancho del paquete 860 mm<br \/>Profundidad del paquete 163 mm<br \/>Altura del paquete 500 mm<br \/>Peso del paquete 10,4 kg<br \/>Tipo de embalaje Caja<br \/>Otras caracter\u00edsticas<br \/>Tecnolog\u00edas espec\u00edficas ASUS OLED Care<br \/>Control de sombras ?<\/p>\n<p>\u00a0<\/p>\n","protected":false},"excerpt":{"rendered":"<p>Monitor oled asus xg27acdng 26.5 pulgadas 2560 x 1440 0.03mc usb hdmi displayport reg.altura<\/p>\n","protected":false},"featured_media":233235,"comment_status":"closed","ping_status":"open","template":"","meta":{"_et_pb_use_builder":"","_et_pb_old_content":"","_et_gb_content_width":""},"product_brand":[2566],"product_cat":[2058,2644,2643],"product_tag":[2567,2068,2682,2647,2646],"class_list":{"0":"post-233234","1":"product","2":"type-product","3":"status-publish","4":"has-post-thumbnail","6":"product_brand-asus","7":"product_cat-dispositivos","8":"product_cat-monitores","9":"product_cat-monitores-y-tv","10":"product_tag-asus","11":"product_tag-dispositivos","12":"product_tag-monitor-oled-asus-xg27acdng-26-5-pulgadas-2560","13":"product_tag-monitores","14":"product_tag-monitores-y-tv","15":"product_shipping_class-2088","16":"pa_canon-digital-incluida-0-e-incluidos","18":"first","19":"instock","20":"taxable","21":"shipping-taxable","22":"purchasable","23":"product-type-simple"},"_links":{"self":[{"href":"https:\/\/linkxa.es\/linkshop\/wp-json\/wp\/v2\/product\/233234","targetHints":{"allow":["GET"]}}],"collection":[{"href":"https:\/\/linkxa.es\/linkshop\/wp-json\/wp\/v2\/product"}],"about":[{"href":"https:\/\/linkxa.es\/linkshop\/wp-json\/wp\/v2\/types\/product"}],"replies":[{"embeddable":true,"href":"https:\/\/linkxa.es\/linkshop\/wp-json\/wp\/v2\/comments?post=233234"}],"wp:featuredmedia":[{"embeddable":true,"href":"https:\/\/linkxa.es\/linkshop\/wp-json\/wp\/v2\/media\/233235"}],"wp:attachment":[{"href":"https:\/\/linkxa.es\/linkshop\/wp-json\/wp\/v2\/media?parent=233234"}],"wp:term":[{"taxonomy":"product_brand","embeddable":true,"href":"https:\/\/linkxa.es\/linkshop\/wp-json\/wp\/v2\/product_brand?post=233234"},{"taxonomy":"product_cat","embeddable":true,"href":"https:\/\/linkxa.es\/linkshop\/wp-json\/wp\/v2\/product_cat?post=233234"},{"taxonomy":"product_tag","embeddable":true,"href":"https:\/\/linkxa.es\/linkshop\/wp-json\/wp\/v2\/product_tag?post=233234"}],"curies":[{"name":"wp","href":"https:\/\/api.w.org\/{rel}","templated":true}]}}