{"id":233265,"date":"2025-01-29T00:47:26","date_gmt":"2025-01-29T00:47:26","guid":{"rendered":"https:\/\/linkxa.es\/contratacion\/producto\/monitor-hp-m22f-21-5-pulgadas-fhd-5ms\/"},"modified":"2025-08-02T01:30:59","modified_gmt":"2025-08-02T01:30:59","slug":"monitor-hp-m22f-21-5-pulgadas-fhd-5ms","status":"publish","type":"product","link":"https:\/\/linkxa.es\/linkshop\/producto\/monitor-hp-m22f-21-5-pulgadas-fhd-5ms\/","title":{"rendered":"Monitor hp m22f 21.5 pulgadas fhd 5ms"},"content":{"rendered":"<h3 style=\"text-align: center;\"><strong>Hp\u00a0 |\u00a0 Monitores<\/strong><\/h3>\n<p>\u00a0<\/p>\n<p>Sum\u00e9rgete en las perfectas im\u00e1genes que te ofrece esta pantalla HP M22F de 21.5 pulgadas, un espectacular monitor dise\u00f1ado para redefinir los conceptos de comodidad, bienestar y sostenibilidad. Juega, trabaja o simplemente disfruta gracias a esta redefinici\u00f3n del concepto de alta definici\u00f3n.<\/p>\n<p>Este monitor Full HD ofrece magn\u00edficos resultados combinados con el estilo m\u00e1s cuidado, e incorpora tecnolog\u00eda IPS para \u00e1ngulos de visionado de m\u00e1xima amplitud de 178 grados, cobertura del espacio de color sRGB del 99 % para la m\u00e1xima fidelidad crom\u00e1tica y Freesync para que tus ojos y tu imaginaci\u00f3n trabajen a la misma velocidad.<\/p>\n<p>CARACTER\u00cdSTICAS<\/p>\n<p>Personaliza y ajusta f\u00e1cilmente tu monitor: Personaliza tu monitor con el sencillo e intuitivo software HP Display Center, que te permite ajustar tu configuraci\u00f3n, las pantallas de partici\u00f3n e incluso la atenuaci\u00f3n de brillo.<br \/>HP Eye Ease con certificado Eyesafe\u00ae: Su filtro de luz azul siempre activo funciona para comodidad de tus ojos sin comprometer la precisi\u00f3n de los colores.<br \/>D\u00e9 un paso hacia lo mejor: La tecnolog\u00eda IPS te ofrece vistas claras desde casi cualquier \u00e1ngulo. Cualquier asiento ser\u00e1 el mejor asiento de la casa.<br \/>Color de gran precisi\u00f3n: Cobertura del espacio de color sRGB del 99 % para una m\u00e1xima fidelidad crom\u00e1tica.<br \/>Dise\u00f1o sostenible: Dise\u00f1adas con conciencia medioambiental, las carcasas de pl\u00e1stico est\u00e1n fabricadas con un 85 % de material reciclado y con un 5 % de pl\u00e1stico reciclado procedente de los oc\u00e9anos.<\/p>\n<p>ESPECIFICACIONES HP M22f 21.5&#8243; FHD 5ms<br \/>Pantalla<\/p>\n<p>Diagonal de la pantalla: 54,6 cm (21.5&#8243;)<br \/>Brillo de la pantalla (t\u00edpico): 300 cd\/m\u00b2<br \/>Resoluci\u00f3n de la pantalla: 1920 x 1080 Pixeles<br \/>Relaci\u00f3n de aspecto nativa: 16:9<br \/>Tiempo de respuesta: 5 ms<br \/>Tipo HD: Full HD<br \/>Tecnolog\u00eda de visualizaci\u00f3n: LCD<br \/>Tipo de retroiluminaci\u00f3n: Edge LED<br \/>Pantalla antirreflectante: Si<br \/>Forma de la pantalla: Plana<br \/>Formatos gr\u00e1ficos soportados: 640 x 480 (VGA),720 x 400,800 x 600 (SVGA),1024 x 768 (XGA),1280 x 1024 (SXGA),1280 x 720 (HD 720),1280 x 800 (WXGA),1440 x 900,1600 x 900,1680 x 1050 (WSXGA+),1920 x 1080 (HD 1080)<br \/>Relaci\u00f3n de aspecto: 16:9<br \/>Raz\u00f3n de contraste (t\u00edpica): 1000:1<br \/>Relaci\u00f3n de contraste (din\u00e1mico): 10000000:1<br \/>M\u00e1xima velocidad de actualizaci\u00f3n: 75 Hz<br \/>\u00c1ngulo de visi\u00f3n, horizontal: 178\u00b0<br \/>\u00c1ngulo de visi\u00f3n, vertical: 178\u00b0<br \/>Tipo de pantalla: IPS<br \/>Tama\u00f1o de pixel: 0,248 x 0,248 mm<br \/>Densidad del pixel: 102 ppp<br \/>Intervalo de escaneado horizontal: 30 &#8211; 86 kHz<br \/>Intervalo de escaneado vertical: 48 &#8211; 75 Hz<br \/>Diagonal de pantalla: 54,6 cm<br \/>Dureza de la superficie: 3H<br \/>Profundidad de color: 8 bit<br \/>Espacio de color RGB: sRGB<br \/>Cobertura sRGB (t\u00edpica): 99%<\/p>\n<p>Desempe\u00f1o<\/p>\n<p>NVIDIA G-SYNC: No<br \/>AMD FreeSync: Si<br \/>Tecnolog\u00eda Flicker free (reduce el parpadeo de la pantalla): Si<br \/>Tecnolog\u00eda Low Blue Light (baja luz azul): Si<\/p>\n<p>Multimedia<\/p>\n<p>Altavoces incorporados: No<br \/>C\u00e1mara incorporada: No<\/p>\n<p>Conexiones<\/p>\n<p>Conector USB incorporado: No<br \/>Cantidad de puertos VGA (D-Sub): 1<br \/>HDMI: Si<br \/>N\u00famero de puertos HDMI: 1<br \/>Versi\u00f3n HDMI: 1.4<br \/>Salida de auriculares: No<br \/>HDCP: Si<br \/>Entrada de CA: Si<\/p>\n<p>Ergonom\u00eda<\/p>\n<p>Ranura para cable de seguridad: Si<br \/>montaje VESA: No<br \/>Ajustes de altura: No<br \/>Inclinable: Si<br \/>\u00c1ngulo de inclinaci\u00f3n: -5 &#8211; 25\u00b0<\/p>\n<p>Energ\u00eda<\/p>\n<p>Clase de eficiencia energ\u00e9tica (SDR): E<br \/>Clase de eficiencia energ\u00e9tica (HDR): E<br \/>Consumo de energ\u00eda (SDR) por 1000 horas: 14 kWh<br \/>Consumo de energ\u00eda (HDR) por 1000 horas: 14 kWh<br \/>Consumo energ\u00e9tico: 13 W<br \/>Consumo de energ\u00eda (inactivo): 0,5 W<br \/>Consumo de energ\u00eda (max): 19 W<br \/>Voltaje de entrada AC: 100 &#8211; 240 V<br \/>Frecuencia de entrada AC: 50\/60 Hz<\/p>\n<p>Condiciones ambientales<\/p>\n<p>Intervalo de temperatura operativa: 5 &#8211; 35 \u00b0C<br \/>Intervalo de humedad relativa para funcionamiento: 20 &#8211; 80%<\/p>\n<p>Dimensiones y peso<\/p>\n<p>Ancho del dispositivo (con soporte): 485,5 mm<br \/>Profundidad del dispositivo (con soporte): 177,2 mm<br \/>Altura del dispositivo (con soporte): 318 mm<br \/>Peso (con soporte): 2,2 kg<br \/>Ancho (sin base): 48,5 cm<br \/>Profundidad (sin base): 3,18 cm<br \/>Altura (sin base): 28,7 cm<\/p>\n<p>Paquete<\/p>\n<p>Stand incluido: Si<br \/>Cables incluidos: Corriente alterna, HDMI, VGA<br \/>Ancho del paquete: 550 mm<br \/>Profundidad del paquete: 118 mm<br \/>Altura del paquete: 355 mm<br \/>Peso del paquete: 4,1 kg<\/p>\n<p>Comprar HP M22f 21.5&#8243; IPS FullHD 75Hz FreeSync<\/p>\n<p>\u00a0<\/p>\n","protected":false},"excerpt":{"rendered":"<p>Monitor hp m22f 21.5 pulgadas fhd 5ms vga &#8211;  hdmi &#8211;  1920&#215;1080 &#8211;  cable hdmi incluido<\/p>\n","protected":false},"featured_media":233266,"comment_status":"closed","ping_status":"open","template":"","meta":{"_et_pb_use_builder":"","_et_pb_old_content":"","_et_gb_content_width":""},"product_brand":[2536],"product_cat":[2058,2644,2643],"product_tag":[2068,2537,2687,2647,2646],"class_list":{"0":"post-233265","1":"product","2":"type-product","3":"status-publish","4":"has-post-thumbnail","6":"product_brand-hp","7":"product_cat-dispositivos","8":"product_cat-monitores","9":"product_cat-monitores-y-tv","10":"product_tag-dispositivos","11":"product_tag-hp","12":"product_tag-monitor-hp-m22f-21-5-pulgadas-fhd-5ms","13":"product_tag-monitores","14":"product_tag-monitores-y-tv","15":"product_shipping_class-2088","16":"pa_canon-digital-incluida-0-e-incluidos","18":"first","19":"instock","20":"taxable","21":"shipping-taxable","22":"purchasable","23":"product-type-simple"},"_links":{"self":[{"href":"https:\/\/linkxa.es\/linkshop\/wp-json\/wp\/v2\/product\/233265","targetHints":{"allow":["GET"]}}],"collection":[{"href":"https:\/\/linkxa.es\/linkshop\/wp-json\/wp\/v2\/product"}],"about":[{"href":"https:\/\/linkxa.es\/linkshop\/wp-json\/wp\/v2\/types\/product"}],"replies":[{"embeddable":true,"href":"https:\/\/linkxa.es\/linkshop\/wp-json\/wp\/v2\/comments?post=233265"}],"wp:featuredmedia":[{"embeddable":true,"href":"https:\/\/linkxa.es\/linkshop\/wp-json\/wp\/v2\/media\/233266"}],"wp:attachment":[{"href":"https:\/\/linkxa.es\/linkshop\/wp-json\/wp\/v2\/media?parent=233265"}],"wp:term":[{"taxonomy":"product_brand","embeddable":true,"href":"https:\/\/linkxa.es\/linkshop\/wp-json\/wp\/v2\/product_brand?post=233265"},{"taxonomy":"product_cat","embeddable":true,"href":"https:\/\/linkxa.es\/linkshop\/wp-json\/wp\/v2\/product_cat?post=233265"},{"taxonomy":"product_tag","embeddable":true,"href":"https:\/\/linkxa.es\/linkshop\/wp-json\/wp\/v2\/product_tag?post=233265"}],"curies":[{"name":"wp","href":"https:\/\/api.w.org\/{rel}","templated":true}]}}