{"id":233407,"date":"2025-06-28T12:27:30","date_gmt":"2025-06-28T12:27:30","guid":{"rendered":"https:\/\/linkxa.es\/contratacion\/producto\/monitor-led-ips-lg-25ms500-b-25-pulgadas\/"},"modified":"2025-08-02T01:40:55","modified_gmt":"2025-08-02T01:40:55","slug":"monitor-led-ips-lg-25ms500-b-25-pulgadas","status":"publish","type":"product","link":"https:\/\/linkxa.es\/linkshop\/producto\/monitor-led-ips-lg-25ms500-b-25-pulgadas\/","title":{"rendered":"Monitor led ips lg 25ms500 &#8211; b 25 pulgadas"},"content":{"rendered":"<h3 style=\"text-align: center;\"><strong>Lg\u00a0 |\u00a0 Monitores<\/strong><\/h3>\n<p>\u00a0<\/p>\n<p>LG 25MS500-B. Diagonal de la pantalla: 63,5 cm (25&#8243;), Resoluci\u00f3n de la pantalla: 1920 x 1080 Pixeles, Tipo HD: Full HD, Tecnolog\u00eda de visualizaci\u00f3n: LCD, Tiempo de respuesta: 5 ms, Relaci\u00f3n de<br \/>aspecto nativa: 16:9, \u00c1ngulo de visi\u00f3n, horizontal: 178, \u00c1ngulo de visi\u00f3n, vertical: 178. montaje VESA. Color del producto: Negro<\/p>\n<p>Exhibici\u00f3n<br \/>Diagonal de la pantalla *63,5 cm (25&#8243;)<br \/>Resoluci\u00f3n de la pantalla *1920 x 1080 Pixeles<br \/>Tipo HD *Full HD<br \/>Relaci\u00f3n de aspecto nativa *16:9<br \/>Tecnolog\u00eda de visualizaci\u00f3n *LCD<br \/>Tipo de pantalla *IPS<br \/>Brillo de la pantalla (t\u00edpico)250 cd \/ m<br \/>Tiempo de respuesta5 ms<br \/>Forma de la pantalla *Plana<br \/>M\u00e1xima velocidad de actualizaci\u00f3n *100 Hz<br \/>\u00c1ngulo de visi\u00f3n, horizontal178<br \/>\u00c1ngulo de visi\u00f3n, vertical178<br \/>N\u00famero de colores de la pantalla *16,7 millones de colores<br \/>Diagonal de pantalla62,3 cm<br \/>Desempe\u00f1o<br \/>Tecnolog\u00edas espec\u00edficasBlack Stabilizer, Crosshair<br \/>Dise\u00f1o<br \/>Posicionamiento de mercado *Juego<br \/>Color del producto *Negro<br \/>Color de piesNegro<br \/>Puertos e Interfaces<br \/>Conector USB incorporado *No<br \/>HDMI *Yes<br \/>N\u00famero de puertos HDMI2<br \/>Salida de auriculares *Yes<br \/>Ergonom\u00eda<br \/>montaje VESA *Yes<br \/>Ergonom\u00eda<br \/>Interfaz de panel de montaje75 x 75 mm<br \/>Ajustes de altura *No<br \/>Control de energ\u00eda<br \/>Clase de eficiencia energ\u00e9tica (SDR) *D<br \/>Consumo de energ\u00eda (SDR) por 1000 horas *14,7 kWh<br \/>Consumo de energ\u00eda (inactivo) *0,5 W<br \/>Consumo de energ\u00eda (apagado)0,3 W<br \/>Voltaje de entrada AC100 &#8211; 240 V<br \/>Tipo de fuente de alimentaci\u00f3nExterno<br \/>Escala de eficiencia energ\u00e9ticaDe la A a la G<br \/>Peso y dimensiones<br \/>Ancho del dispositivo (con soporte)633 mm<br \/>Profundidad dispositivo (con soporte)141 mm<br \/>Altura del dispositivo (con soporte)418 mm<br \/>Peso (con soporte)2,6 kg<br \/>Ancho (sin base)557,5 mm<br \/>Profundidad (sin base)58,8 mm<br \/>Altura (sin base)328,3 mm<br \/>Empaquetado<br \/>Ancho del paquete557,5 mm<br \/>Profundidad del paquete189,9 mm<br \/>Altura del paquete421,2 mm<br \/>Peso del paquete3,9 kg<\/p>\n<p>\u00a0<\/p>\n","protected":false},"excerpt":{"rendered":"<p>Monitor led ips lg 25ms500 &#8211; b 25 pulgadas fhd 5ms hdmi<\/p>\n","protected":false},"featured_media":233408,"comment_status":"closed","ping_status":"open","template":"","meta":{"_et_pb_use_builder":"","_et_pb_old_content":"","_et_gb_content_width":""},"product_brand":[2648],"product_cat":[2058,2644,2643],"product_tag":[2068,2649,2718,2647,2646],"class_list":{"0":"post-233407","1":"product","2":"type-product","3":"status-publish","4":"has-post-thumbnail","6":"product_brand-lg","7":"product_cat-dispositivos","8":"product_cat-monitores","9":"product_cat-monitores-y-tv","10":"product_tag-dispositivos","11":"product_tag-lg","12":"product_tag-monitor-led-ips-lg-25ms500-b-25-pulgadas","13":"product_tag-monitores","14":"product_tag-monitores-y-tv","15":"product_shipping_class-2088","16":"pa_canon-digital-incluida-0-e-incluidos","18":"first","19":"instock","20":"taxable","21":"shipping-taxable","22":"purchasable","23":"product-type-simple"},"_links":{"self":[{"href":"https:\/\/linkxa.es\/linkshop\/wp-json\/wp\/v2\/product\/233407","targetHints":{"allow":["GET"]}}],"collection":[{"href":"https:\/\/linkxa.es\/linkshop\/wp-json\/wp\/v2\/product"}],"about":[{"href":"https:\/\/linkxa.es\/linkshop\/wp-json\/wp\/v2\/types\/product"}],"replies":[{"embeddable":true,"href":"https:\/\/linkxa.es\/linkshop\/wp-json\/wp\/v2\/comments?post=233407"}],"wp:featuredmedia":[{"embeddable":true,"href":"https:\/\/linkxa.es\/linkshop\/wp-json\/wp\/v2\/media\/233408"}],"wp:attachment":[{"href":"https:\/\/linkxa.es\/linkshop\/wp-json\/wp\/v2\/media?parent=233407"}],"wp:term":[{"taxonomy":"product_brand","embeddable":true,"href":"https:\/\/linkxa.es\/linkshop\/wp-json\/wp\/v2\/product_brand?post=233407"},{"taxonomy":"product_cat","embeddable":true,"href":"https:\/\/linkxa.es\/linkshop\/wp-json\/wp\/v2\/product_cat?post=233407"},{"taxonomy":"product_tag","embeddable":true,"href":"https:\/\/linkxa.es\/linkshop\/wp-json\/wp\/v2\/product_tag?post=233407"}],"curies":[{"name":"wp","href":"https:\/\/api.w.org\/{rel}","templated":true}]}}