{"id":233601,"date":"2025-03-19T00:54:18","date_gmt":"2025-03-19T00:54:18","guid":{"rendered":"https:\/\/linkxa.es\/contratacion\/producto\/monitor-hp-532sf-fhd-31-5-pulgadas-serie\/"},"modified":"2025-08-02T01:53:29","modified_gmt":"2025-08-02T01:53:29","slug":"monitor-hp-532sf-fhd-31-5-pulgadas-serie","status":"publish","type":"product","link":"https:\/\/linkxa.es\/linkshop\/producto\/monitor-hp-532sf-fhd-31-5-pulgadas-serie\/","title":{"rendered":"Monitor hp 532sf fhd 31.5 pulgadas serie"},"content":{"rendered":"<h3 style=\"text-align: center;\"><strong>Hp\u00a0 |\u00a0 Monitores<\/strong><\/h3>\n<p>\u00a0<\/p>\n<p>El monitor FHD HP serie 5 de 31,5 pulgadas te proporciona la flexibilidad para disfrutar delentretenimiento gracias a su dise\u00f1o elegante, fino y ligero, colores intensos, una gran relaci\u00f3n decontraste y una mayor velocidad de actualizaci\u00f3n[1] para una experiencia sin retrasos.<br \/>Visualiza m\u00e1s de lo que te gusta<br \/>Sum\u00e9rgete en cualquier proyecto que te apasione con elmonitor FHD HP serie 5 de 31,5 pulgadas. Su dise\u00f1o elegante, fino y ligero te proporciona laflexibilidad para disfrutar del entretenimiento, mientras que los colores intensos y la gran relaci\u00f3n decontraste te permitir\u00e1n visualizar todo como debe verse. Mejora el tiempo en pantalla y deentretenimiento con una mayor velocidad de actualizaci\u00f3n[1] para una experiencia sinretrasos.<br \/>HP Monitor FHD serie 5 de 31,5 pulgadas &#8211; 532sf. Diagonal de la pantalla: 80 cm (31.5&#8243;), Resoluci\u00f3n de la pantalla: 1920 x 1080 Pixeles, Tipo HD: Full HD, Tecnolog\u00eda de visualizaci\u00f3n: LED, Superficie de la pantalla: Mate, Tiempo de respuesta: 7 ms, Relaci\u00f3n de aspecto nativa: 16:9, \u00c1ngulo de visi\u00f3n, horizontal: 178, \u00c1ngulo de visi\u00f3n, vertical: 178. Color del producto: Plata<\/p>\n<p>\u00a0<\/p>\n","protected":false},"excerpt":{"rendered":"<p>Monitor hp 532sf fhd 31.5 pulgadas serie 5<\/p>\n","protected":false},"featured_media":233602,"comment_status":"closed","ping_status":"open","template":"","meta":{"_et_pb_use_builder":"","_et_pb_old_content":"","_et_gb_content_width":""},"product_brand":[2536],"product_cat":[2058,2644,2643],"product_tag":[2068,2537,2755,2647,2646],"class_list":{"0":"post-233601","1":"product","2":"type-product","3":"status-publish","4":"has-post-thumbnail","6":"product_brand-hp","7":"product_cat-dispositivos","8":"product_cat-monitores","9":"product_cat-monitores-y-tv","10":"product_tag-dispositivos","11":"product_tag-hp","12":"product_tag-monitor-hp-532sf-fhd-31-5-pulgadas-serie","13":"product_tag-monitores","14":"product_tag-monitores-y-tv","15":"product_shipping_class-2088","16":"pa_canon-digital-incluida-0-e-incluidos","18":"first","19":"instock","20":"taxable","21":"shipping-taxable","22":"purchasable","23":"product-type-simple"},"_links":{"self":[{"href":"https:\/\/linkxa.es\/linkshop\/wp-json\/wp\/v2\/product\/233601","targetHints":{"allow":["GET"]}}],"collection":[{"href":"https:\/\/linkxa.es\/linkshop\/wp-json\/wp\/v2\/product"}],"about":[{"href":"https:\/\/linkxa.es\/linkshop\/wp-json\/wp\/v2\/types\/product"}],"replies":[{"embeddable":true,"href":"https:\/\/linkxa.es\/linkshop\/wp-json\/wp\/v2\/comments?post=233601"}],"wp:featuredmedia":[{"embeddable":true,"href":"https:\/\/linkxa.es\/linkshop\/wp-json\/wp\/v2\/media\/233602"}],"wp:attachment":[{"href":"https:\/\/linkxa.es\/linkshop\/wp-json\/wp\/v2\/media?parent=233601"}],"wp:term":[{"taxonomy":"product_brand","embeddable":true,"href":"https:\/\/linkxa.es\/linkshop\/wp-json\/wp\/v2\/product_brand?post=233601"},{"taxonomy":"product_cat","embeddable":true,"href":"https:\/\/linkxa.es\/linkshop\/wp-json\/wp\/v2\/product_cat?post=233601"},{"taxonomy":"product_tag","embeddable":true,"href":"https:\/\/linkxa.es\/linkshop\/wp-json\/wp\/v2\/product_tag?post=233601"}],"curies":[{"name":"wp","href":"https:\/\/api.w.org\/{rel}","templated":true}]}}