{"id":233742,"date":"2024-12-23T18:28:00","date_gmt":"2024-12-23T18:28:00","guid":{"rendered":"https:\/\/linkxa.es\/contratacion\/producto\/monitor-tv-lg-24tq510s-pz-23-6-pulgadas-1366\/"},"modified":"2025-08-02T02:02:02","modified_gmt":"2025-08-02T02:02:02","slug":"monitor-tv-lg-24tq510s-pz-23-6-pulgadas-1366","status":"publish","type":"product","link":"https:\/\/linkxa.es\/linkshop\/producto\/monitor-tv-lg-24tq510s-pz-23-6-pulgadas-1366\/","title":{"rendered":"Monitor tv lg 24tq510s &#8211; pz 23.6 pulgadas 1366"},"content":{"rendered":"<h3 style=\"text-align: center;\"><strong>Lg\u00a0 |\u00a0 Television<\/strong><\/h3>\n<p>\u00a0<\/p>\n<p>LG HD 24TQ510S-PZ. Diagonal de la pantalla: 59,9 cm (23.6&#8243;), Resoluci\u00f3n de la pantalla: 1366 x 768 Pixeles, Tipo HD: HD, Tecnolog\u00eda de visualizaci\u00f3n: LED, Forma de la pantalla: Plana, Tipo de retroiluminaci\u00f3n LED:<br \/>Edge-LED. Smart TV. Brillo de pantalla: 250 cd \/ m\u00b2, Tiempo de respuesta: 14 ms, Raz\u00f3n de contraste (t\u00edpica): 1000:1, Relaci\u00f3n de aspecto nativa: 16:9. Formato de se\u00f1al digital: DVB-C, DVB-S, DVB-S2, DVB-T, DVB-T2.<br \/>Wifi, Ethernet. Color del producto: Negro, Gris<\/p>\n<p>Exhibici\u00f3n<br \/>Diagonal de la pantalla *59,9 cm (23.6&#8243;)<br \/>Tipo HD *HD<br \/>Tecnolog\u00eda de visualizaci\u00f3n *LED<br \/>Tipo de retroiluminaci\u00f3n LEDEdge-LED<br \/>Forma de la pantalla *Plana<br \/>Relaci\u00f3n de aspecto nativa *16:9<br \/>Formato de v\u00eddeo soportado480p, 576p, 720p, 1080i, 1080p<br \/>Brillo de pantalla *250 cd \/ m\u00b2<br \/>Tiempo de respuesta *14 ms<br \/>Frecuencia nativa de refresco60 Hz<br \/>Raz\u00f3n de contraste (t\u00edpica) *1000:1<br \/>N\u00famero de colores de la pantalla16,7 millones de colores<br \/>\u00c1ngulo de visi\u00f3n, horizontal178\u00b0<br \/>\u00c1ngulo de visi\u00f3n, vertical178\u00b0<br \/>Resoluci\u00f3n de la pantalla *1366 x 768 Pixeles<br \/>Diagonal de pantalla59,8 cm<br \/>Sintonizador de la TV<br \/>Tipo de sintonizador *Anal\u00f3gico y digital<br \/>Se\u00f1al anal\u00f3gica *PAL, SECAM B\/G, SECAM D\/K<br \/>Formato de se\u00f1al digital *DVB-C, DVB-S, DVB-S2, DVB-T, DVB-T2<br \/>Smart TV<br \/>Smart TV *Yes<br \/>Sistema operativo instalado *Web OS<br \/>Versi\u00f3n de sistema operativo22<br \/>Duplicaci\u00f3n de pantallaYes<br \/>V\u00eddeo a la carta de apoyo (VOD)Yes<br \/>HbbTVYes<br \/>Versi\u00f3n de la plataforma de emisi\u00f3n de contenidos Hybrid Broadcast Broadband TV (HbbTV)2.0<br \/>Modos inteligentesCine, Modo director, Juego, Deportes, Est\u00e1ndar, Vivo<br \/>Aplicaciones de v\u00eddeoApple TV, Disney+, Netflix, YouTube<br \/>Audio<br \/>N\u00famero de altavoces *2<br \/>Potencia estimada RMS *10 W<br \/>EcualizadorYes<br \/>Nivelador autom\u00e1tico de volumenYes<br \/>Descriptor de preselecci\u00f3n de audioYes<br \/>Conexi\u00f3n<br \/>Wifi *Yes<br \/>Ethernet *Yes<br \/>Bluetooth *Yes<br \/>Navegador webYes<br \/>Dise\u00f1o<br \/>Nombre del colorIron gray<br \/>montaje VESA *No<br \/>Color del producto *Negro, Gris<br \/>Tipo de soporteSoporte central<br \/>Color del soporteNegro<br \/>Desempe\u00f1o<br \/>Funciones de teletextoYes<br \/>Clonaci\u00f3n de USBNo<br \/>Puertos e Interfaces<br \/>HDCPYes<br \/>Ethernet LAN (RJ-45) cantidad de puertos *1<br \/>Cantidad de puertos USB 2.0 *1<br \/>Audio digital, salida optica1<br \/>Interfaz com\u00fan *Yes<br \/>N\u00famero de puertos HDMI *2<br \/>PC (D-Sub) *No<br \/>Caracter\u00edsticas de administraci\u00f3n<br \/>Tipo de controlInal\u00e1mbrico<br \/>Gu\u00eda electr\u00f3nica de programaci\u00f3nYes<br \/>Apagado autom\u00e1ticoYes<br \/>Temporizador de apagadoYes<br \/>Control de energ\u00eda<br \/>Clase de eficiencia energ\u00e9tica (SDR) *E<br \/>Consumo de energ\u00eda (SDR) por 1000 horas *18 kWh<br \/>Consumo de energ\u00eda (inactivo) *0,5 W<br \/>Modo de ahorro de energ\u00edaYes<br \/>Escala de eficiencia energ\u00e9ticaDe la A a la G<br \/>Aprobaciones reguladoras<br \/>Certificaci\u00f3nCE<br \/>Peso y dimensiones<br \/>Ancho del dispositivo (con soporte)563,1 mm<br \/>Profundidad dispositivo (con soporte)148,6 mm<br \/>Altura del dispositivo (con soporte)393,8 mm<br \/>Peso (con soporte)3,6 kg<br \/>Ancho (sin base)56,3 cm<br \/>Profundidad (sin base)5,8 cm<br \/>Altura (sin base)34,1 cm<br \/>Peso (sin base)3,25 kg<br \/>Empaquetado<br \/>Soporte de sobremesaYes<br \/>Cables incluidosCorriente alterna<br \/>Mando a distancia incluidoYes<br \/>Ancho del paquete700 mm<br \/>Profundidad del paquete402 mm<br \/>Altura del paquete142 mm<br \/>Peso del paquete4,8 kg<br \/>Tipo de embalajeCaja<br \/>Otras caracter\u00edsticas<br \/>Reloj integradoYes<br \/>Reproductor de m\u00fasica v\u00eda USBYes<br \/>Reproductor de v\u00eddeo v\u00eda USBYes<\/p>\n<p>\u00a0<\/p>\n","protected":false},"excerpt":{"rendered":"<p>Monitor tv lg 24tq510s &#8211; pz 23.6 pulgadas 1366 x 768 hdmi smart tv<\/p>\n","protected":false},"featured_media":233743,"comment_status":"closed","ping_status":"open","template":"","meta":{"_et_pb_use_builder":"","_et_pb_old_content":"","_et_gb_content_width":""},"product_brand":[2648],"product_cat":[2058,2643,2780],"product_tag":[2068,2649,2781,2646,1465],"class_list":{"0":"post-233742","1":"product","2":"type-product","3":"status-publish","4":"has-post-thumbnail","6":"product_brand-lg","7":"product_cat-dispositivos","8":"product_cat-monitores-y-tv","9":"product_cat-television","10":"product_tag-dispositivos","11":"product_tag-lg","12":"product_tag-monitor-tv-lg-24tq510s-pz-23-6-pulgadas-1366","13":"product_tag-monitores-y-tv","14":"product_tag-television","15":"product_shipping_class-2088","16":"pa_canon-digital-incluida-0-e-incluidos","18":"first","19":"instock","20":"taxable","21":"shipping-taxable","22":"purchasable","23":"product-type-simple"},"_links":{"self":[{"href":"https:\/\/linkxa.es\/linkshop\/wp-json\/wp\/v2\/product\/233742","targetHints":{"allow":["GET"]}}],"collection":[{"href":"https:\/\/linkxa.es\/linkshop\/wp-json\/wp\/v2\/product"}],"about":[{"href":"https:\/\/linkxa.es\/linkshop\/wp-json\/wp\/v2\/types\/product"}],"replies":[{"embeddable":true,"href":"https:\/\/linkxa.es\/linkshop\/wp-json\/wp\/v2\/comments?post=233742"}],"wp:featuredmedia":[{"embeddable":true,"href":"https:\/\/linkxa.es\/linkshop\/wp-json\/wp\/v2\/media\/233743"}],"wp:attachment":[{"href":"https:\/\/linkxa.es\/linkshop\/wp-json\/wp\/v2\/media?parent=233742"}],"wp:term":[{"taxonomy":"product_brand","embeddable":true,"href":"https:\/\/linkxa.es\/linkshop\/wp-json\/wp\/v2\/product_brand?post=233742"},{"taxonomy":"product_cat","embeddable":true,"href":"https:\/\/linkxa.es\/linkshop\/wp-json\/wp\/v2\/product_cat?post=233742"},{"taxonomy":"product_tag","embeddable":true,"href":"https:\/\/linkxa.es\/linkshop\/wp-json\/wp\/v2\/product_tag?post=233742"}],"curies":[{"name":"wp","href":"https:\/\/api.w.org\/{rel}","templated":true}]}}