{"id":233939,"date":"2025-04-17T03:40:15","date_gmt":"2025-04-17T03:40:15","guid":{"rendered":"https:\/\/linkxa.es\/contratacion\/producto\/auriculares-muvit-io-sport-enc-inalambrico\/"},"modified":"2025-08-02T02:18:11","modified_gmt":"2025-08-02T02:18:11","slug":"auriculares-muvit-io-sport-enc-inalambrico","status":"publish","type":"product","link":"https:\/\/linkxa.es\/linkshop\/producto\/auriculares-muvit-io-sport-enc-inalambrico\/","title":{"rendered":"Auriculares muvit io sport enc inalambrico"},"content":{"rendered":"<h3 style=\"text-align: center;\"><strong>Muvit\u00a0 |\u00a0 Auriculares<\/strong><\/h3>\n<p>\u00a0<\/p>\n<p>La nueva generaci\u00f3n de auriculares inteligentes true wireless ya est\u00e1 aqui! Los auriculares Smart Sport true wireless tienen todo lo que necesitas: la mejor calidad de sonido, funciones avanzadas y, por<br \/>supuesto, son amigables con el medio ambiente. Est\u00e1n fabricados con pl\u00e1stico reciclado y est\u00e1n dise\u00f1ados para ser c\u00f3modos y ergon\u00f3micos, lo que significa que puedes disfrutar de la m\u00fasica todo el<br \/>d\u00eda sin tener que preocuparte por la incomodidad en tus o\u00eddos. Adem\u00e1s, gracias a la tecnolog\u00eda de cancelaci\u00f3n de ruido (ENC), podr\u00e1s escuchar tu m\u00fasica favorita sin distracciones.<br \/>\u00bfEres un geek de la m\u00fasica y el deporte?<\/p>\n<p>\u00a1Tenemos los auriculares perfectos para ti! Nuestros auriculares inteligentes true wireless est\u00e1n dise\u00f1ados para ser tu compa\u00f1ero de entrenamiento ideal, tanto en el gimnasio como al aire libre. Con su<br \/>protecci\u00f3n IPX5, pueden soportar el sudor y las salpicaduras, por lo que puedes entrenar con total confianza.Pero eso no es todo. Estos auriculares tambi\u00e9n cuentan con la tecnolog\u00eda de cancelaci\u00f3n de<br \/>ruido (ENC), lo que significa que puedes disfrutar de tu m\u00fasica favorita sin distracciones. Adem\u00e1s, puedes personalizar tu experiencia auditiva con la app muvit iO Home, que te permite ajustar los niveles<br \/>de graves y agudos para obtener el sonido que m\u00e1s te guste.<br \/>\u00bfAlguna vez has perdido tus auriculares en el gimnasio o durante una carrera?<\/p>\n<p>\u00a1No te preocupes! La app muvit iO Home tambi\u00e9n cuenta con una funci\u00f3n de localizaci\u00f3n que te ayuda a encontrar tus auriculares con facilidad. Si el smartphone tiene la ubicaci\u00f3n activada, cuando se<br \/>desconecten los auriculares de la App, esta guardar\u00e1 la ubicaci\u00f3n de d\u00f3nde se han desconectado y lo mostrar\u00e1 en un mapa. Adem\u00e1s, cuentan con un dise\u00f1o ergon\u00f3mico y elegante que se adapta<br \/>perfectamente a tus o\u00eddos, lo que los hace c\u00f3modos de llevar durante horas.<\/p>\n<p>La bater\u00eda de larga duraci\u00f3n te permite disfrutar de hasta 5 horas de m\u00fasica ininterrumpida con una sola carga. Incluso puedes cargarlos sobre la marcha gracias al estuche de carga port\u00e1til. Y lo mejor<br \/>de todo es que nuestros auriculares est\u00e1n fabricados con pl\u00e1stico reciclado y vienen con un packaging dise\u00f1ado en cart\u00f3n reciclado y reciclable, impreso con eco tintas y con un hook de fibra vegetal.<\/p>\n<p>Estamos comprometidos con el medio ambiente y queremos que nuestros productos reflejen eso. En resumen, nuestros auriculares muvit iO inteligentes true wireless son perfectos para los amantes<br \/>del deporte y la m\u00fasica.<br \/>Obt\u00e9n la mejor calidad de sonido mientras haces ejercicio y contribuyes a cuidar el medio ambiente. Disfruta de la mejor tecnolog\u00eda de sonido sostenible para tus entrenamientos!<\/p>\n<p>Especificaciones<\/p>\n<p>Funciones mediante app:<br \/>Control de reproducci\u00f3n\/parada, canci\u00f3n siguiente\/canci\u00f3n anterior, volumen \u00ab+\u00bb\/\u00bb-\u00ab<br \/>Funci\u00f3n de localizaci\u00f3n, para localizar d\u00f3nde est\u00e1n tus auriculares<br \/>Ajuste del ecualizador<br \/>Selecci\u00f3n de distintos estilos de sonido<br \/>Compatible con asistentes de voz: realiza llamadas, b\u00fasquedas de informaci\u00f3n o lee notificaciones recibidas en tu tel\u00e9fono mediante comandos de voz. Ya no tendr\u00e1s ni que sacar tu Smartphone del<br \/>bolsillo! Modo ENC<br \/>Versi\u00f3n de Bluetooth: V5.1+BR+EDR+BLE<br \/>Protecci\u00f3n: IPX5<br \/>Decodificaci\u00f3n Bluetooth: SBC, AAC<br \/>Frecuencia de trabajo de Bluetooth: 2.402GHz-2.480GHz<br \/>Respuesta de frecuencia: 20Hz-20KHz<br \/>Tama\u00f1o del altavoz: 10mm<br \/>Sensibilidad: 96db\u00b12dB S.P.L a 1KHz<br \/>Impedancia del altavoz: 16 ohms\u00b15% a 1mW \/ 1000Hz<br \/>Sensibilidad del micr\u00f3fono: -42\u00b13dB<br \/>Distancia efectiva: 15m (en un entorno ideal sin grandes obst\u00e1culos)<br \/>Capacidad de la bater\u00eda de los auriculares: 30mAh<br \/>Capacidad de la bater\u00eda de la carcasa: 300mAh<br \/>Autonom\u00eda &#8211; Con una sola carga: Hasta 5 horas \/ Con cargas adicionales con el estuche: hasta 16 horas<\/p>\n<p>\u00a0<\/p>\n","protected":false},"excerpt":{"rendered":"<p>Auriculares muvit io sport enc inalambrico negro<\/p>\n","protected":false},"featured_media":233940,"comment_status":"closed","ping_status":"open","template":"","meta":{"_et_pb_use_builder":"","_et_pb_old_content":"","_et_gb_content_width":""},"product_brand":[2503],"product_cat":[2799,2800,2058],"product_tag":[2803,2804,2821,2068,2504],"class_list":{"0":"post-233939","1":"product","2":"type-product","3":"status-publish","4":"has-post-thumbnail","6":"product_brand-muvit","7":"product_cat-altavoces-mp3-y-auriculares","8":"product_cat-auriculares","9":"product_cat-dispositivos","10":"product_tag-altavoces-mp3-y-auriculares","11":"product_tag-auriculares","12":"product_tag-auriculares-muvit-io-sport-enc-inalambrico","13":"product_tag-dispositivos","14":"product_tag-muvit","15":"product_shipping_class-2059","16":"pa_canon-digital-incluida-0-e-incluidos","18":"first","19":"instock","20":"taxable","21":"shipping-taxable","22":"purchasable","23":"product-type-simple"},"_links":{"self":[{"href":"https:\/\/linkxa.es\/linkshop\/wp-json\/wp\/v2\/product\/233939","targetHints":{"allow":["GET"]}}],"collection":[{"href":"https:\/\/linkxa.es\/linkshop\/wp-json\/wp\/v2\/product"}],"about":[{"href":"https:\/\/linkxa.es\/linkshop\/wp-json\/wp\/v2\/types\/product"}],"replies":[{"embeddable":true,"href":"https:\/\/linkxa.es\/linkshop\/wp-json\/wp\/v2\/comments?post=233939"}],"wp:featuredmedia":[{"embeddable":true,"href":"https:\/\/linkxa.es\/linkshop\/wp-json\/wp\/v2\/media\/233940"}],"wp:attachment":[{"href":"https:\/\/linkxa.es\/linkshop\/wp-json\/wp\/v2\/media?parent=233939"}],"wp:term":[{"taxonomy":"product_brand","embeddable":true,"href":"https:\/\/linkxa.es\/linkshop\/wp-json\/wp\/v2\/product_brand?post=233939"},{"taxonomy":"product_cat","embeddable":true,"href":"https:\/\/linkxa.es\/linkshop\/wp-json\/wp\/v2\/product_cat?post=233939"},{"taxonomy":"product_tag","embeddable":true,"href":"https:\/\/linkxa.es\/linkshop\/wp-json\/wp\/v2\/product_tag?post=233939"}],"curies":[{"name":"wp","href":"https:\/\/api.w.org\/{rel}","templated":true}]}}