{"id":234012,"date":"2025-04-29T18:18:03","date_gmt":"2025-04-29T18:18:03","guid":{"rendered":"https:\/\/linkxa.es\/contratacion\/producto\/microfono-phoenix-multimedia-podcaststudio-con-cable\/"},"modified":"2025-08-02T02:22:02","modified_gmt":"2025-08-02T02:22:02","slug":"microfono-phoenix-multimedia-podcaststudio-con-cable","status":"publish","type":"product","link":"https:\/\/linkxa.es\/linkshop\/producto\/microfono-phoenix-multimedia-podcaststudio-con-cable\/","title":{"rendered":"Microfono phoenix multimedia podcaststudio con cable"},"content":{"rendered":"<h3 style=\"text-align: center;\"><strong>Phoenix technologies\u00a0 |\u00a0 Micr\u00f3fonos<\/strong><\/h3>\n<p>\u00a0<\/p>\n<p>Magn\u00edfico micr\u00f3fono para poner tu propia voz a tus videos y podcasts. Comenta un juego, una pel\u00edcula o simplemente tus ideas, comp\u00e1rtelo todo gracias a este micr\u00f3fono de Phoenix.<br \/>Con\u00e9ctalo a tu ordenador, smartphone o Tablet a trav\u00e9s de su conector Mini Jack 3.5 mm.<br \/>Ten en cuenta su sencillo sistema, no se necesitan drivers, solo conectar y empezar a disfrutar.<br \/>Depende del sistema operativo que tenga su dispositivo, tendr\u00e1 que hacer algunos ajustes desde el selector de entrada del audio, seleccionando entrada de micr\u00f3fono externo.<br \/>Se recomienda alejarse una distancia de un palmo del micr\u00f3fono para obtener el sonido m\u00e1s n\u00edtido y la mejor calidad de grabaci\u00f3n.<\/p>\n<p>\u00a0<\/p>\n","protected":false},"excerpt":{"rendered":"<p>Microfono phoenix multimedia podcaststudio con cable jack para pc ordenador conferencias<\/p>\n","protected":false},"featured_media":234013,"comment_status":"closed","ping_status":"open","template":"","meta":{"_et_pb_use_builder":"","_et_pb_old_content":"","_et_gb_content_width":""},"product_brand":[2657],"product_cat":[2799,2058,2831],"product_tag":[2803,2068,2836,2833,2658],"class_list":{"0":"post-234012","1":"product","2":"type-product","3":"status-publish","4":"has-post-thumbnail","6":"product_brand-phoenix-technologies","7":"product_cat-altavoces-mp3-y-auriculares","8":"product_cat-dispositivos","9":"product_cat-microfonos","10":"product_tag-altavoces-mp3-y-auriculares","11":"product_tag-dispositivos","12":"product_tag-microfono-phoenix-multimedia-podcaststudio-con-cable","13":"product_tag-microfonos","14":"product_tag-phoenix-technologies","15":"product_shipping_class-2088","16":"pa_canon-digital-incluida-0-e-incluidos","18":"first","19":"instock","20":"taxable","21":"shipping-taxable","22":"purchasable","23":"product-type-simple"},"_links":{"self":[{"href":"https:\/\/linkxa.es\/linkshop\/wp-json\/wp\/v2\/product\/234012","targetHints":{"allow":["GET"]}}],"collection":[{"href":"https:\/\/linkxa.es\/linkshop\/wp-json\/wp\/v2\/product"}],"about":[{"href":"https:\/\/linkxa.es\/linkshop\/wp-json\/wp\/v2\/types\/product"}],"replies":[{"embeddable":true,"href":"https:\/\/linkxa.es\/linkshop\/wp-json\/wp\/v2\/comments?post=234012"}],"wp:featuredmedia":[{"embeddable":true,"href":"https:\/\/linkxa.es\/linkshop\/wp-json\/wp\/v2\/media\/234013"}],"wp:attachment":[{"href":"https:\/\/linkxa.es\/linkshop\/wp-json\/wp\/v2\/media?parent=234012"}],"wp:term":[{"taxonomy":"product_brand","embeddable":true,"href":"https:\/\/linkxa.es\/linkshop\/wp-json\/wp\/v2\/product_brand?post=234012"},{"taxonomy":"product_cat","embeddable":true,"href":"https:\/\/linkxa.es\/linkshop\/wp-json\/wp\/v2\/product_cat?post=234012"},{"taxonomy":"product_tag","embeddable":true,"href":"https:\/\/linkxa.es\/linkshop\/wp-json\/wp\/v2\/product_tag?post=234012"}],"curies":[{"name":"wp","href":"https:\/\/api.w.org\/{rel}","templated":true}]}}