{"id":234024,"date":"2025-06-01T16:27:28","date_gmt":"2025-06-01T16:27:28","guid":{"rendered":"https:\/\/linkxa.es\/contratacion\/producto\/auricular-con-microfono-logitech-g-g733\/"},"modified":"2025-08-02T09:03:01","modified_gmt":"2025-08-02T09:03:01","slug":"auricular-con-microfono-logitech-g-g733","status":"publish","type":"product","link":"https:\/\/linkxa.es\/linkshop\/producto\/auricular-con-microfono-logitech-g-g733\/","title":{"rendered":"Auricular con microfono logitech g g733"},"content":{"rendered":"<h3 style=\"text-align: center;\"><strong>Logitech\u00a0 |\u00a0 Auriculares<\/strong><\/h3>\n<p>\u00a0<\/p>\n<p>Ficha T\u00e9cnica<br \/>General<br \/>Tipo de producto Auricular &#8211; 2,4 GHz &#8211; inal\u00e1mbrico<br \/>Compatibilidad Mac,Windows<br \/>Peso 278 g<br \/>Color Negro<br \/>Material de las almohadillas Espuma viscoel\u00e1stica<br \/>Uso recomendado Consola de juegos,ordenador<br \/>Gaming S\u00ed<br \/>Distancia operativa m\u00e1x. 20 m<br \/>Audio salida<br \/>Factor de forma de los auriculares Tama\u00f1o completo<br \/>Tecnolog\u00eda de conectividad Inal\u00e1mbrico<br \/>Tecnolog\u00eda inal\u00e1mbrica Frecuencia de radio de 2,4 GHz<br \/>Modo de salida del sonido Est\u00e9reo<br \/>Efectos de sonido DTS Headphone:X 2.0<br \/>Respuesta de frecuencia 20 &#8211; 20000 Hz<br \/>Sensibilidad 87.5 dB<br \/>Impedancia 39 Ohm<br \/>Diafragma 40 mm<br \/>Diadema ajustable S\u00ed<br \/>Caracter\u00edsticas LIGHTSYNC RGB,controladores Pro-G,Blue VO!CE Mic Technology,tecnolog\u00eda inal\u00e1mbrica LIGHTSPEED<br \/>Tipo de micr\u00f3fono<br \/>Tipo Boom<br \/>Factor de forma Micr\u00f3fono de auriculares extra\u00edble<br \/>Control remoto<br \/>Controles Sin sonido,volumen,activado\/desactivado<br \/>Diverso<br \/>Accesorios incluidos Receptor inal\u00e1mbrico,cable de carga de USB-C a USB-A<br \/>Detalles de cables Cable de carga USB-C &#8211; extra\u00edble &#8211; 1.8 m<br \/>Alimentaci\u00f3n<br \/>Bater\u00eda Pila para auriculares recargable &#8211; litio-pol\u00edmero<br \/>Tiempo de ejecuci\u00f3n (m\u00e1ximo) 29 hora(s)<br \/>Dimensiones y peso (embalaje)<br \/>Anchura de embalaje 10.5 cm<br \/>Profundidad de embalaje 21 cm<br \/>Altura de embalaje 21.4 cm<br \/>Peso de embalaje 392 g<\/p>\n<p>\u00a0<\/p>\n","protected":false},"excerpt":{"rendered":"<p>Auricular con microfono logitech g g733 gaming wireless inalambrico negro<\/p>\n","protected":false},"featured_media":234254,"comment_status":"closed","ping_status":"open","template":"","meta":{"_et_pb_use_builder":"","_et_pb_old_content":"","_et_gb_content_width":""},"product_brand":[2798],"product_cat":[2799,2800,2058],"product_tag":[2803,2838,2804,2068,2801],"class_list":{"0":"post-234024","1":"product","2":"type-product","3":"status-publish","4":"has-post-thumbnail","6":"product_brand-logitech","7":"product_cat-altavoces-mp3-y-auriculares","8":"product_cat-auriculares","9":"product_cat-dispositivos","10":"product_tag-altavoces-mp3-y-auriculares","11":"product_tag-auricular-con-microfono-logitech-g-g733","12":"product_tag-auriculares","13":"product_tag-dispositivos","14":"product_tag-logitech","15":"product_shipping_class-2088","16":"pa_canon-digital-incluida-0-e-incluidos","18":"first","19":"instock","20":"taxable","21":"shipping-taxable","22":"purchasable","23":"product-type-simple"},"_links":{"self":[{"href":"https:\/\/linkxa.es\/linkshop\/wp-json\/wp\/v2\/product\/234024","targetHints":{"allow":["GET"]}}],"collection":[{"href":"https:\/\/linkxa.es\/linkshop\/wp-json\/wp\/v2\/product"}],"about":[{"href":"https:\/\/linkxa.es\/linkshop\/wp-json\/wp\/v2\/types\/product"}],"replies":[{"embeddable":true,"href":"https:\/\/linkxa.es\/linkshop\/wp-json\/wp\/v2\/comments?post=234024"}],"wp:featuredmedia":[{"embeddable":true,"href":"https:\/\/linkxa.es\/linkshop\/wp-json\/wp\/v2\/media\/234254"}],"wp:attachment":[{"href":"https:\/\/linkxa.es\/linkshop\/wp-json\/wp\/v2\/media?parent=234024"}],"wp:term":[{"taxonomy":"product_brand","embeddable":true,"href":"https:\/\/linkxa.es\/linkshop\/wp-json\/wp\/v2\/product_brand?post=234024"},{"taxonomy":"product_cat","embeddable":true,"href":"https:\/\/linkxa.es\/linkshop\/wp-json\/wp\/v2\/product_cat?post=234024"},{"taxonomy":"product_tag","embeddable":true,"href":"https:\/\/linkxa.es\/linkshop\/wp-json\/wp\/v2\/product_tag?post=234024"}],"curies":[{"name":"wp","href":"https:\/\/api.w.org\/{rel}","templated":true}]}}