{"id":234123,"date":"2025-07-18T07:16:04","date_gmt":"2025-07-18T07:16:04","guid":{"rendered":"https:\/\/linkxa.es\/contratacion\/producto\/auriculares-urbanista-true-wireless-inalambricos-copenhagen\/"},"modified":"2025-08-02T09:22:40","modified_gmt":"2025-08-02T09:22:40","slug":"auriculares-urbanista-true-wireless-inalambricos-copenhagen","status":"publish","type":"product","link":"https:\/\/linkxa.es\/linkshop\/producto\/auriculares-urbanista-true-wireless-inalambricos-copenhagen\/","title":{"rendered":"Auriculares urbanista true wireless inalambricos copenhagen"},"content":{"rendered":"<h3 style=\"text-align: center;\"><strong>Urbanista\u00a0 |\u00a0 Auriculares<\/strong><\/h3>\n<p>\u00a0<\/p>\n<p>D\u00e9jese inspirar por la elegancia sin esfuerzo de Urbanista Copenhague, nuestros \u00faltimos y m\u00e1s elegantes auriculares inal\u00e1mbricos aut\u00e9nticos, inspirados en la ciudad conocida como la capital de la<br \/>moda escandinava. Dise\u00f1ados en para la vida en movimiento, los elegantes auriculares Copenhague cuentan con hasta 32 horas de reproducci\u00f3n verdaderamente inal\u00e1mbrica, lo que los convierte en de<br \/>todos los d\u00edas, ofreci\u00e9ndote la libertad de disfrutar de tus canciones favoritas durante todo el d\u00eda sin interrupciones.<\/p>\n<p>CARACTER\u00cdSTICAS PRINCIPALES<\/p>\n<p>Micr\u00f3fono con cancelaci\u00f3n de ruido<br \/>Autonom\u00eda de 8 horas<br \/>Tiempo total de reproducci\u00f3n 32 horas<br \/>Controles t\u00e1ctiles<br \/>Resistencia al agua IPX4<br \/>Carga por USB tipo C<br \/>Compatibilidad con el asistente de voz<br \/>Compatibilidad con aplicaciones<\/p>\n<p>ESPECIFICACIONES<\/p>\n<p>Tipo de conductor: 12 mm din\u00e1mico, bobina m\u00f3vil<br \/>Sensibilidad del controlador: 115\u00b13 dB SPL\/mW a 1kHz<br \/>Impedancia del conductor: 32 Ohm \u00b115 %<br \/>Respuesta en frecuencia: 20 Hz a 20 kHz<br \/>Tipo de micr\u00f3fono: MEMS<br \/>Cancelaci\u00f3n de ruido del micr\u00f3fono: ENC de doble micr\u00f3fono<br \/>Versi\u00f3n de Bluetooth\u00ae: 5.2<br \/>Perfiles Bluetooth\u00ae: A2DP, AVRCP, HFP y HSP<br \/>C\u00f3decs de audio: SBC y AAC<\/p>\n<p>EN LA CAJA<\/p>\n<p>&#8211; Cable de carga USB tipo C<\/p>\n<p>&#8211; Gu\u00eda de inicio r\u00e1pido<\/p>\n<p>\u00a0<\/p>\n","protected":false},"excerpt":{"rendered":"<p>Auriculares urbanista true wireless inalambricos copenhagen sage pure white<\/p>\n","protected":false},"featured_media":234474,"comment_status":"closed","ping_status":"open","template":"","meta":{"_et_pb_use_builder":"","_et_pb_old_content":"","_et_gb_content_width":""},"product_brand":[2849],"product_cat":[2799,2800,2058],"product_tag":[2803,2804,2868,2068,2850],"class_list":{"0":"post-234123","1":"product","2":"type-product","3":"status-publish","4":"has-post-thumbnail","6":"product_brand-urbanista","7":"product_cat-altavoces-mp3-y-auriculares","8":"product_cat-auriculares","9":"product_cat-dispositivos","10":"product_tag-altavoces-mp3-y-auriculares","11":"product_tag-auriculares","12":"product_tag-auriculares-urbanista-true-wireless-inalambricos-copenhagen","13":"product_tag-dispositivos","14":"product_tag-urbanista","15":"product_shipping_class-2059","16":"pa_canon-digital-incluida-0-e-incluidos","18":"first","19":"instock","20":"taxable","21":"shipping-taxable","22":"purchasable","23":"product-type-simple"},"_links":{"self":[{"href":"https:\/\/linkxa.es\/linkshop\/wp-json\/wp\/v2\/product\/234123","targetHints":{"allow":["GET"]}}],"collection":[{"href":"https:\/\/linkxa.es\/linkshop\/wp-json\/wp\/v2\/product"}],"about":[{"href":"https:\/\/linkxa.es\/linkshop\/wp-json\/wp\/v2\/types\/product"}],"replies":[{"embeddable":true,"href":"https:\/\/linkxa.es\/linkshop\/wp-json\/wp\/v2\/comments?post=234123"}],"wp:featuredmedia":[{"embeddable":true,"href":"https:\/\/linkxa.es\/linkshop\/wp-json\/wp\/v2\/media\/234474"}],"wp:attachment":[{"href":"https:\/\/linkxa.es\/linkshop\/wp-json\/wp\/v2\/media?parent=234123"}],"wp:term":[{"taxonomy":"product_brand","embeddable":true,"href":"https:\/\/linkxa.es\/linkshop\/wp-json\/wp\/v2\/product_brand?post=234123"},{"taxonomy":"product_cat","embeddable":true,"href":"https:\/\/linkxa.es\/linkshop\/wp-json\/wp\/v2\/product_cat?post=234123"},{"taxonomy":"product_tag","embeddable":true,"href":"https:\/\/linkxa.es\/linkshop\/wp-json\/wp\/v2\/product_tag?post=234123"}],"curies":[{"name":"wp","href":"https:\/\/api.w.org\/{rel}","templated":true}]}}