{"id":234187,"date":"2025-07-05T07:14:10","date_gmt":"2025-07-05T07:14:10","guid":{"rendered":"https:\/\/linkxa.es\/contratacion\/producto\/altavoz-energy-sistem-streetplay-rojo\/"},"modified":"2025-08-02T02:41:19","modified_gmt":"2025-08-02T02:41:19","slug":"altavoz-energy-sistem-streetplay-rojo","status":"publish","type":"product","link":"https:\/\/linkxa.es\/linkshop\/producto\/altavoz-energy-sistem-streetplay-rojo\/","title":{"rendered":"Altavoz energy sistem streetplay rojo"},"content":{"rendered":"<h3 style=\"text-align: center;\"><strong>Energy sistem\u00a0 |\u00a0 Altavoces<\/strong><\/h3>\n<p>\u00a0<\/p>\n<p>Sonido con conciencia<br \/>Altavoz port\u00e1til con 8W de potencia, fabricado con pl\u00e1stico reciclado certificado GRS (Global Recycled Standard) para un rendimiento excepcional y responsable.<\/p>\n<p>Autonom\u00eda duradera<br \/>Disfruta de hasta 12 horas de m\u00fasica ininterrumpida, donde y cuando quieras, con la m\u00e1xima portabilidad.<\/p>\n<p>Tu m\u00fasica sin l\u00edmites<br \/>El altavoz inal\u00e1mbrico StreetPlay cuenta con Radio FM y reproductor de MP3 mediante tarjeta microSD, para que puedas disfrutar de tus canciones favoritas sin depender de otros dispositivos.<\/p>\n<p>A prueba de todo<br \/>Altavoz port\u00e1til con certificado IPX6 de resistencia al agua y luces LED RGB que transforman cualquier lugar en una fiesta. Disfruta de tu m\u00fasica sin preocupaciones.<\/p>\n<p>Energy Sistem StreetPlay. Canales de salida de audio: 1.0 canales, Tipo de altavoces: Rango completo. Potencia estimada RMS: 8 W, Potencia de altavoces RSM: 8 W, Rango de frecuencia: 80 &#8211; 18000<br \/>Hz. Tecnolog\u00eda de conectividad: Inal\u00e1mbrico, Alcance de frecuencia: 2,4 &#8211; 2,4 GHz, Perfiles de Bluetooth: A2DP, AVRCP, HFP. Color del producto: Rojo, Dise\u00f1o de producto: Rect\u00e1ngulo, Material de la<br \/>carcasa: Pl\u00e1stico. Formatos de audio soportados: MP3, WAV, Tarjetas de memoria compatibles: MicroSD (TransFlash), SD, Tama\u00f1o m\u00e1ximo de tarjeta de memoria: 128 GB<br \/>Altavoces<br \/>Canales de salida de audio 1.0 canales<br \/>N\u00famero de altavoces 1<br \/>Tipo de altavoces Rango completo<br \/>Audio<br \/>Potencia estimada RMS 8 W<br \/>Potencia de altavoces RSM 8 W<br \/>Rango de frecuencia 80 &#8211; 18000 Hz<br \/>Puertos e Interfaces<br \/>Tecnolog\u00eda de conectividad Inal\u00e1mbrico<br \/>Bluetooth Si<br \/>Versi\u00f3n de Bluetooth 5.4<br \/>Alcance de frecuencia 2,4 &#8211; 2,4 GHz<br \/>Perfiles de Bluetooth A2DP, AVRCP, HFP<br \/>alcance Bluetooth 20 m<br \/>Conector USB USB Tipo C<br \/>Puerto de carga USB Si<br \/>Dise\u00f1o<br \/>Dise\u00f1o de producto Rect\u00e1ngulo<br \/>Color del producto Rojo<br \/>Material de la carcasa Pl\u00e1stico<br \/>Control de volumen Botones<br \/>Interruptor de encendido\/apagado integrado Si<br \/>Funciones de protecci\u00f3n A prueba de salpicaduras, Resistente al agua<br \/>Iluminaci\u00f3n LED Si<br \/>C\u00f3digo IP (International Protection) IPX6<br \/>Indicadores LED Si<br \/>Desempe\u00f1o<br \/>Formatos de audio soportados MP3, WAV<br \/>Tarjetas de memoria compatibles MicroSD (TransFlash), SD<br \/>Tama\u00f1o m\u00e1ximo de tarjeta de memoria 128 GB<br \/>Micr\u00f3fono incorporado Si<br \/>Facilidad de emparejamiento Si<br \/>Radio FM Si<br \/>Banda FM 87,5 &#8211; 108 MHz<br \/>Asistente virtual Google Assistant &#038; Apple Siri<br \/>Sistemas operativos m\u00f3viles soportados Si<br \/>Control de energ\u00eda<br \/>Tipo de bater\u00eda Bater\u00eda integrada<br \/>Tecnolog\u00eda de bater\u00eda I\u00f3n de litio<br \/>Capacidad de bater\u00eda 1200 mAh<br \/>Voltaje de la pila 3,7 V<br \/>Autonom\u00eda 12 h<br \/>Tiempo de recarga de la bater\u00eda 3 h<br \/>Peso y dimensiones<br \/>Ancho 100 mm<br \/>Profundidad 40 mm<br \/>Altura 75 mm<br \/>Peso 252 g<br \/>Empaquetado<br \/>Tipo de embalaje Envase para colgar<br \/>Contenido del embalaje<br \/>Cantidad por paquete 1 pieza(s)<br \/>Cables incluidos USB Tipo C<\/p>\n<p>\u00a0<\/p>\n","protected":false},"excerpt":{"rendered":"<p>Altavoz energy sistem streetplay rojo<\/p>\n","protected":false},"featured_media":234188,"comment_status":"closed","ping_status":"open","template":"","meta":{"_et_pb_use_builder":"","_et_pb_old_content":"","_et_gb_content_width":""},"product_brand":[2879],"product_cat":[2822,2799,2058],"product_tag":[2824,2803,2891,2068,2880],"class_list":{"0":"post-234187","1":"product","2":"type-product","3":"status-publish","4":"has-post-thumbnail","6":"product_brand-energy-sistem","7":"product_cat-altavoces","8":"product_cat-altavoces-mp3-y-auriculares","9":"product_cat-dispositivos","10":"product_tag-altavoces","11":"product_tag-altavoces-mp3-y-auriculares","12":"product_tag-altavoz-energy-sistem-streetplay-rojo","13":"product_tag-dispositivos","14":"product_tag-energy-sistem","15":"product_shipping_class-2059","16":"pa_canon-digital-incluida-0-e-incluidos","18":"first","19":"instock","20":"taxable","21":"shipping-taxable","22":"purchasable","23":"product-type-simple"},"_links":{"self":[{"href":"https:\/\/linkxa.es\/linkshop\/wp-json\/wp\/v2\/product\/234187","targetHints":{"allow":["GET"]}}],"collection":[{"href":"https:\/\/linkxa.es\/linkshop\/wp-json\/wp\/v2\/product"}],"about":[{"href":"https:\/\/linkxa.es\/linkshop\/wp-json\/wp\/v2\/types\/product"}],"replies":[{"embeddable":true,"href":"https:\/\/linkxa.es\/linkshop\/wp-json\/wp\/v2\/comments?post=234187"}],"wp:featuredmedia":[{"embeddable":true,"href":"https:\/\/linkxa.es\/linkshop\/wp-json\/wp\/v2\/media\/234188"}],"wp:attachment":[{"href":"https:\/\/linkxa.es\/linkshop\/wp-json\/wp\/v2\/media?parent=234187"}],"wp:term":[{"taxonomy":"product_brand","embeddable":true,"href":"https:\/\/linkxa.es\/linkshop\/wp-json\/wp\/v2\/product_brand?post=234187"},{"taxonomy":"product_cat","embeddable":true,"href":"https:\/\/linkxa.es\/linkshop\/wp-json\/wp\/v2\/product_cat?post=234187"},{"taxonomy":"product_tag","embeddable":true,"href":"https:\/\/linkxa.es\/linkshop\/wp-json\/wp\/v2\/product_tag?post=234187"}],"curies":[{"name":"wp","href":"https:\/\/api.w.org\/{rel}","templated":true}]}}