{"id":234477,"date":"2025-04-05T19:27:46","date_gmt":"2025-04-05T19:27:46","guid":{"rendered":"https:\/\/linkxa.es\/contratacion\/producto\/auriculares-phoenix-aeris-bluetooth-deportivos-diadema\/"},"modified":"2025-08-02T09:23:11","modified_gmt":"2025-08-02T09:23:11","slug":"auriculares-phoenix-aeris-bluetooth-deportivos-diadema","status":"publish","type":"product","link":"https:\/\/linkxa.es\/linkshop\/producto\/auriculares-phoenix-aeris-bluetooth-deportivos-diadema\/","title":{"rendered":"Auriculares phoenix aeris bluetooth deportivos diadema"},"content":{"rendered":"<h3 style=\"text-align: center;\"><strong>Phoenix technologies\u00a0 |\u00a0 Auriculares<\/strong><\/h3>\n<p>\u00a0<\/p>\n<p>Escapa del ruido del mundo y sum\u00e9rgete en una experiencia mejorada para disfrutar al m\u00e1ximo de tu m\u00fasica, series o pel\u00edculas.<br \/>Aeris cuentan con la \u00faltima tecnolog\u00eda Bluetooth 5.0, que garantiza una conexi\u00f3n estable, una calidad de sonido \u00f3ptima y un consumo reducido de bater\u00eda. Est\u00e1n equipados con chipset Realtek de audio de alta calidad junto con un driver de sonido de 40mm para ofrecer un sonido claro y envolvente.<br \/>La funci\u00f3n de cancelaci\u00f3n activa de ruido de Aeris elimina el ruido ambiental, para que puedas concentrarte en tu m\u00fasica, entrenamientos o en tus llamadas sin distracciones. Aeris tambi\u00e9n cuentan con un micr\u00f3fono incorporado para que puedas contestar cualquier llamada o incluso solicitar informaci\u00f3n a tu asistente de Google o iOS.<br \/>Un conjunto de cualidades cuidadas al m\u00e1ximo con un ecualizador personalizado que ofrece un equilibrio perfecto para cualquier tipo de m\u00fasica.<br \/>Phoenix Aeris son los auriculares perfectos para quienes buscan una experiencia de sonido inigualable. Con su dise\u00f1o plegable, bater\u00eda de larga duraci\u00f3n y funci\u00f3n de cancelaci\u00f3n activa de ruido.<br \/>Adem\u00e1s, incluyen un estuche r\u00edgido para que los lleves siempre contigo y no dejes de tener Good vibes donde quiera que vayas.<\/p>\n<p>\u00a0<\/p>\n","protected":false},"excerpt":{"rendered":"<p>Auriculares phoenix aeris bluetooth deportivos diadema anc chipset realtek<\/p>\n","protected":false},"featured_media":234478,"comment_status":"closed","ping_status":"open","template":"","meta":{"_et_pb_use_builder":"","_et_pb_old_content":"","_et_gb_content_width":""},"product_brand":[2657],"product_cat":[2799,2800,2058],"product_tag":[2803,2804,2953,2068,2658],"class_list":{"0":"post-234477","1":"product","2":"type-product","3":"status-publish","4":"has-post-thumbnail","6":"product_brand-phoenix-technologies","7":"product_cat-altavoces-mp3-y-auriculares","8":"product_cat-auriculares","9":"product_cat-dispositivos","10":"product_tag-altavoces-mp3-y-auriculares","11":"product_tag-auriculares","12":"product_tag-auriculares-phoenix-aeris-bluetooth-deportivos-diadema","13":"product_tag-dispositivos","14":"product_tag-phoenix-technologies","15":"product_shipping_class-2088","16":"pa_canon-digital-incluida-0-e-incluidos","18":"first","19":"instock","20":"taxable","21":"shipping-taxable","22":"purchasable","23":"product-type-simple"},"_links":{"self":[{"href":"https:\/\/linkxa.es\/linkshop\/wp-json\/wp\/v2\/product\/234477","targetHints":{"allow":["GET"]}}],"collection":[{"href":"https:\/\/linkxa.es\/linkshop\/wp-json\/wp\/v2\/product"}],"about":[{"href":"https:\/\/linkxa.es\/linkshop\/wp-json\/wp\/v2\/types\/product"}],"replies":[{"embeddable":true,"href":"https:\/\/linkxa.es\/linkshop\/wp-json\/wp\/v2\/comments?post=234477"}],"wp:featuredmedia":[{"embeddable":true,"href":"https:\/\/linkxa.es\/linkshop\/wp-json\/wp\/v2\/media\/234478"}],"wp:attachment":[{"href":"https:\/\/linkxa.es\/linkshop\/wp-json\/wp\/v2\/media?parent=234477"}],"wp:term":[{"taxonomy":"product_brand","embeddable":true,"href":"https:\/\/linkxa.es\/linkshop\/wp-json\/wp\/v2\/product_brand?post=234477"},{"taxonomy":"product_cat","embeddable":true,"href":"https:\/\/linkxa.es\/linkshop\/wp-json\/wp\/v2\/product_cat?post=234477"},{"taxonomy":"product_tag","embeddable":true,"href":"https:\/\/linkxa.es\/linkshop\/wp-json\/wp\/v2\/product_tag?post=234477"}],"curies":[{"name":"wp","href":"https:\/\/api.w.org\/{rel}","templated":true}]}}