{"id":234537,"date":"2025-07-06T08:05:13","date_gmt":"2025-07-06T08:05:13","guid":{"rendered":"https:\/\/linkxa.es\/contratacion\/producto\/auriculares-jabra-evolve2-55-ms-stereo\/"},"modified":"2025-08-02T09:28:41","modified_gmt":"2025-08-02T09:28:41","slug":"auriculares-jabra-evolve2-55-ms-stereo","status":"publish","type":"product","link":"https:\/\/linkxa.es\/linkshop\/producto\/auriculares-jabra-evolve2-55-ms-stereo\/","title":{"rendered":"Auriculares jabra evolve2 55 ms stereo"},"content":{"rendered":"<h3 style=\"text-align: center;\"><strong>Jabra\u00a0 |\u00a0 Auriculares<\/strong><\/h3>\n<p>\u00a0<\/p>\n<p>&#8211; GENERAL<\/p>\n<p>Color\u00a0<br \/>Negro<\/p>\n<p>Altura\u00a0<br \/>6.5 cm<\/p>\n<p>Anchura\u00a0<br \/>18.5 cm<\/p>\n<p>Profundidad\u00a0<br \/>17.5 cm<\/p>\n<p>Distancia operativa m\u00e1xima\u00a0<br \/>30 m<\/p>\n<p>Peso\u00a0<br \/>130 g<\/p>\n<p>Material de las almohadillas\u00a0<br \/>Cuero sint\u00e9tico<\/p>\n<p>Protecci\u00f3n\u00a0<br \/>Protecci\u00f3n auditiva<\/p>\n<p>Uso recomendado\u00a0<br \/>Componentes electr\u00f3nicos port\u00e1tiles, tel\u00e9fono, ordenador &#8211; comunicaci\u00f3n<\/p>\n<p>Tipo de producto\u00a0<br \/>Auricular &#8211; Bluetooth &#8211; inal\u00e1mbrico &#8211; USB-A<\/p>\n<p>Caracter\u00edsticas\u00a0<br \/>Multipoint Pairing, indicador LED, emparejamiento f\u00e1cil, actualizaciones OTA<\/p>\n<p>&#8211; DIVERSO<\/p>\n<p>Detalles de cables\u00a0<br \/>Cable USB &#8211; 1.2 m<\/p>\n<p>Cumplimiento de normas\u00a0<br \/>Plug and Play, G616<\/p>\n<p>Certificaci\u00f3n de software\u00a0<br \/>Certificado por Zoom, Certificado para Equipos de Microsoft, Cisco Webex Certified, optimizado para UC, Certificado por Alcatel-Lucent, Certificado por Avaya, Certificado por Unify, Certificado por MFi, Certificado por Google Meet, Certificado por Amazon Chime, Certificado por Google Fast Pair<\/p>\n<p>Accesorios incluidos\u00a0<\/p>\n<p>\u00a0<\/p>\n","protected":false},"excerpt":{"rendered":"<p>Auriculares jabra evolve2 55 ms stereo inalambrico negro<\/p>\n","protected":false},"featured_media":234538,"comment_status":"closed","ping_status":"open","template":"","meta":{"_et_pb_use_builder":"","_et_pb_old_content":"","_et_gb_content_width":""},"product_brand":[2839],"product_cat":[2799,2800,2058],"product_tag":[2803,2804,2967,2068,2840],"class_list":{"0":"post-234537","1":"product","2":"type-product","3":"status-publish","4":"has-post-thumbnail","6":"product_brand-jabra","7":"product_cat-altavoces-mp3-y-auriculares","8":"product_cat-auriculares","9":"product_cat-dispositivos","10":"product_tag-altavoces-mp3-y-auriculares","11":"product_tag-auriculares","12":"product_tag-auriculares-jabra-evolve2-55-ms-stereo","13":"product_tag-dispositivos","14":"product_tag-jabra","15":"product_shipping_class-2059","16":"pa_canon-digital-incluida-0-e-incluidos","18":"first","19":"instock","20":"taxable","21":"shipping-taxable","22":"purchasable","23":"product-type-simple"},"_links":{"self":[{"href":"https:\/\/linkxa.es\/linkshop\/wp-json\/wp\/v2\/product\/234537","targetHints":{"allow":["GET"]}}],"collection":[{"href":"https:\/\/linkxa.es\/linkshop\/wp-json\/wp\/v2\/product"}],"about":[{"href":"https:\/\/linkxa.es\/linkshop\/wp-json\/wp\/v2\/types\/product"}],"replies":[{"embeddable":true,"href":"https:\/\/linkxa.es\/linkshop\/wp-json\/wp\/v2\/comments?post=234537"}],"wp:featuredmedia":[{"embeddable":true,"href":"https:\/\/linkxa.es\/linkshop\/wp-json\/wp\/v2\/media\/234538"}],"wp:attachment":[{"href":"https:\/\/linkxa.es\/linkshop\/wp-json\/wp\/v2\/media?parent=234537"}],"wp:term":[{"taxonomy":"product_brand","embeddable":true,"href":"https:\/\/linkxa.es\/linkshop\/wp-json\/wp\/v2\/product_brand?post=234537"},{"taxonomy":"product_cat","embeddable":true,"href":"https:\/\/linkxa.es\/linkshop\/wp-json\/wp\/v2\/product_cat?post=234537"},{"taxonomy":"product_tag","embeddable":true,"href":"https:\/\/linkxa.es\/linkshop\/wp-json\/wp\/v2\/product_tag?post=234537"}],"curies":[{"name":"wp","href":"https:\/\/api.w.org\/{rel}","templated":true}]}}