{"id":234544,"date":"2025-02-21T17:48:54","date_gmt":"2025-02-21T17:48:54","guid":{"rendered":"https:\/\/linkxa.es\/contratacion\/producto\/auriculares-micro-gaming-energy-sistem-esg4\/"},"modified":"2025-08-02T09:30:03","modified_gmt":"2025-08-02T09:30:03","slug":"auriculares-micro-gaming-energy-sistem-esg4","status":"publish","type":"product","link":"https:\/\/linkxa.es\/linkshop\/producto\/auriculares-micro-gaming-energy-sistem-esg4\/","title":{"rendered":"Auriculares micro gaming energy sistem esg4"},"content":{"rendered":"<h3 style=\"text-align: center;\"><strong>Energy sistem\u00a0 |\u00a0 Auriculares<\/strong><\/h3>\n<p>\u00a0<\/p>\n<p>Auriculares gaming con sonido 7.1 Surround Virtual, Deep Bass y Crystal<br \/>Clear Sound.<\/p>\n<p>Luz LED y los mejores acabados: Almohadillas de proteina natural,<br \/>micr\u00f3fono Boom Mic direccional y control de volumen y mute para la mejor<br \/>experiencia de juego.<br \/>Vive la aut\u00e9ntica experiencia gamer<\/p>\n<p>Auriculares gaming con sonido surround 7.1 para el mejor posicionamiento<br \/>del sonido. Graves profundos y contundentes que te har\u00e1n vibrar en cada<br \/>explosi\u00f3n o rugido de motor.<br \/>Comenta cada paso que das<\/p>\n<p>Auriculares gamer dise\u00f1ados con almohadillas circumaurales de cuero<br \/>proteico para una experiencia de sonido inigualable y un aislamiento<br \/>ac\u00fastico m\u00e1ximo. Con micr\u00f3fono Boom mic direccional y controlado<br \/>incluido en el cable puedes comentar cada partida con la m\u00e1xima claridad.<br \/>Deslumbra a tus oponentes<\/p>\n<p>Cascos Gaming dise\u00f1ados con luz LED para destacar dentro y fuera del<br \/>juego.<br \/>Totalmente Compatible con Switch (Dock Station), PS4\/5, Windows PC y<br \/>Mac.<br \/>Sonido a tu altura<\/p>\n<p>Disfruta de un sonido claro y n\u00edtido gracias a la funci\u00f3n Crystal Clear Sound.<br \/>Proporciona la m\u00e1xima calidad de audio y un sonido rico en detalles para<br \/>sumergirte de lleno en la acci\u00f3n.<br \/>Caracter\u00edsticas<\/p>\n<p>Sonido surround 7.1 para el mejor posicionamiento del sonido. Sumergete<br \/>en la acci\u00f3n (Exclusivo Windows).<br \/>Graves profundos y contundentes que te har\u00e1n vibrar en cada explosi\u00f3n o<br \/>con el rugido del motor. Vive la experiencia.<br \/>Disfruta del mejor sonido gracias a Crystal Clear Sound, que te<br \/>proporciona la m\u00e1xima calidad de audio y un sonido rico y detallado.<br \/>Almohadillas circumaurales de cuero proteico para una experiencia<br \/>inigualable y un aislamiento m\u00e1ximo.<br \/>Micr\u00f3fono Boom mic direccional para comentar cada partida con la<br \/>m\u00e1xima claridad.<br \/>Dise\u00f1o con luz LED. Destaca dentro y fuera del juego.<br \/>Software para personalizar la ecualizaci\u00f3n de audio y efectos de<br \/>modulaci\u00f3n de tu voz durante las partidas.<br \/>Totalmente Compatible con Switch (Dock Station), PS4\/5 y Windows PC.<\/p>\n<p>Especificaciones<\/p>\n<p>AUDIO<br \/>Respuesta en frecuencia: 20 Hz ~ 20 kHz<br \/>Di\u00e1metro del driver: 50 mm<br \/>Potencia m\u00e1xima: 50 mW<br \/>Dise\u00f1o circumaural<br \/>Tipo: din\u00e1mico<br \/>Impedancia: 32 ohms<br \/>THD: &#038;lt, 1%<br \/>CABLE<br \/>Longitud: 200 cm<br \/>Conector: USB tipo A<br \/>Control de volumen, micr\u00f3fono e iluminaci\u00f3n LED<br \/>MICR\u00d3FONO<br \/>Tipo: de brazo flexible<br \/>Sensibilidad: -38 dB 3 dB (@1 kHz)<br \/>Rango de frecuencia: 100 Hz ~ 10 kHz<br \/>OTROS<br \/>Diadema ajustable<br \/>Iluminaci\u00f3n LED<br \/>Sonido envolvente 7.1 mediante SW (Exclusivo Windows)<br \/>COMPATIBILIDAD<br \/>PC<br \/>Mac<br \/>PS4<br \/>PS5<br \/>Switch (Dock Station)<br \/>DIMENSIONES Y PESO<br \/>185 x 240 x 90 mm<br \/>340 g<\/p>\n<p>\u00a0<\/p>\n","protected":false},"excerpt":{"rendered":"<p>Auriculares micro gaming energy sistem esg4 7.1 red supraural &#8211;  50mm &#8211;  usb &#8211;  multiplataforma<\/p>\n","protected":false},"featured_media":234545,"comment_status":"closed","ping_status":"open","template":"","meta":{"_et_pb_use_builder":"","_et_pb_old_content":"","_et_gb_content_width":""},"product_brand":[2879],"product_cat":[2799,2800,2058],"product_tag":[2803,2804,2969,2068,2880],"class_list":{"0":"post-234544","1":"product","2":"type-product","3":"status-publish","4":"has-post-thumbnail","6":"product_brand-energy-sistem","7":"product_cat-altavoces-mp3-y-auriculares","8":"product_cat-auriculares","9":"product_cat-dispositivos","10":"product_tag-altavoces-mp3-y-auriculares","11":"product_tag-auriculares","12":"product_tag-auriculares-micro-gaming-energy-sistem-esg4","13":"product_tag-dispositivos","14":"product_tag-energy-sistem","15":"product_shipping_class-2059","16":"pa_canon-digital-incluida-0-e-incluidos","18":"first","19":"instock","20":"taxable","21":"shipping-taxable","22":"purchasable","23":"product-type-simple"},"_links":{"self":[{"href":"https:\/\/linkxa.es\/linkshop\/wp-json\/wp\/v2\/product\/234544","targetHints":{"allow":["GET"]}}],"collection":[{"href":"https:\/\/linkxa.es\/linkshop\/wp-json\/wp\/v2\/product"}],"about":[{"href":"https:\/\/linkxa.es\/linkshop\/wp-json\/wp\/v2\/types\/product"}],"replies":[{"embeddable":true,"href":"https:\/\/linkxa.es\/linkshop\/wp-json\/wp\/v2\/comments?post=234544"}],"wp:featuredmedia":[{"embeddable":true,"href":"https:\/\/linkxa.es\/linkshop\/wp-json\/wp\/v2\/media\/234545"}],"wp:attachment":[{"href":"https:\/\/linkxa.es\/linkshop\/wp-json\/wp\/v2\/media?parent=234544"}],"wp:term":[{"taxonomy":"product_brand","embeddable":true,"href":"https:\/\/linkxa.es\/linkshop\/wp-json\/wp\/v2\/product_brand?post=234544"},{"taxonomy":"product_cat","embeddable":true,"href":"https:\/\/linkxa.es\/linkshop\/wp-json\/wp\/v2\/product_cat?post=234544"},{"taxonomy":"product_tag","embeddable":true,"href":"https:\/\/linkxa.es\/linkshop\/wp-json\/wp\/v2\/product_tag?post=234544"}],"curies":[{"name":"wp","href":"https:\/\/api.w.org\/{rel}","templated":true}]}}