{"id":234694,"date":"2025-06-21T05:57:14","date_gmt":"2025-06-21T05:57:14","guid":{"rendered":"https:\/\/linkxa.es\/contratacion\/producto\/auriculares-micro-energy-sistem-style-1\/"},"modified":"2025-08-02T09:43:51","modified_gmt":"2025-08-02T09:43:51","slug":"auriculares-micro-energy-sistem-style-1","status":"publish","type":"product","link":"https:\/\/linkxa.es\/linkshop\/producto\/auriculares-micro-energy-sistem-style-1\/","title":{"rendered":"Auriculares micro energy sistem style 1+"},"content":{"rendered":"<h3 style=\"text-align: center;\"><strong>Energy sistem\u00a0 |\u00a0 Auriculares<\/strong><\/h3>\n<p>\u00a0<\/p>\n<p>Energy Sistem Syle 1 son unos auriculares intrauditivos con micr\u00f3fono<br \/>incorporado para responder a tus llamadas y bot\u00f3n multifunci\u00f3n para<br \/>controlar la reproducci\u00f3n.<br \/>Disfruta de tu m\u00fasica en cualquier lugar y evita enredos gracias a su cable<br \/>con dise\u00f1o plano.<br \/>El intrauditivo que buscas<\/p>\n<p>Su dise\u00f1o de bot\u00f3n y las almohadillas de diferentes tama\u00f1os hacen que se<br \/>adapten perfectamente a tu o\u00eddo y les proporcionan la comodidad que<br \/>necesitas para escuchar tu m\u00fasica durante horas.<br \/>Responde a tus llamadas<\/p>\n<p>El micr\u00f3fono integrado en el cable te permite responder a todas tus<br \/>llamadas sin necesidad de sacar el smartphone del bolsillo.<br \/>Cambia la pista<\/p>\n<p>Avanza y retrocede la canci\u00f3n con el bot\u00f3n multifunci\u00f3n que te permite<br \/>controlar la reproducci\u00f3n desde el propio auricular.<br \/>Por una vida sin enredos<\/p>\n<p>Su cable plano de 120 cent\u00edmetros te permite guardarlos en cualquier lugar<br \/>y olvidarte de los enredos cuando quieras volver a utilizarlos.<br \/>Caracter\u00edsticas<\/p>\n<p>Auriculares intrauditivos que se ajustan perfectamente a tu o\u00eddo.<br \/>Responde tus llamadas de la forma m\u00e1s sencilla con un s\u00f3lo clic en el<br \/>micr\u00f3fono integrado en el cable.<br \/>Podr\u00e1s controlar la reproducci\u00f3n a trav\u00e9s del bot\u00f3n multifunci\u00f3n.<br \/>Set de almohadillas de distintos tama\u00f1os para adaptarse perfectamente<br \/>a tu o\u00eddo.<br \/>Acabado rubber que combina dise\u00f1o y funcionalidad a la perfecci\u00f3n.<br \/>Tan ligeros y c\u00f3modos que podr\u00e1s utilizarlos durante horas.<br \/>Conector Jack de 3,5 mm para que los puedas conectar a tu smartphone<br \/>o tablet.<br \/>Su cable de 120 cent\u00edmetros te permitir\u00e1 moverte con total libertad y<br \/>gracias a su dise\u00f1o plano, evitar\u00e1s que se enreden al transportarlos.<\/p>\n<p>Especificaciones Energy Sistem Style 1+<\/p>\n<p>Puertos e Interfaces<br \/>Tecnolog\u00eda de conectividad: Al\u00e1mbrico<br \/>Conector de 3,5 mm: Si<br \/>Conector de 2,5 mm: No<br \/>Conexi\u00f3n USB: No<br \/>Bluetooth: No<br \/>Longitud de cable: 1,2 m<br \/>Color del cable: Blanco<\/p>\n<p>Peso y dimensiones<br \/>Peso: 13 g<\/p>\n<p>Micr\u00f3fono<br \/>Sensibilidad de micr\u00f3fono: 40 dB<\/p>\n<p>Auriculares<br \/>Audifonos: Intraaural<br \/>Frecuencia de auricular: 20 &#8211; 20000 Hz<br \/>Sensibilidad de auricular: 90 dB<br \/>Obstrucci\u00f3n: 16 ohm<br \/>Unidad de disco: 9 mm<br \/>Tipo de controlador: Din\u00e1mico<br \/>Tipo de im\u00e1n: Neodimio<br \/>Auriculares de tipo Intraural: Auriculares<\/p>\n<p>Contenido del embalaje<br \/>N\u00famero de productos incluidos: 1 pieza(s)<\/p>\n<p>Dise\u00f1o<br \/>Tipo de auricular: Binaural<br \/>Estilo de uso: Dentro de o\u00eddo<br \/>Color del producto: Color rojo<br \/>Dise\u00f1ado para actividades deportivas: No<br \/>Certificaci\u00f3n: CE<\/p>\n<p>Desempe\u00f1o<br \/>THD, distorci\u00f3n arm\u00f3nica total: 1%<\/p>\n<p>\u00a0<\/p>\n","protected":false},"excerpt":{"rendered":"<p>Auriculares micro energy sistem style 1+ rojo in &#8211; ear &#8211; microfono &#8211; control voz &#8211;  cable plano<\/p>\n","protected":false},"featured_media":234695,"comment_status":"closed","ping_status":"open","template":"","meta":{"_et_pb_use_builder":"","_et_pb_old_content":"","_et_gb_content_width":""},"product_brand":[2879],"product_cat":[2799,2800,2058],"product_tag":[2803,2804,3001,2068,2880],"class_list":{"0":"post-234694","1":"product","2":"type-product","3":"status-publish","4":"has-post-thumbnail","6":"product_brand-energy-sistem","7":"product_cat-altavoces-mp3-y-auriculares","8":"product_cat-auriculares","9":"product_cat-dispositivos","10":"product_tag-altavoces-mp3-y-auriculares","11":"product_tag-auriculares","12":"product_tag-auriculares-micro-energy-sistem-style-1","13":"product_tag-dispositivos","14":"product_tag-energy-sistem","15":"product_shipping_class-2059","16":"pa_canon-digital-incluida-0-e-incluidos","18":"first","19":"instock","20":"taxable","21":"shipping-taxable","22":"purchasable","23":"product-type-simple"},"_links":{"self":[{"href":"https:\/\/linkxa.es\/linkshop\/wp-json\/wp\/v2\/product\/234694","targetHints":{"allow":["GET"]}}],"collection":[{"href":"https:\/\/linkxa.es\/linkshop\/wp-json\/wp\/v2\/product"}],"about":[{"href":"https:\/\/linkxa.es\/linkshop\/wp-json\/wp\/v2\/types\/product"}],"replies":[{"embeddable":true,"href":"https:\/\/linkxa.es\/linkshop\/wp-json\/wp\/v2\/comments?post=234694"}],"wp:featuredmedia":[{"embeddable":true,"href":"https:\/\/linkxa.es\/linkshop\/wp-json\/wp\/v2\/media\/234695"}],"wp:attachment":[{"href":"https:\/\/linkxa.es\/linkshop\/wp-json\/wp\/v2\/media?parent=234694"}],"wp:term":[{"taxonomy":"product_brand","embeddable":true,"href":"https:\/\/linkxa.es\/linkshop\/wp-json\/wp\/v2\/product_brand?post=234694"},{"taxonomy":"product_cat","embeddable":true,"href":"https:\/\/linkxa.es\/linkshop\/wp-json\/wp\/v2\/product_cat?post=234694"},{"taxonomy":"product_tag","embeddable":true,"href":"https:\/\/linkxa.es\/linkshop\/wp-json\/wp\/v2\/product_tag?post=234694"}],"curies":[{"name":"wp","href":"https:\/\/api.w.org\/{rel}","templated":true}]}}