{"id":234739,"date":"2025-03-19T04:56:49","date_gmt":"2025-03-19T04:56:49","guid":{"rendered":"https:\/\/linkxa.es\/contratacion\/producto\/altavoz-energy-sistem-soundbliss-gris\/"},"modified":"2025-08-02T09:47:30","modified_gmt":"2025-08-02T09:47:30","slug":"altavoz-energy-sistem-soundbliss-gris","status":"publish","type":"product","link":"https:\/\/linkxa.es\/linkshop\/producto\/altavoz-energy-sistem-soundbliss-gris\/","title":{"rendered":"Altavoz energy sistem soundbliss gris"},"content":{"rendered":"<h3 style=\"text-align: center;\"><strong>Energy sistem\u00a0 |\u00a0 Altavoces<\/strong><\/h3>\n<p>\u00a0<\/p>\n<p>Altavoz con 40W, Bluetooth 5.4 y True Wireless Stereo. Hecho con pl\u00e1stico reciclado, cuenta con luces LED, IPX6, reproductor MP3 USB\/microSD\/audio-in, Radio FM y hasta 12h de autonom\u00eda \u00a1Disfruta de<br \/>tu m\u00fasica como y donde quieras!<\/p>\n<p>Vive la m\u00fasica al m\u00e1ximo<br \/>Con 40 vatios de potencia, el altavoz Bluetooth Soundbliss te ofrece un sonido excepcional. Conecta dos altavoces mediante True Wireless Stereo y disfruta de un audio a\u00fan m\u00e1s impresionante.<br \/>\u00a1Convierte cada momento en una fiesta!<\/p>\n<p>12 horas de baile sin parar<br \/>Altavoz port\u00e1til con 12 horas de autonom\u00eda y luces LED que a\u00f1aden un toque de diversi\u00f3n a cualquier ambiente. Perfecto para mantener la energ\u00eda de tus fiestas desde el amanecer hasta el anochecer.<\/p>\n<p>Accede a toda tu m\u00fasica<br \/>Con Bluetooth 5.4 y radio FM integrada para una experiencia de audio completa. Tambi\u00e9n reproduce m\u00fasica desde tarjetas microSD y memorias USB, asegurando el acceso a tus canciones favoritas<br \/>siempre que quieras.<\/p>\n<p>Sostenibilidad y resistencia en cualquier lugar<br \/>Altavoz inal\u00e1mbrico fabricado con pl\u00e1stico 100% reciclado certificado GRS (Global Recycled Plastic). Cuenta con certificaci\u00f3n IPX6 de resistencia a l\u00edquidos para que disfrutes de tu m\u00fasica favorita en<br \/>cualquier entorno, sin preocupaciones.<\/p>\n<p>Energy Sistem Soundbliss. Canales de salida de audio: 2.0 canales, Di\u00e1metro del conductor: 5 cm. Potencia estimada RMS: 40 W, Rango de frecuencia: 60 &#8211; 18000 Hz. Tecnolog\u00eda de conectividad:<br \/>Inal\u00e1mbrico, Perfiles de Bluetooth: A2DP, AVRCP, HFP, alcance Bluetooth: 20 m. Tipo de producto: Altavoz port\u00e1til est\u00e9reo, Color del producto: Gris, Dise\u00f1o de producto: Cilindro. Uso recomendado:<br \/>Universal, Formatos de audio soportados: MP3, WAV, Tarjetas de memoria compatibles: MicroSD (TransFlash)<br \/>Altavoces<br \/>Canales de salida de audio 2.0 canales<br \/>N\u00famero de altavoces 2<br \/>Di\u00e1metro del conductor 5 cm<br \/>Tecnolog\u00eda True Wireless Stereo (TWS) Si<br \/>Audio<br \/>Potencia estimada RMS 40 W<br \/>Rango de frecuencia 60 &#8211; 18000 Hz<br \/>Puertos e Interfaces<br \/>Tecnolog\u00eda de conectividad Inal\u00e1mbrico<br \/>Wifi No<br \/>Bluetooth Si<br \/>Versi\u00f3n de Bluetooth 5.4<br \/>Perfiles de Bluetooth A2DP, AVRCP, HFP<br \/>alcance Bluetooth 20 m<br \/>Conector de 3,5 mm Si<br \/>Conector USB USB Tipo C<br \/>Entrada auxiliar No<br \/>Dise\u00f1o<br \/>Tipo de producto Altavoz port\u00e1til est\u00e9reo<br \/>Dise\u00f1o de producto Cilindro<br \/>Color del producto Gris<br \/>Material de la carcasa Pl\u00e1stico reciclado<br \/>Control de volumen Botones<br \/>Funciones de protecci\u00f3n A prueba de salpicaduras, Resistente al sudor, Resistente al agua<br \/>Iluminaci\u00f3n LED Si<br \/>Iluminaci\u00f3n de color Multi<br \/>Gancho Si<br \/>C\u00f3digo IP (International Protection) IPX6<br \/>Desempe\u00f1o<br \/>Uso recomendado Universal<br \/>Formatos de audio soportados MP3, WAV<br \/>Tarjeta de lectura integrada Si<br \/>Tarjetas de memoria compatibles MicroSD (TransFlash)<br \/>Tama\u00f1o m\u00e1ximo de tarjeta de memoria 128 GB<br \/>Micr\u00f3fono incorporado Si<br \/>Modo manos libres Si<br \/>Radio FM Si<br \/>Banda FM 87,5 &#8211; 108 MHz<br \/>Asistente virtual Google Assistant &#038; Apple Siri<br \/>Compatible con Mac Si<br \/>Control de energ\u00eda<br \/>Tipo de bater\u00eda Bater\u00eda integrada<br \/>Tecnolog\u00eda de bater\u00eda I\u00f3n de litio<br \/>Capacidad de bater\u00eda 5000 mAh<br \/>Voltaje de la pila 3,7 V<br \/>Autonom\u00eda 12 h<br \/>Tiempo de recarga de la bater\u00eda 3 h<br \/>Potencia del transmisor de Bluetooth 20 dbm<br \/>Sostenibilidad<br \/>Certificados de sostenibilidad Est\u00e1ndar Global de Reciclaje (GRS)<br \/>Peso y dimensiones<br \/>Ancho 87 mm<br \/>Profundidad 87 mm<br \/>Altura 200 mm<br \/>Peso 842 g<br \/>Contenido del embalaje<br \/>Cantidad por paquete 1 pieza(s)<br \/>Cables incluidos USB Tipo C<br \/>Otras caracter\u00edsticas<br \/>Compatibilidad Mac \/ PC Windows \/ Smartphone \/ Tablet \/ TV<\/p>\n<p>\u00a0<\/p>\n","protected":false},"excerpt":{"rendered":"<p>Altavoz energy sistem soundbliss gris<\/p>\n","protected":false},"featured_media":234740,"comment_status":"closed","ping_status":"open","template":"","meta":{"_et_pb_use_builder":"","_et_pb_old_content":"","_et_gb_content_width":""},"product_brand":[2879],"product_cat":[2822,2799,2058],"product_tag":[2824,2803,3009,2068,2880],"class_list":{"0":"post-234739","1":"product","2":"type-product","3":"status-publish","4":"has-post-thumbnail","6":"product_brand-energy-sistem","7":"product_cat-altavoces","8":"product_cat-altavoces-mp3-y-auriculares","9":"product_cat-dispositivos","10":"product_tag-altavoces","11":"product_tag-altavoces-mp3-y-auriculares","12":"product_tag-altavoz-energy-sistem-soundbliss-gris","13":"product_tag-dispositivos","14":"product_tag-energy-sistem","15":"product_shipping_class-2059","16":"pa_canon-digital-incluida-0-e-incluidos","18":"first","19":"instock","20":"taxable","21":"shipping-taxable","22":"purchasable","23":"product-type-simple"},"_links":{"self":[{"href":"https:\/\/linkxa.es\/linkshop\/wp-json\/wp\/v2\/product\/234739","targetHints":{"allow":["GET"]}}],"collection":[{"href":"https:\/\/linkxa.es\/linkshop\/wp-json\/wp\/v2\/product"}],"about":[{"href":"https:\/\/linkxa.es\/linkshop\/wp-json\/wp\/v2\/types\/product"}],"replies":[{"embeddable":true,"href":"https:\/\/linkxa.es\/linkshop\/wp-json\/wp\/v2\/comments?post=234739"}],"wp:featuredmedia":[{"embeddable":true,"href":"https:\/\/linkxa.es\/linkshop\/wp-json\/wp\/v2\/media\/234740"}],"wp:attachment":[{"href":"https:\/\/linkxa.es\/linkshop\/wp-json\/wp\/v2\/media?parent=234739"}],"wp:term":[{"taxonomy":"product_brand","embeddable":true,"href":"https:\/\/linkxa.es\/linkshop\/wp-json\/wp\/v2\/product_brand?post=234739"},{"taxonomy":"product_cat","embeddable":true,"href":"https:\/\/linkxa.es\/linkshop\/wp-json\/wp\/v2\/product_cat?post=234739"},{"taxonomy":"product_tag","embeddable":true,"href":"https:\/\/linkxa.es\/linkshop\/wp-json\/wp\/v2\/product_tag?post=234739"}],"curies":[{"name":"wp","href":"https:\/\/api.w.org\/{rel}","templated":true}]}}