{"id":234821,"date":"2025-06-20T22:27:27","date_gmt":"2025-06-20T22:27:27","guid":{"rendered":"https:\/\/linkxa.es\/contratacion\/producto\/auriculares-energy-system-dj-2-blancos\/"},"modified":"2025-08-02T09:52:37","modified_gmt":"2025-08-02T09:52:37","slug":"auriculares-energy-system-dj-2-blancos","status":"publish","type":"product","link":"https:\/\/linkxa.es\/linkshop\/producto\/auriculares-energy-system-dj-2-blancos\/","title":{"rendered":"Auriculares energy system dj 2 blancos"},"content":{"rendered":"<h3 style=\"text-align: center;\"><strong>Energy sistem\u00a0 |\u00a0 Auriculares<\/strong><\/h3>\n<p>\u00a0<\/p>\n<p>Auriculares pensados para que te acompa\u00f1en durante todo el d\u00eda y no pases ni un solo momento sin tu m\u00fasica favorita. Contesta a tus llamadas con el micr\u00f3fono incorporado y controla la reproducci\u00f3n de la m\u00fasica.<br \/>&#8211; Auriculares est\u00e9reo DJ cerrados y ajustables.<br \/>&#8211; Especialmente dise\u00f1ados para acompa\u00f1arte all\u00e1 donde vayas y disfrutar de tu m\u00fasica.<br \/>&#8211; Driver de 40 mm que proporciona un sonido limpio y enriquecido en graves.<br \/>&#8211; Auricular con rotaci\u00f3n de 180 grados para que elijas c\u00f3mo quieres escuchar tu m\u00fasica.<br \/>&#8211; Micr\u00f3fono omnidireccional integrado en el cable.<br \/>&#8211; Conector de audio de 3,5 mm que permite sustituir el cable para adecuarse a cada uso.<br \/>&#8211; Cable extra\u00edble con longitud de 1,2 m.<br \/>&#8211; Bot\u00f3n multifunci\u00f3n para controlar la reproducci\u00f3n de tu m\u00fasica.<br \/>&#8211; Dise\u00f1o ergon\u00f3mico con banda de sujeci\u00f3n y almohadillas acolchadas para un c\u00f3modo ajuste.<br \/>&#8211; 108 dB SPL para una potente salida de audio.<\/p>\n<p>Marca<br \/>Energy Sistem<\/p>\n<p>Modelo<br \/>426737<\/p>\n<p>Uso<br \/>&#8211; Auricular con micr\u00f3fono<\/p>\n<p>Caracter\u00edsticas<br \/>&#8211; Dise\u00f1o: Cerrado<br \/>&#8211; Tipo: Din\u00e1mico<br \/>&#8211; Cable de audio de 3,5 mm<br \/>&#8211; Longitud del cable: 1,2 m<br \/>Drivers<br \/>&#8211; 40 mm<br \/>&#8211; Im\u00e1n de neodimio<br \/>&#8211; SPL: 108 dB \u00b1 3 dB<br \/>&#8211; Respuesta en frecuencia: 20 Hz ~ 20 KHz<br \/>Impedancia<br \/>&#8211; 32 Ohm<br \/>Micr\u00f3fono<br \/>&#8211; Sensibilidad: -42 \u00b1 3 dB<br \/>Contenido<br \/>&#8211; Energy Headphones DJ2 White Mic<br \/>&#8211; Cable de audio de 3,5 mm<br \/>Dimensiones y peso<br \/>&#8211; 174 x 192 x 72 mm<br \/>&#8211; 175 g<\/p>\n<p>Fecha de revisi\u00f3n<br \/>25-05-2016 por MSB<\/p>\n<p>\u00a0<\/p>\n","protected":false},"excerpt":{"rendered":"<p>Auriculares energy system dj 2 blancos &#8211; micr\u00f3fono<\/p>\n","protected":false},"featured_media":234822,"comment_status":"closed","ping_status":"open","template":"","meta":{"_et_pb_use_builder":"","_et_pb_old_content":"","_et_gb_content_width":""},"product_brand":[2879],"product_cat":[2799,2800,2058],"product_tag":[2803,2804,3021,2068,2880],"class_list":{"0":"post-234821","1":"product","2":"type-product","3":"status-publish","4":"has-post-thumbnail","6":"product_brand-energy-sistem","7":"product_cat-altavoces-mp3-y-auriculares","8":"product_cat-auriculares","9":"product_cat-dispositivos","10":"product_tag-altavoces-mp3-y-auriculares","11":"product_tag-auriculares","12":"product_tag-auriculares-energy-system-dj-2-blancos","13":"product_tag-dispositivos","14":"product_tag-energy-sistem","15":"product_shipping_class-2059","16":"pa_canon-digital-incluida-0-e-incluidos","18":"first","19":"instock","20":"taxable","21":"shipping-taxable","22":"purchasable","23":"product-type-simple"},"_links":{"self":[{"href":"https:\/\/linkxa.es\/linkshop\/wp-json\/wp\/v2\/product\/234821","targetHints":{"allow":["GET"]}}],"collection":[{"href":"https:\/\/linkxa.es\/linkshop\/wp-json\/wp\/v2\/product"}],"about":[{"href":"https:\/\/linkxa.es\/linkshop\/wp-json\/wp\/v2\/types\/product"}],"replies":[{"embeddable":true,"href":"https:\/\/linkxa.es\/linkshop\/wp-json\/wp\/v2\/comments?post=234821"}],"wp:featuredmedia":[{"embeddable":true,"href":"https:\/\/linkxa.es\/linkshop\/wp-json\/wp\/v2\/media\/234822"}],"wp:attachment":[{"href":"https:\/\/linkxa.es\/linkshop\/wp-json\/wp\/v2\/media?parent=234821"}],"wp:term":[{"taxonomy":"product_brand","embeddable":true,"href":"https:\/\/linkxa.es\/linkshop\/wp-json\/wp\/v2\/product_brand?post=234821"},{"taxonomy":"product_cat","embeddable":true,"href":"https:\/\/linkxa.es\/linkshop\/wp-json\/wp\/v2\/product_cat?post=234821"},{"taxonomy":"product_tag","embeddable":true,"href":"https:\/\/linkxa.es\/linkshop\/wp-json\/wp\/v2\/product_tag?post=234821"}],"curies":[{"name":"wp","href":"https:\/\/api.w.org\/{rel}","templated":true}]}}