{"id":234888,"date":"2025-07-07T15:43:50","date_gmt":"2025-07-07T15:43:50","guid":{"rendered":"https:\/\/linkxa.es\/contratacion\/producto\/altavoz-energy-sistem-urban-box-supernova\/"},"modified":"2025-08-02T09:57:52","modified_gmt":"2025-08-02T09:57:52","slug":"altavoz-energy-sistem-urban-box-supernova","status":"publish","type":"product","link":"https:\/\/linkxa.es\/linkshop\/producto\/altavoz-energy-sistem-urban-box-supernova\/","title":{"rendered":"Altavoz energy sistem urban box supernova"},"content":{"rendered":"<h3 style=\"text-align: center;\"><strong>Energy sistem\u00a0 |\u00a0 Altavoces<\/strong><\/h3>\n<p>\u00a0<\/p>\n<p>Siente la m\u00fasica con la luz de este altavoz resistente a salpicaduras<\/p>\n<p>Altavoz est\u00e9reo de 16 W con diferentes secuencias de luces RGB, tecnolog\u00eda Bluetooth 5.1 y True Wireless Stereo para utilizar dos unidades simult\u00e1neamente. Doble membrana de realce de bajos,<br \/>reproductor MP3 por USB \/ microSD y audio-in.<\/p>\n<p>Siente el ritmo de la m\u00fasica<\/p>\n<p>Altavoz port\u00e1til con luces RGB para que te sientas parte del ritmo de la m\u00fasica. \u00a1Lleva la diversi\u00f3n contigo all\u00e1 donde vayas! Las diferentes secuencias de luz le dar\u00e1n un ambiente especial a cualquier<br \/>reuni\u00f3n y fiesta. No pasar\u00e1s desapercibido.<\/p>\n<p>Resistente a salpicaduras<\/p>\n<p>Dise\u00f1ado con una tela resistente a salpicaduras (con certificaci\u00f3n internacional IPX4). Sigue tu ritmo y preoc\u00fapate solo de disfrutar.<\/p>\n<p>Reproduce MP3 y USB<\/p>\n<p>Reproduce archivos MP3 desde tarjetas microSD y memorias USB, con capacidad de hasta 64 GB. El altavoz port\u00e1til cuenta tambi\u00e9n con entrada de audio auxiliar mini jack est\u00e9reo de 3,5 mm y 16W de<br \/>potencia.<\/p>\n<p>Conecta con la ciudad<\/p>\n<p>Estilo, funcionalidad y toda la conectividad que necesitas. Con tecnolog\u00eda inal\u00e1mbrica Bluetooth 5.1 y True Wireless Stereo, que te permite conectar dos unidades y duplicar la potencia del sonido.<br \/>Contesta tambi\u00e9n tus llamadas con la funci\u00f3n manos libres.<\/p>\n<p>ESPECIFICACIONES<\/p>\n<p>General<br \/>Marca: ENERGY SISTEM<br \/>Garant\u00eda: 3<br \/>Part Number: 454945<br \/>Categor\u00edas: SONIDO<br \/>Reacondicionado: No<br \/>Reposici\u00f3n &#8211; Etiqueta: No<br \/>Peso Volumetrico 0.63 Kg.<br \/>Contenido del embalaje<br \/>Material incluido: USB TIPO C<br \/>Gu\u00eda de configuraci\u00f3n r\u00e1pida: Si<br \/>Detalles t\u00e9cnicos<br \/>Tipolog\u00eda Imagen Sonido: Altavoces<br \/>Alcance Bluetooth: 20 m<br \/>Conexi\u00f3n inal\u00e1mbrica: Si<br \/>Marca compatible: Universal<br \/>Potencia de salida: 16 W<br \/>Conectividad<br \/>Interfaz: USB, Bluetooth, Jack, Micro SD<br \/>Conectividad del dispositivo: Inal\u00e1mbrico \/ Al\u00e1mbrico<br \/>Perfiles de Bluetooth: HSP, A2DP, AVRCP, HFP<br \/>Control de energ\u00eda<br \/>Alimentaci\u00f3n: Bater\u00eda<br \/>Carga por USB: Si<br \/>Recargable: Si<br \/>Voltaje de operaci\u00f3n: 5 V<br \/>Otras caracter\u00edsticas<br \/>Altavoz, auricular, jack de salida: 1<br \/>Tecnolog\u00eda inal\u00e1mbrica: Bluetooth<br \/>Versi\u00f3n de Bluetooth: 5.1<br \/>Peso y dimensiones<br \/>Altura: 128 mm<br \/>Ancho: 90 mm<br \/>Peso: 511 g<br \/>Profundidad: 90 mm<br \/>Altavoces<br \/>N\u00famero de dispositivos: 1<br \/>N\u00famero de altavoces: 2<br \/>Bater\u00eda<br \/>Capacidad: 2000 mAh<br \/>Tiempo de carga: 2 h<br \/>Audio<br \/>Canales de salida de audio: 2.0<br \/>Potencia: 8 W<br \/>Rango de frecuencia: 80 &#8211; 18000 Hz<br \/>Color<br \/>Color: Rosa<br \/>Micr\u00f3fono<br \/>Sensibilidad de micr\u00f3fono: -42 dB<\/p>\n<p>\u00a0<\/p>\n","protected":false},"excerpt":{"rendered":"<p>Altavoz energy sistem urban box supernova rosa &#8211; resistente al agua &#8211; 16w &#8211; tws &#8211; bluetooth 5.1 &#8211; rgb<\/p>\n","protected":false},"featured_media":234904,"comment_status":"closed","ping_status":"open","template":"","meta":{"_et_pb_use_builder":"","_et_pb_old_content":"","_et_gb_content_width":""},"product_brand":[2879],"product_cat":[2822,2799,2058],"product_tag":[2824,2803,3029,2068,2880],"class_list":{"0":"post-234888","1":"product","2":"type-product","3":"status-publish","4":"has-post-thumbnail","6":"product_brand-energy-sistem","7":"product_cat-altavoces","8":"product_cat-altavoces-mp3-y-auriculares","9":"product_cat-dispositivos","10":"product_tag-altavoces","11":"product_tag-altavoces-mp3-y-auriculares","12":"product_tag-altavoz-energy-sistem-urban-box-supernova","13":"product_tag-dispositivos","14":"product_tag-energy-sistem","15":"product_shipping_class-2059","16":"pa_canon-digital-incluida-0-e-incluidos","18":"first","19":"instock","20":"taxable","21":"shipping-taxable","22":"purchasable","23":"product-type-simple"},"_links":{"self":[{"href":"https:\/\/linkxa.es\/linkshop\/wp-json\/wp\/v2\/product\/234888","targetHints":{"allow":["GET"]}}],"collection":[{"href":"https:\/\/linkxa.es\/linkshop\/wp-json\/wp\/v2\/product"}],"about":[{"href":"https:\/\/linkxa.es\/linkshop\/wp-json\/wp\/v2\/types\/product"}],"replies":[{"embeddable":true,"href":"https:\/\/linkxa.es\/linkshop\/wp-json\/wp\/v2\/comments?post=234888"}],"wp:featuredmedia":[{"embeddable":true,"href":"https:\/\/linkxa.es\/linkshop\/wp-json\/wp\/v2\/media\/234904"}],"wp:attachment":[{"href":"https:\/\/linkxa.es\/linkshop\/wp-json\/wp\/v2\/media?parent=234888"}],"wp:term":[{"taxonomy":"product_brand","embeddable":true,"href":"https:\/\/linkxa.es\/linkshop\/wp-json\/wp\/v2\/product_brand?post=234888"},{"taxonomy":"product_cat","embeddable":true,"href":"https:\/\/linkxa.es\/linkshop\/wp-json\/wp\/v2\/product_cat?post=234888"},{"taxonomy":"product_tag","embeddable":true,"href":"https:\/\/linkxa.es\/linkshop\/wp-json\/wp\/v2\/product_tag?post=234888"}],"curies":[{"name":"wp","href":"https:\/\/api.w.org\/{rel}","templated":true}]}}