{"id":235017,"date":"2024-12-09T02:21:14","date_gmt":"2024-12-09T02:21:14","guid":{"rendered":"https:\/\/linkxa.es\/contratacion\/producto\/altavoz-energy-sistem-classy-2-1-negro\/"},"modified":"2025-08-02T10:08:53","modified_gmt":"2025-08-02T10:08:53","slug":"altavoz-energy-sistem-classy-2-1-negro","status":"publish","type":"product","link":"https:\/\/linkxa.es\/linkshop\/producto\/altavoz-energy-sistem-classy-2-1-negro\/","title":{"rendered":"Altavoz energy sistem classy 2.1 negro"},"content":{"rendered":"<h3 style=\"text-align: center;\"><strong>Energy sistem\u00a0 |\u00a0 Altavoces<\/strong><\/h3>\n<p>\u00a0<\/p>\n<p>Classy &#8211; Altavoz Bluetooth<br \/>Elegancia cl\u00e1sica, potencia moderna: m\u00fasica a otro nivel.<\/p>\n<p>Altavoz Bluetooth de dise\u00f1o retro con 150W de potencia, ecualizaci\u00f3n de sonido y hasta 10 horas de autonom\u00eda. Saca el m\u00e1ximo partido a tu m\u00fasica con el bot\u00f3n Extra Bass y ll\u00e9valo f\u00e1cilmente donde<br \/>quieras gracias a su asa plegable.<\/p>\n<p>150 W de sonido con Extra Bass<br \/>Altavoz Bluetooth con 150 W de potencia para disfrutar de un sonido de alta calidad. Su potente woofer de 5 pulgadas, tweeters de c\u00fapula de seda y radiador pasivo de 6,5 pulgadas har\u00e1n que tus<br \/>canciones suenen mejor que nunca. Personaliza tu m\u00fasica a tu gusto ajustando los niveles de graves y agudos con los botones integrados en el altavoz. Y para esos momentos en que necesitas un<br \/>impulso extra, activa los bajos con el bot\u00f3n Extra Bass.<\/p>\n<p>Elegancia y portabilidad<br \/>Con el altavoz inal\u00e1mbrico Classy y su pr\u00e1ctica asa plegable, puedes llevar tu m\u00fasica favorita siempre contigo. Llena cualquier habitaci\u00f3n de tu casa con tus canciones preferidas y olv\u00eddate de cables<br \/>gracias a sus 10 horas de autonom\u00eda.<\/p>\n<p>Sum\u00e9rgete en sonidos puros<br \/>Experimenta una calidad de sonido excepcional al reproducir tu m\u00fasica mediante Bluetooth o memorias USB en este altavoz Bluetooth est\u00e9reo. Compatible con formatos de MP3, WAV y FLAC,<br \/>permiti\u00e9ndote disfrutar de un audio de alta fidelidad y sin p\u00e9rdidas.<\/p>\n<p>Estilo inconfundible<br \/>Altavoz port\u00e1til est\u00e9reo con un distintivo dise\u00f1o retro y un acabado premium, perfecto para cualquier ocasi\u00f3n o ambiente. La combinaci\u00f3n de piel sint\u00e9tica en el cuerpo y detalles de aluminio ofrece el<br \/>equilibrio ideal entre elegancia y sofisticaci\u00f3n.<\/p>\n<p>Energy Sistem Classy. Canales de salida de audio: 2.1 canales, Di\u00e1metro del tweeter (imperial): 5,08 cm (2&#8243;), Di\u00e1metro del woofer (imperial): 12,7 cm (5&#8243;). Potencia estimada RMS: 150 W, Potencia RMS<br \/>del altavoz de graves (woofer): 100 W, Potencia RMS del altavoz de agudos (tweeter): 25 W. Tecnolog\u00eda de conectividad: Inal\u00e1mbrico y al\u00e1mbrico, Perfiles de Bluetooth: A2DP, AVRCP, SBC, alcance<br \/>Bluetooth: 20 m. Tipo de producto: Altavoz port\u00e1til est\u00e9reo, Color del producto: Negro, Dise\u00f1o de producto: Rect\u00e1ngulo. Uso recomendado: Universal, Formatos de audio soportados: FLAC, MP3, WAV,<br \/>WMA, Tarjetas de memoria compatibles: MicroSD (TransFlash), SD<br \/>Altavoces<br \/>Canales de salida de audio 2.1 canales<br \/>N\u00famero de altavoces 1<br \/>N\u00famero de dispositivos 3<br \/>Tweeter Si<br \/>N\u00famero de controladores de tweeter 2<br \/>Di\u00e1metro del tweeter (imperial) 5,08 cm (2&#8243;)<br \/>Altavoz Si<br \/>N\u00famero de controladores de woofer 1<br \/>Di\u00e1metro del woofer (imperial) 12,7 cm (5&#8243;)<br \/>Audio<br \/>Potencia estimada RMS 150 W<br \/>Potencia RMS del altavoz de graves (woofer) 100 W<br \/>Potencia RMS del altavoz de agudos (tweeter) 25 W<br \/>Rango de frecuencia 45 &#8211; 20000 Hz<br \/>Puertos e Interfaces<br \/>Tecnolog\u00eda de conectividad Inal\u00e1mbrico y al\u00e1mbrico<br \/>Bluetooth Si<br \/>Versi\u00f3n de Bluetooth 5.3<br \/>Perfiles de Bluetooth A2DP, AVRCP, SBC<br \/>alcance Bluetooth 20 m<br \/>Conector de 3,5 mm Si<br \/>Conexi\u00f3n USB Si<br \/>Enchufe de entrada de CC Si<br \/>Longitud del cable 1,5 m<br \/>Dise\u00f1o<br \/>Tipo de producto Altavoz port\u00e1til est\u00e9reo<br \/>Dise\u00f1o de producto Rect\u00e1ngulo<br \/>Color del producto Negro<br \/>Control de volumen Si<br \/>Interruptor de encendido\/apagado integrado Si<br \/>Asa de transporte Si<br \/>Desempe\u00f1o<br \/>Uso recomendado Universal<br \/>Formatos de audio soportados FLAC, MP3, WAV, WMA<br \/>Tarjeta de lectura integrada Si<br \/>Tarjetas de memoria compatibles MicroSD (TransFlash), SD<br \/>Tama\u00f1o m\u00e1ximo de tarjeta de memoria 128 GB<br \/>Ecualizador Si<br \/>Control de energ\u00eda<br \/>Tipo de bater\u00eda Bater\u00eda integrada<br \/>Tecnolog\u00eda de bater\u00eda I\u00f3n de litio<br \/>Capacidad de bater\u00eda 4500 mAh<br \/>Voltaje de la pila 7,4 V<br \/>Autonom\u00eda 10 h<br \/>Tiempo de recarga de la bater\u00eda 1,5 h<br \/>Frecuencia de adaptador AC 50 &#8211; 60 Hz<br \/>Peso y dimensiones<br \/>Ancho 280 mm<br \/>Profundidad 180 mm<br \/>Altura 170 mm<br \/>Peso 3,34 kg<br \/>Contenido del embalaje<br \/>Cantidad por paquete 1 pieza(s)<br \/>Altavoz Bluetooth de dise\u00f1o retro con 150W de potencia, ecualizaci\u00f3n de sonido y hasta 10 horas de autonom\u00eda. Saca el m\u00e1ximo partido a tu m\u00fasica con el bot\u00f3n Extra Bass y ll\u00e9valo f\u00e1cilmente donde<br \/>quieras gracias a su asa plegable.<\/p>\n<p>Disfruta de un sonido de alta calidad gracias a sus 150W de potencia. Su potente woofer de 5 pulgadas, los tweeters de c\u00fapula de seda y el radiador pasivo de 6,5 pulgadas har\u00e1n que tus canciones<br \/>suenen mejor que nunca.<br \/>Toda tu m\u00fasica a tu manera. Personaliza el nivel de graves y agudos con los botones integrados en el altavoz. Y para momentos de explosi\u00f3n, potencia los bajos con el bot\u00f3n Extra Bass.<br \/>Ll\u00e9valo donde quieras, de barbacoa, en tu sal\u00f3n o en casa de unos amigos. Su bater\u00eda de 10h y su asa plegable te permitir\u00e1 disfrutar de este altavoz en cualquier momento y lugar.<br \/>Reproduce tu m\u00fasica mediante Bluetooth o memorias USB, soportando formatos de m\u00fasica en MP3, WAV y tambi\u00e9n FLAC, gracias al cual podr\u00e1s disfrutar de un formato de reproducci\u00f3n sin p\u00e9rdidas.<br \/>Dise\u00f1o premium con estilo retro perfecto para cualquier ocasi\u00f3n o ambiente. La piel sint\u00e9tica del cuerpo y el aluminio crean la combinaci\u00f3n perfecta.<\/p>\n<p>Banner de Iconos<br \/>150 W de sonido con Extra Bass<br \/>Altavoz Bluetooth con 150 W de potencia para disfrutar de un sonido de alta calidad. Su potente woofer de 5 pulgadas, tweeters de c\u00fapula de seda y radiador pasivo de 6,5 pulgadas har\u00e1n que tus<br \/>canciones suenen mejor que nunca. Personaliza tu m\u00fasica a tu gusto ajustando los niveles de graves y agudos con los botones integrados en el altavoz. Y para esos momentos en que necesitas un<br \/>impulso extra, activa los bajos con el bot\u00f3n Extra Bass.<\/p>\n<p>Elegancia y portabilidad<br \/>Con el altavoz inal\u00e1mbrico Classy y su pr\u00e1ctica asa plegable, puedes llevar tu m\u00fasica favorita siempre contigo. Llena cualquier habitaci\u00f3n de tu casa con tus canciones preferidas y olv\u00eddate de cables<br \/>gracias a sus 10 horas de autonom\u00eda.<\/p>\n<p>Sum\u00e9rgete en sonidos puros<br \/>Experimenta una calidad de sonido excepcional al reproducir tu m\u00fasica mediante Bluetooth o memorias USB en este altavoz Bluetooth est\u00e9reo. Compatible con formatos de MP3, WAV y FLAC,<br \/>permiti\u00e9ndote disfrutar de un audio de alta fidelidad y sin p\u00e9rdidas.<br \/>Estilo inconfundible<br \/>Altavoz port\u00e1til est\u00e9reo con un distintivo dise\u00f1o retro y un acabado premium, perfecto para cualquier ocasi\u00f3n o ambiente. La combinaci\u00f3n de piel sint\u00e9tica en el cuerpo y detalles de aluminio ofrece el<br \/>equilibrio ideal entre elegancia y sofisticaci\u00f3n.<\/p>\n<p>\u00a0<\/p>\n","protected":false},"excerpt":{"rendered":"<p>Altavoz energy sistem classy 2.1 negro<\/p>\n","protected":false},"featured_media":235018,"comment_status":"closed","ping_status":"open","template":"","meta":{"_et_pb_use_builder":"","_et_pb_old_content":"","_et_gb_content_width":""},"product_brand":[2879],"product_cat":[2822,2799,2058],"product_tag":[2824,2803,3057,2068,2880],"class_list":{"0":"post-235017","1":"product","2":"type-product","3":"status-publish","4":"has-post-thumbnail","6":"product_brand-energy-sistem","7":"product_cat-altavoces","8":"product_cat-altavoces-mp3-y-auriculares","9":"product_cat-dispositivos","10":"product_tag-altavoces","11":"product_tag-altavoces-mp3-y-auriculares","12":"product_tag-altavoz-energy-sistem-classy-2-1-negro","13":"product_tag-dispositivos","14":"product_tag-energy-sistem","15":"product_shipping_class-2059","16":"pa_canon-digital-incluida-0-e-incluidos","18":"first","19":"instock","20":"taxable","21":"shipping-taxable","22":"purchasable","23":"product-type-simple"},"_links":{"self":[{"href":"https:\/\/linkxa.es\/linkshop\/wp-json\/wp\/v2\/product\/235017","targetHints":{"allow":["GET"]}}],"collection":[{"href":"https:\/\/linkxa.es\/linkshop\/wp-json\/wp\/v2\/product"}],"about":[{"href":"https:\/\/linkxa.es\/linkshop\/wp-json\/wp\/v2\/types\/product"}],"replies":[{"embeddable":true,"href":"https:\/\/linkxa.es\/linkshop\/wp-json\/wp\/v2\/comments?post=235017"}],"wp:featuredmedia":[{"embeddable":true,"href":"https:\/\/linkxa.es\/linkshop\/wp-json\/wp\/v2\/media\/235018"}],"wp:attachment":[{"href":"https:\/\/linkxa.es\/linkshop\/wp-json\/wp\/v2\/media?parent=235017"}],"wp:term":[{"taxonomy":"product_brand","embeddable":true,"href":"https:\/\/linkxa.es\/linkshop\/wp-json\/wp\/v2\/product_brand?post=235017"},{"taxonomy":"product_cat","embeddable":true,"href":"https:\/\/linkxa.es\/linkshop\/wp-json\/wp\/v2\/product_cat?post=235017"},{"taxonomy":"product_tag","embeddable":true,"href":"https:\/\/linkxa.es\/linkshop\/wp-json\/wp\/v2\/product_tag?post=235017"}],"curies":[{"name":"wp","href":"https:\/\/api.w.org\/{rel}","templated":true}]}}