{"id":235126,"date":"2025-02-26T14:54:17","date_gmt":"2025-02-26T14:54:17","guid":{"rendered":"https:\/\/linkxa.es\/contratacion\/producto\/altavoces-mars-gaming-2-1-ms-h21-blanco\/"},"modified":"2025-08-02T10:19:00","modified_gmt":"2025-08-02T10:19:00","slug":"altavoces-mars-gaming-2-1-ms-h21-blanco","status":"publish","type":"product","link":"https:\/\/linkxa.es\/linkshop\/producto\/altavoces-mars-gaming-2-1-ms-h21-blanco\/","title":{"rendered":"Altavoces mars gaming 2.1 ms &#8211; h21 blanco"},"content":{"rendered":"<h3 style=\"text-align: center;\"><strong>Mars gaming\u00a0 |\u00a0 Altavoces<\/strong><\/h3>\n<p>\u00a0<\/p>\n<p>ALTAVOZ GAMING MS-H21<br \/>El altavoz gaming para ordenador MS-H21 ofrece una experiencia auditiva inigualable con un potente sistema de sonido 2.1 de 35W y un sistema de drivers invertidos 3D surround. Dise\u00f1ado para ofrecer una inmersi\u00f3n<br \/>total, este altavoz es perfecto tanto para m\u00fasica como para juegos y pel\u00edculas, ofreciendo una calidad de sonido excepcional. Con control de volumen frontal, iluminaci\u00f3n RGB din\u00e1mica y conexi\u00f3n Plug &#038; Play, el MS-H21<br \/>combina rendimiento y estilo para transformar tu setup en un centro de entretenimiento completo.<\/p>\n<p>POTENTE SISTEMA DE SONIDO 2.1<br \/>El MS-H21 viene equipado con un sistema de subwoofer y dos altavoces sat\u00e9lites con 35W de potencia que proporcionan graves potentes y agudos claros. Este sistema de sonido 3D Surround 2.1 asegura que cada<br \/>detalle de la m\u00fasica y los efectos de sonido sean n\u00edtidos y profundos, transformando cualquier espacio en una sala de conciertos personal.<\/p>\n<p>ILUMINACI\u00d3N RGB DIN\u00c1MICA<br \/>Adem\u00e1s de su excepcional rendimiento de audio, el MS-H21 incorpora un atractivo efecto de iluminaci\u00f3n RGB din\u00e1mica. Este efecto visual agrega un toque est\u00e9tico a cualquier espacio, haciendo que no solo suene bien,<br \/>sino que tambi\u00e9n luzca espectacular en tu setup.<\/p>\n<p>SISTEMA DE DRIVERS INVERTIDOS 3D SURROUND<br \/>El altavoz para PC MS-H21 incorpora un avanzado sistema de drivers invertidos 3D surround, dise\u00f1ado para proporcionar una experiencia ac\u00fastica envolvente y llevar tu experiencia auditiva a un nuevo nivel. Este sistema<br \/>est\u00e1 dise\u00f1ado para ofrecer una mayor claridad y profundidad en el audio, creando una atm\u00f3sfera inmersiva tanto para m\u00fasica como para pel\u00edculas y videojuegos. Para mejorar a\u00fan m\u00e1s la calidad ac\u00fastica, recomendamos<br \/>colocar los altavoces a una distancia de 10-30 cm de la pared, lo cual optimiza la dispersi\u00f3n del sonido y permite que los graves resuenen adecuadamente y maximiza la claridad del audio en toda la habitaci\u00f3n.<\/p>\n<p>CONTROL DE VOLUMEN FRONTAL<br \/>El altavoz MS-H21 cuenta con un pr\u00e1ctico control de volumen frontal que te permite ajustar el sonido de manera r\u00e1pida y sencilla. Esta caracter\u00edstica facilita el manejo y la personalizaci\u00f3n del sonido seg\u00fan tus preferencias.<\/p>\n<p>CONEXI\u00d3N PLUG &#038; PLAY<br \/>Gracias a su sistema Plug &#038; Play, el altavoz MS-H21 es incre\u00edblemente f\u00e1cil de instalar y usar. Alimentado por USB y con entrada auxiliar de 3.5mm Jack, puedes conectarlo a una variedad de dispositivos en cuesti\u00f3n de<br \/>segundos. Esta versatilidad lo convierte en la elecci\u00f3n ideal para cualquier configuraci\u00f3n.<\/p>\n<p>Mars Gaming MS-H21. Uso recomendado: PC. Canales de salida de audio: 2.1 canales, N\u00famero de dispositivos: 3. Tecnolog\u00eda de conectividad: Al\u00e1mbrico. Potencia estimada RMS: 35 W, Rango de frecuencia: 20 &#8211; 20000<br \/>Hz, Obstrucci\u00f3n: 4 . Color del producto: Blanco<br \/>Altavoces<br \/>Canales de salida de audio 2.1 canales<br \/>Ubicaci\u00f3n de altavoz Mesa\/estante<br \/>N\u00famero de dispositivos 3<br \/>Audio<br \/>Potencia estimada RMS 35 W<br \/>Rango de frecuencia 20 &#8211; 20000 Hz<br \/>Obstrucci\u00f3n 4<br \/>Desempe\u00f1o<br \/>Color del producto Blanco<br \/>Uso recomendado PC<br \/>Material de la carcasa Acrilonitrilo butadieno estireno (ABS)<br \/>Control de volumen Giratorio<br \/>Apto para uso en interior Si<br \/>Retroiluminaci\u00f3n Si<br \/>Amplificador<br \/>Ampificador Integrado<br \/>Puertos e Interfaces<br \/>Tecnolog\u00eda de conectividad Al\u00e1mbrico<br \/>Conector de 3,5 mm Si<br \/>Control de energ\u00eda<br \/>Alimentaci\u00f3n USB<br \/>Voltaje de entrada DC 5 V<br \/>Peso y dimensiones<br \/>Peso 814 g<br \/>Longitud del cable 1,2 m<br \/>Empaquetado<br \/>Ancho del paquete 225 mm<br \/>Profundidad del paquete 170 mm<br \/>Altura del paquete 115 mm<\/p>\n<p>\u00a0<\/p>\n","protected":false},"excerpt":{"rendered":"<p>Altavoces mars gaming 2.1 ms &#8211; h21 blanco<\/p>\n","protected":false},"featured_media":235127,"comment_status":"closed","ping_status":"open","template":"","meta":{"_et_pb_use_builder":"","_et_pb_old_content":"","_et_gb_content_width":""},"product_brand":[2929],"product_cat":[2822,2799,2058],"product_tag":[2824,2803,3077,2068,2930],"class_list":{"0":"post-235126","1":"product","2":"type-product","3":"status-publish","4":"has-post-thumbnail","6":"product_brand-mars-gaming","7":"product_cat-altavoces","8":"product_cat-altavoces-mp3-y-auriculares","9":"product_cat-dispositivos","10":"product_tag-altavoces","11":"product_tag-altavoces-mp3-y-auriculares","12":"product_tag-altavoces-mars-gaming-2-1-ms-h21-blanco","13":"product_tag-dispositivos","14":"product_tag-mars-gaming","15":"product_shipping_class-2059","16":"pa_canon-digital-incluida-0-e-incluidos","18":"first","19":"instock","20":"taxable","21":"shipping-taxable","22":"purchasable","23":"product-type-simple"},"_links":{"self":[{"href":"https:\/\/linkxa.es\/linkshop\/wp-json\/wp\/v2\/product\/235126","targetHints":{"allow":["GET"]}}],"collection":[{"href":"https:\/\/linkxa.es\/linkshop\/wp-json\/wp\/v2\/product"}],"about":[{"href":"https:\/\/linkxa.es\/linkshop\/wp-json\/wp\/v2\/types\/product"}],"replies":[{"embeddable":true,"href":"https:\/\/linkxa.es\/linkshop\/wp-json\/wp\/v2\/comments?post=235126"}],"wp:featuredmedia":[{"embeddable":true,"href":"https:\/\/linkxa.es\/linkshop\/wp-json\/wp\/v2\/media\/235127"}],"wp:attachment":[{"href":"https:\/\/linkxa.es\/linkshop\/wp-json\/wp\/v2\/media?parent=235126"}],"wp:term":[{"taxonomy":"product_brand","embeddable":true,"href":"https:\/\/linkxa.es\/linkshop\/wp-json\/wp\/v2\/product_brand?post=235126"},{"taxonomy":"product_cat","embeddable":true,"href":"https:\/\/linkxa.es\/linkshop\/wp-json\/wp\/v2\/product_cat?post=235126"},{"taxonomy":"product_tag","embeddable":true,"href":"https:\/\/linkxa.es\/linkshop\/wp-json\/wp\/v2\/product_tag?post=235126"}],"curies":[{"name":"wp","href":"https:\/\/api.w.org\/{rel}","templated":true}]}}