{"id":235141,"date":"2025-04-15T12:23:16","date_gmt":"2025-04-15T12:23:16","guid":{"rendered":"https:\/\/linkxa.es\/contratacion\/producto\/auriculares-spc-2-bluetooth-blanco\/"},"modified":"2025-08-02T10:20:46","modified_gmt":"2025-08-02T10:20:46","slug":"auriculares-spc-2-bluetooth-blanco","status":"publish","type":"product","link":"https:\/\/linkxa.es\/linkshop\/producto\/auriculares-spc-2-bluetooth-blanco\/","title":{"rendered":"Auriculares spc 2 bluetooth blanco"},"content":{"rendered":"<h3 style=\"text-align: center;\"><strong>Spc\u00a0 |\u00a0 Auriculares<\/strong><\/h3>\n<p>\u00a0<\/p>\n<p>SPC Auricular Zion 2 BT Ipx4 blanco<br \/>Auriculares True Wireless con dise\u00f1o ultracompacto, muy ligeros y un estuche de carga miniatura capaz de proporcionar hasta 28 h de autonom\u00eda. Incluyen control t\u00e1ctil y compatibilidad con asistentes de<br \/>voz.<br \/>Marca SPC<br \/>Modelo 4623B<br \/>Especificaciones &#8211; Conexi\u00f3n: Bluetooth 5.3<br \/>&#8211; Perfiles: HFP, A2DP, AVRCP<br \/>&#8211; Manos libres<br \/>&#8211; Asistente de voz<br \/>&#8211; Sincronizaci\u00f3n autom\u00e1tica<br \/>&#8211; Control t\u00e1ctil<br \/>&#8211; Alcance m\u00e1ximo 10m<br \/>&#8211; LLamadas<br \/>&#8211; Conexi\u00f3n autom\u00e1tica<br \/>Bater\u00eda y carga<br \/>&#8211; Bater\u00eda: 400mAh<br \/>&#8211; Autonom\u00eda total: 28H<br \/>&#8211; Autonom\u00eda reproducci\u00f3n: 7H con un carga<br \/>&#8211; Carga: USB-C<br \/>Dimensiones y peso<br \/>&#8211; 31 x 17 x 18 mm<br \/>&#8211; 4 g<br \/>Contenido<br \/>&#8211; SPC Zion 2 Play<br \/>&#8211; Estuche de carga<br \/>&#8211; Cable USB-C de carga<br \/>&#8211; Gu\u00eda r\u00e1pida<\/p>\n<p>\u00a0<\/p>\n","protected":false},"excerpt":{"rendered":"<p>Auriculares spc 2 bluetooth blanco<\/p>\n","protected":false},"featured_media":235142,"comment_status":"closed","ping_status":"open","template":"","meta":{"_et_pb_use_builder":"","_et_pb_old_content":"","_et_gb_content_width":""},"product_brand":[2127],"product_cat":[2799,2800,2058],"product_tag":[2803,2804,3081,2068,2128],"class_list":{"0":"post-235141","1":"product","2":"type-product","3":"status-publish","4":"has-post-thumbnail","6":"product_brand-spc","7":"product_cat-altavoces-mp3-y-auriculares","8":"product_cat-auriculares","9":"product_cat-dispositivos","10":"product_tag-altavoces-mp3-y-auriculares","11":"product_tag-auriculares","12":"product_tag-auriculares-spc-2-bluetooth-blanco","13":"product_tag-dispositivos","14":"product_tag-spc","15":"product_shipping_class-2059","16":"pa_canon-digital-incluida-0-e-incluidos","18":"first","19":"instock","20":"taxable","21":"shipping-taxable","22":"purchasable","23":"product-type-simple"},"_links":{"self":[{"href":"https:\/\/linkxa.es\/linkshop\/wp-json\/wp\/v2\/product\/235141","targetHints":{"allow":["GET"]}}],"collection":[{"href":"https:\/\/linkxa.es\/linkshop\/wp-json\/wp\/v2\/product"}],"about":[{"href":"https:\/\/linkxa.es\/linkshop\/wp-json\/wp\/v2\/types\/product"}],"replies":[{"embeddable":true,"href":"https:\/\/linkxa.es\/linkshop\/wp-json\/wp\/v2\/comments?post=235141"}],"wp:featuredmedia":[{"embeddable":true,"href":"https:\/\/linkxa.es\/linkshop\/wp-json\/wp\/v2\/media\/235142"}],"wp:attachment":[{"href":"https:\/\/linkxa.es\/linkshop\/wp-json\/wp\/v2\/media?parent=235141"}],"wp:term":[{"taxonomy":"product_brand","embeddable":true,"href":"https:\/\/linkxa.es\/linkshop\/wp-json\/wp\/v2\/product_brand?post=235141"},{"taxonomy":"product_cat","embeddable":true,"href":"https:\/\/linkxa.es\/linkshop\/wp-json\/wp\/v2\/product_cat?post=235141"},{"taxonomy":"product_tag","embeddable":true,"href":"https:\/\/linkxa.es\/linkshop\/wp-json\/wp\/v2\/product_tag?post=235141"}],"curies":[{"name":"wp","href":"https:\/\/api.w.org\/{rel}","templated":true}]}}