{"id":235225,"date":"2025-02-13T14:09:01","date_gmt":"2025-02-13T14:09:01","guid":{"rendered":"https:\/\/linkxa.es\/contratacion\/producto\/microfono-rode-wireless-go-iii\/"},"modified":"2025-08-02T10:27:39","modified_gmt":"2025-08-02T10:27:39","slug":"microfono-rode-wireless-go-iii","status":"publish","type":"product","link":"https:\/\/linkxa.es\/linkshop\/producto\/microfono-rode-wireless-go-iii\/","title":{"rendered":"Microfono rode wireless go iii"},"content":{"rendered":"<h3 style=\"text-align: center;\"><strong>Rode\u00a0 |\u00a0 Micr\u00f3fonos<\/strong><\/h3>\n<p>\u00a0<\/p>\n<p>-NOMBRE DEL PRODUCTO\u00a0<br \/>Sistema de micr\u00f3fono inal\u00e1mbrico compacto de dos canales\u00a0<\/p>\n<p>-TRANSMISI\u00d3N\u00a0<br \/>Transmisi\u00f3n digital de 2,4 GHz Serie IV de \u00faltima generaci\u00f3n\u00a0<br \/>Cifrado de 128 bits\u00a0<br \/>Alcance de hasta 260 m (l\u00ednea de visi\u00f3n)\u00a0<\/p>\n<p>-GRABACI\u00d3N\u00a0<br \/>M\u00e1s de 40 horas de grabaci\u00f3n integrada\u00a0<br \/>Formato de grabaci\u00f3n: 32 bits flotantes\u00a0<br \/>Permite recuperaci\u00f3n de archivos de audio recortados o silenciosos\u00a0<\/p>\n<p>-AJUSTES DE AUDIO\u00a0<br \/>Tecnolog\u00eda inteligente GainAssist\u00a0<br \/>Control de ganancia de salida flexible\u00a0<br \/>Canal de seguridad\u00a0<\/p>\n<p>-COMPATIBILIDAD\u00a0<br \/>Compatible con c\u00e1maras\u00a0<br \/>Compatible con tel\u00e9fonos inteligentes\u00a0<br \/>Compatible con computadoras\u00a0<br \/>Compatible con todos los dispositivos R\u00d8DE Serie IV\u00a0<\/p>\n<p>-CONECTIVIDAD\u00a0<br \/>Conectores de solapa con bloqueo\u00a0<br \/>Monitoreo de auriculares con control de nivel integrado\u00a0<\/p>\n<p>-ENERG\u00cdA\u00a0<br \/>Detecci\u00f3n autom\u00e1tica de energ\u00eda del enchufe\u00a0<br \/>Mayor duraci\u00f3n de la bater\u00eda\u00a0<\/p>\n<p>-CONTROL Y CONFIGURACI\u00d3N\u00a0<br \/>F\u00e1cil configuraci\u00f3n desde computadora o tel\u00e9fono mediante R\u00d8DE Central\u00a0<br \/>Pantalla LCD brillante\u00a0<br \/>Controles intuitivos para ajustes r\u00e1pidos\u00a0<\/p>\n<p>-DISE\u00d1O Y COLORES\u00a0<br \/>Disponible en color negro, blanco y varios colores de edici\u00f3n limitada:\u00a0<br \/>Rojo, naranja, verde, violeta, rosa, azul, cobalto, arcilla, lila, piedra y musgo\u00a0<\/p>\n<p>-FABRICACI\u00d3N\u00a0<br \/>Dise\u00f1ado y fabricado en las instalaciones de precisi\u00f3n de R\u00d8DE en S\u00eddney, Australia\u00a0<\/p>\n<p>\u00a0<\/p>\n","protected":false},"excerpt":{"rendered":"<p>Microfono rode wireless go iii<\/p>\n","protected":false},"featured_media":235226,"comment_status":"closed","ping_status":"open","template":"","meta":{"_et_pb_use_builder":"","_et_pb_old_content":"","_et_gb_content_width":""},"product_brand":[3042],"product_cat":[2799,2058,2831],"product_tag":[2803,2068,3098,2833,3043],"class_list":{"0":"post-235225","1":"product","2":"type-product","3":"status-publish","4":"has-post-thumbnail","6":"product_brand-rode","7":"product_cat-altavoces-mp3-y-auriculares","8":"product_cat-dispositivos","9":"product_cat-microfonos","10":"product_tag-altavoces-mp3-y-auriculares","11":"product_tag-dispositivos","12":"product_tag-microfono-rode-wireless-go-iii","13":"product_tag-microfonos","14":"product_tag-rode","15":"product_shipping_class-2059","16":"pa_canon-digital-incluida-0-e-incluidos","18":"first","19":"instock","20":"taxable","21":"shipping-taxable","22":"purchasable","23":"product-type-simple"},"_links":{"self":[{"href":"https:\/\/linkxa.es\/linkshop\/wp-json\/wp\/v2\/product\/235225","targetHints":{"allow":["GET"]}}],"collection":[{"href":"https:\/\/linkxa.es\/linkshop\/wp-json\/wp\/v2\/product"}],"about":[{"href":"https:\/\/linkxa.es\/linkshop\/wp-json\/wp\/v2\/types\/product"}],"replies":[{"embeddable":true,"href":"https:\/\/linkxa.es\/linkshop\/wp-json\/wp\/v2\/comments?post=235225"}],"wp:featuredmedia":[{"embeddable":true,"href":"https:\/\/linkxa.es\/linkshop\/wp-json\/wp\/v2\/media\/235226"}],"wp:attachment":[{"href":"https:\/\/linkxa.es\/linkshop\/wp-json\/wp\/v2\/media?parent=235225"}],"wp:term":[{"taxonomy":"product_brand","embeddable":true,"href":"https:\/\/linkxa.es\/linkshop\/wp-json\/wp\/v2\/product_brand?post=235225"},{"taxonomy":"product_cat","embeddable":true,"href":"https:\/\/linkxa.es\/linkshop\/wp-json\/wp\/v2\/product_cat?post=235225"},{"taxonomy":"product_tag","embeddable":true,"href":"https:\/\/linkxa.es\/linkshop\/wp-json\/wp\/v2\/product_tag?post=235225"}],"curies":[{"name":"wp","href":"https:\/\/api.w.org\/{rel}","templated":true}]}}