{"id":235511,"date":"2024-11-27T10:21:21","date_gmt":"2024-11-27T10:21:21","guid":{"rendered":"https:\/\/linkxa.es\/contratacion\/producto\/altavoces-hiditec-2-1-multimedia-h400-80w\/"},"modified":"2025-08-02T11:54:00","modified_gmt":"2025-08-02T11:54:00","slug":"altavoces-hiditec-2-1-multimedia-h400-80w","status":"publish","type":"product","link":"https:\/\/linkxa.es\/linkshop\/producto\/altavoces-hiditec-2-1-multimedia-h400-80w\/","title":{"rendered":"Altavoces hiditec 2.1 multimedia h400 80w"},"content":{"rendered":"<h3 style=\"text-align: center;\"><strong>Hiditec\u00a0 |\u00a0 Altavoces<\/strong><\/h3>\n<p>\u00a0<\/p>\n<p>DESCRIPCI\u00d3N<\/p>\n<p>80W de potente sonido 2.1 n\u00edtido y profundo<br \/>Sienta la m\u00fasica, pel\u00edculas o juegos con un sonido n\u00edtido, profundo y potente para<br \/>captar hasta el m\u00e1s m\u00ednimo detalle.<\/p>\n<p>H400 reproduce 80W de potencia de sonido. Tendr\u00e1 potencia suficiente para poder<br \/>utilizarlos tanto en la habitaci\u00f3n como en una fiesta en la piscina.<\/p>\n<p>Su equipo bajo control<br \/>Los H400 cuentan con un panel frontal en el que podr\u00e1 seleccionar el modo y pista de<br \/>reporducci\u00f3n as\u00ed como el volumen.<\/p>\n<p>Tambien dispone de mando a distancia con el que podr\u00e1 ajustar todas las funciones<br \/>del dispositivo inal\u00e1mbricamente, como puede ser la sintonizaci\u00f3n de emisoras de<br \/>radio, selecci\u00f3n de modo de funcionamiento, volumen o selecci\u00f3n de canci\u00f3nes<br \/>entre otras funciones.<\/p>\n<p>Graves ajustables<br \/>El control de graves independiente permite ajustar el nivel de frecuencias bajas<br \/>producidas por el subwoofer de 5&#8243; sin cambiar el volumen de los altavoces sat\u00e9lite.<\/p>\n<p>Se puede optimizar el nivel de graves a las preferencias de cada persona para<br \/>compensaci\u00f3n de proximidad. Si el subwoofer se encuentra debajo de un escritorio<br \/>o en un \u00e1rea m\u00e1s cerrada, conviene ajustar el nivel de graves para afinar y equilibrar<br \/>apropiadamente el sistema en ese entorno espec\u00edfico.<br \/>ESPECIFICACIONES T\u00c9CNICAS<\/p>\n<p>Subwoofer<br \/>Di\u00e1metro del conductor del subwoofer (imperial)<br \/>12,7 cm (5&#8243;)<br \/>Impedancia de subwoofer<br \/>4 O<br \/>Altavoces sat\u00e9lite<br \/>Di\u00e1metro del woofer del altavoz sat\u00e9lite (imperial)<br \/>7,62 cm (3&#8243;)<br \/>Impedancia de altavoz sat\u00e9lite<br \/>4 O<br \/>N\u00famero de sat\u00e9lites<br \/>2<br \/>Potencia RMS de altavoces sat\u00e9lite<br \/>40 W<br \/>Detalles t\u00e9cnicos<br \/>Conexi\u00f3n USB<br \/>Si<br \/>Control de energ\u00eda<br \/>Fuente de energ\u00eda<br \/>Corriente alterna<\/p>\n<p>Amplificador<br \/>Dispositivo de amplificaci\u00f3n incluido<br \/>No<br \/>Puertos e Interfaces<br \/>Cantidad de puertos USB 2.0<br \/>1<br \/>Bluetooth<br \/>Si<br \/>Conectividad en l\u00ednea de entrada<br \/>3.5 mm<br \/>Entrada de l\u00ednea<br \/>Si<br \/>Tecnolog\u00eda de conectividad<br \/>Inal\u00e1mbrico y al\u00e1mbrico<br \/>Desempe\u00f1o<br \/>Bandas de radio soportadas<br \/>FM<br \/>Canales de salida de audio<br \/>2.1 canales<br \/>Potencia estimada RMS<br \/>80 W<\/p>\n<p>\u00a0<\/p>\n","protected":false},"excerpt":{"rendered":"<p>Altavoces hiditec 2.1 multimedia h400 80w bluetooth usb sd radio<\/p>\n","protected":false},"featured_media":235512,"comment_status":"closed","ping_status":"open","template":"","meta":{"_et_pb_use_builder":"","_et_pb_old_content":"","_et_gb_content_width":""},"product_brand":[2876],"product_cat":[2822,2799,2058],"product_tag":[2824,2803,3155,2068,2877],"class_list":{"0":"post-235511","1":"product","2":"type-product","3":"status-publish","4":"has-post-thumbnail","6":"product_brand-hiditec","7":"product_cat-altavoces","8":"product_cat-altavoces-mp3-y-auriculares","9":"product_cat-dispositivos","10":"product_tag-altavoces","11":"product_tag-altavoces-mp3-y-auriculares","12":"product_tag-altavoces-hiditec-2-1-multimedia-h400-80w","13":"product_tag-dispositivos","14":"product_tag-hiditec","15":"product_shipping_class-2059","16":"pa_canon-digital-incluida-0-e-incluidos","18":"first","19":"instock","20":"taxable","21":"shipping-taxable","22":"purchasable","23":"product-type-simple"},"_links":{"self":[{"href":"https:\/\/linkxa.es\/linkshop\/wp-json\/wp\/v2\/product\/235511","targetHints":{"allow":["GET"]}}],"collection":[{"href":"https:\/\/linkxa.es\/linkshop\/wp-json\/wp\/v2\/product"}],"about":[{"href":"https:\/\/linkxa.es\/linkshop\/wp-json\/wp\/v2\/types\/product"}],"replies":[{"embeddable":true,"href":"https:\/\/linkxa.es\/linkshop\/wp-json\/wp\/v2\/comments?post=235511"}],"wp:featuredmedia":[{"embeddable":true,"href":"https:\/\/linkxa.es\/linkshop\/wp-json\/wp\/v2\/media\/235512"}],"wp:attachment":[{"href":"https:\/\/linkxa.es\/linkshop\/wp-json\/wp\/v2\/media?parent=235511"}],"wp:term":[{"taxonomy":"product_brand","embeddable":true,"href":"https:\/\/linkxa.es\/linkshop\/wp-json\/wp\/v2\/product_brand?post=235511"},{"taxonomy":"product_cat","embeddable":true,"href":"https:\/\/linkxa.es\/linkshop\/wp-json\/wp\/v2\/product_cat?post=235511"},{"taxonomy":"product_tag","embeddable":true,"href":"https:\/\/linkxa.es\/linkshop\/wp-json\/wp\/v2\/product_tag?post=235511"}],"curies":[{"name":"wp","href":"https:\/\/api.w.org\/{rel}","templated":true}]}}