{"id":235529,"date":"2025-07-21T21:11:07","date_gmt":"2025-07-21T21:11:07","guid":{"rendered":"https:\/\/linkxa.es\/contratacion\/producto\/auriculares-ngs-artica-move-inalambrico-azul\/"},"modified":"2025-08-02T11:55:41","modified_gmt":"2025-08-02T11:55:41","slug":"auriculares-ngs-artica-move-inalambrico-azul","status":"publish","type":"product","link":"https:\/\/linkxa.es\/linkshop\/producto\/auriculares-ngs-artica-move-inalambrico-azul\/","title":{"rendered":"Auriculares ngs artica move inalambrico azul"},"content":{"rendered":"<h3 style=\"text-align: center;\"><strong>Ngs\u00a0 |\u00a0 Auriculares<\/strong><\/h3>\n<p>\u00a0<\/p>\n<p>Los auriculares NGS Artica Move Rain intrauditivos compatibles con la tecnolog\u00eda Bluetooth 5.3 y True Wireless Stereo son una nueva generaci\u00f3n de auriculares inal\u00e1mbricos que ofrecen una serie de<br \/>ventajas sobre los modelos anteriores.<br \/>Caracter\u00edsticas<\/p>\n<p>Auriculares inal\u00e1mbricos compatibles con la tecnolog\u00eda Bluetooth 5.3 y True Wireless Stereo.<br \/>Equipado con tecnolog\u00eda ENC que mejora la calidad del micr\u00f3fono en todas las comunicaciones.<br \/>Funci\u00f3n de conexi\u00f3n autom\u00e1tica para encender los auriculares y sincronizarlos al sacarlos del estuche.<br \/>Su base de carga cuenta con una bater\u00eda de 400mAh con la que podr\u00e1s cargar los auriculares completamente 3 veces y dispondr\u00e1s de hasta 28 horas de autonom\u00eda.<br \/>Touch Sensor para gestionar todas las funciones importantes (Siguiente \/ Anterior \/ Pausa \/ Reproducir \/ Volumen \/ Asistente de Voz), con una simple pulsaci\u00f3n.<br \/>Realiza una llamada o ponte en contacto con tu asistente de voz mediante el micr\u00f3fono incorporado.<br \/>Capacidad de la bater\u00eda de los auriculares de 35mAh, gozan de 7h de autonom\u00eda con una simple carga (al 70% de volumen).<br \/>Dise\u00f1o minimalista y ultraligero que proporciona un ajuste c\u00f3modo y seguro.<br \/>Incluye botones de control t\u00e1ctiles en ambos auriculares para facilitar su manejo.<br \/>Reproduce tu m\u00fasica con solo un suave toque.<br \/>Gracias a su funci\u00f3n manos libres no tendr\u00e1s que manipular el tel\u00e9fono.<br \/>Sus LED de carga te indicar\u00e1n en todo momento si los auriculares est\u00e1n cargando o est\u00e1n totalmente cargados. De igual modo, el led indicador de carga de la base te informa cuando la misma est\u00e1<br \/>cargando o si est\u00e1 al 100% de su capacidad.<br \/>Debido a su reducido tama\u00f1o y a su estuche compacto que permite transportarlos de forma c\u00f3moda y segura, podr\u00e1s llev\u00e1rtelos donde quieras.<br \/>10m de alcance inal\u00e1mbrico.<\/p>\n<p>ESPECIFICACIONES<\/p>\n<p>Versi\u00f3n de Bluetooth: 5.3<br \/>Chipset: JL6983<br \/>Bater\u00eda de los auriculares: 35mAh<br \/>Bater\u00eda de la base: 400mAh<br \/>Potencia nominal: 3mW<br \/>Respuesta de frecuencia: 20-20kHz<br \/>Relaci\u00f3n se\u00f1al\/ruido: &#038;gt,101dB<br \/>Rango de frecuencia: 2402MHz~2480MHz<br \/>Base de carga: 400mAh \/ 3,7 V<br \/>Carga los auriculares 3 veces<br \/>Tiempo de carga de la base: 3 horas<br \/>Distancia de trabajo: hasta 10m<br \/>Contenido del embalaje:<br \/>ARTICA MOVE<br \/>Base de carga<br \/>Cable de carga tipo-C<br \/>Gu\u00eda de instalaci\u00f3n<\/p>\n<p>\u00a0<\/p>\n","protected":false},"excerpt":{"rendered":"<p>Auriculares ngs artica move inalambrico azul<\/p>\n","protected":false},"featured_media":235530,"comment_status":"closed","ping_status":"open","template":"","meta":{"_et_pb_use_builder":"","_et_pb_old_content":"","_et_gb_content_width":""},"product_brand":[2962],"product_cat":[2799,2800,2058],"product_tag":[2803,2804,3159,2068,2963],"class_list":{"0":"post-235529","1":"product","2":"type-product","3":"status-publish","4":"has-post-thumbnail","6":"product_brand-ngs","7":"product_cat-altavoces-mp3-y-auriculares","8":"product_cat-auriculares","9":"product_cat-dispositivos","10":"product_tag-altavoces-mp3-y-auriculares","11":"product_tag-auriculares","12":"product_tag-auriculares-ngs-artica-move-inalambrico-azul","13":"product_tag-dispositivos","14":"product_tag-ngs","15":"product_shipping_class-2059","16":"pa_canon-digital-incluida-0-e-incluidos","18":"first","19":"instock","20":"taxable","21":"shipping-taxable","22":"purchasable","23":"product-type-simple"},"_links":{"self":[{"href":"https:\/\/linkxa.es\/linkshop\/wp-json\/wp\/v2\/product\/235529","targetHints":{"allow":["GET"]}}],"collection":[{"href":"https:\/\/linkxa.es\/linkshop\/wp-json\/wp\/v2\/product"}],"about":[{"href":"https:\/\/linkxa.es\/linkshop\/wp-json\/wp\/v2\/types\/product"}],"replies":[{"embeddable":true,"href":"https:\/\/linkxa.es\/linkshop\/wp-json\/wp\/v2\/comments?post=235529"}],"wp:featuredmedia":[{"embeddable":true,"href":"https:\/\/linkxa.es\/linkshop\/wp-json\/wp\/v2\/media\/235530"}],"wp:attachment":[{"href":"https:\/\/linkxa.es\/linkshop\/wp-json\/wp\/v2\/media?parent=235529"}],"wp:term":[{"taxonomy":"product_brand","embeddable":true,"href":"https:\/\/linkxa.es\/linkshop\/wp-json\/wp\/v2\/product_brand?post=235529"},{"taxonomy":"product_cat","embeddable":true,"href":"https:\/\/linkxa.es\/linkshop\/wp-json\/wp\/v2\/product_cat?post=235529"},{"taxonomy":"product_tag","embeddable":true,"href":"https:\/\/linkxa.es\/linkshop\/wp-json\/wp\/v2\/product_tag?post=235529"}],"curies":[{"name":"wp","href":"https:\/\/api.w.org\/{rel}","templated":true}]}}