{"id":235641,"date":"2025-04-02T00:40:05","date_gmt":"2025-04-02T00:40:05","guid":{"rendered":"https:\/\/linkxa.es\/contratacion\/producto\/auriculares-inalambricos-aiwa-ebtw-888anc-bluetooth-cancelacion\/"},"modified":"2025-08-02T12:06:10","modified_gmt":"2025-08-02T12:06:10","slug":"auriculares-inalambricos-aiwa-ebtw-888anc-bluetooth-cancelacion","status":"publish","type":"product","link":"https:\/\/linkxa.es\/linkshop\/producto\/auriculares-inalambricos-aiwa-ebtw-888anc-bluetooth-cancelacion\/","title":{"rendered":"Auriculares inalambricos aiwa ebtw &#8211; 888anc bluetooth cancelacion"},"content":{"rendered":"<h3 style=\"text-align: center;\"><strong>Aiwa\u00a0 |\u00a0 Auriculares<\/strong><\/h3>\n<p>\u00a0<\/p>\n<p>CARACTERISTICAS<\/p>\n<p>Sistema compatible con bluetooth v5.0, con un alcance inal\u00e1mbrico de 10m.<br \/>Funci\u00f3n avanzada de cancelaci\u00f3n de ruido activa (ANC) con reducci\u00f3n media de ruido de -30db.<br \/>Calidad de audio de alta definici\u00f3n.<br \/>Dise\u00f1o ergon\u00f3mico para una mayor comodidad de uso.<br \/>Micr\u00f3fonos duales incorporados y de alta sensibilidad para llamadas telef\u00f3nicas con manos libres de gran nitidez.<br \/>Con asistente de voz (siri\/google voice).<br \/>Grado de protecci\u00f3n contra el agua IPX4 : protegido contra las salpicaduras de agua.<br \/>Controles t\u00e1ctiles f\u00e1ciles.<br \/>Bater\u00edas recargables de pol\u00edmero de litio: Auricular=40mah (1h de recarga) , Estuche=500mah (1h de recarga).<br \/>Apagado autom\u00e1tico: mediante el sensor de pared incorporado (estuche de carga).<br \/>Tiempo de reproducci\u00f3n de m\u00fasica: con ANC=4 horas + 15 horas (estuche de carga).<br \/>Altavoces: 10mm 0.2mm, 32? 15% @1khz, entrada: 0,126 vrms. Potencia nominal de 3mw.<br \/>Sensibilidad del micr\u00f3fono: -42db+3db (silicona), -38db1db (micr\u00f3fono ANC).<br \/>Sensibilidad de audio : 933db a 1khz, entrada 2,5mw. Spl m\u00e1ximo =104db.<br \/>Puerto de carga universal usb tipo c.<br \/>Puerto de carga: usb tipo-c (dc5v, @ 500ma a 1a).<br \/>Cable de carga usb tipo-c de nylon trenzado aiwa con accesorio de carcasa de aluminio incluido, con cintur\u00f3n de cuero.<br \/>Accesorios : tapones de silicona x3 pares (s\/m\/l), bolsa de transporte, cable de carga usb tipo c.<br \/>Dimensiones: auriculares=22,8 x 20 x 36,4 mm , estuche=45,5 x 57 x 23 mm.<br \/>Peso: estuche completo 60g (50g estuche + 2x 5g auriculares).<\/p>\n<p>\u00a0<\/p>\n","protected":false},"excerpt":{"rendered":"<p>Auriculares inalambricos aiwa ebtw &#8211; 888anc bluetooth &#8211; cancelacion de ruido &#8211; color blanco<\/p>\n","protected":false},"featured_media":235642,"comment_status":"closed","ping_status":"open","template":"","meta":{"_et_pb_use_builder":"","_et_pb_old_content":"","_et_gb_content_width":""},"product_brand":[2610],"product_cat":[2799,2800,2058],"product_tag":[2611,2803,2804,3184,2068],"class_list":{"0":"post-235641","1":"product","2":"type-product","3":"status-publish","4":"has-post-thumbnail","6":"product_brand-aiwa","7":"product_cat-altavoces-mp3-y-auriculares","8":"product_cat-auriculares","9":"product_cat-dispositivos","10":"product_tag-aiwa","11":"product_tag-altavoces-mp3-y-auriculares","12":"product_tag-auriculares","13":"product_tag-auriculares-inalambricos-aiwa-ebtw-888anc-bluetooth-cancelacion","14":"product_tag-dispositivos","15":"product_shipping_class-2059","16":"pa_canon-digital-incluida-0-e-incluidos","18":"first","19":"instock","20":"taxable","21":"shipping-taxable","22":"purchasable","23":"product-type-simple"},"_links":{"self":[{"href":"https:\/\/linkxa.es\/linkshop\/wp-json\/wp\/v2\/product\/235641","targetHints":{"allow":["GET"]}}],"collection":[{"href":"https:\/\/linkxa.es\/linkshop\/wp-json\/wp\/v2\/product"}],"about":[{"href":"https:\/\/linkxa.es\/linkshop\/wp-json\/wp\/v2\/types\/product"}],"replies":[{"embeddable":true,"href":"https:\/\/linkxa.es\/linkshop\/wp-json\/wp\/v2\/comments?post=235641"}],"wp:featuredmedia":[{"embeddable":true,"href":"https:\/\/linkxa.es\/linkshop\/wp-json\/wp\/v2\/media\/235642"}],"wp:attachment":[{"href":"https:\/\/linkxa.es\/linkshop\/wp-json\/wp\/v2\/media?parent=235641"}],"wp:term":[{"taxonomy":"product_brand","embeddable":true,"href":"https:\/\/linkxa.es\/linkshop\/wp-json\/wp\/v2\/product_brand?post=235641"},{"taxonomy":"product_cat","embeddable":true,"href":"https:\/\/linkxa.es\/linkshop\/wp-json\/wp\/v2\/product_cat?post=235641"},{"taxonomy":"product_tag","embeddable":true,"href":"https:\/\/linkxa.es\/linkshop\/wp-json\/wp\/v2\/product_tag?post=235641"}],"curies":[{"name":"wp","href":"https:\/\/api.w.org\/{rel}","templated":true}]}}