{"id":235667,"date":"2025-03-28T14:20:12","date_gmt":"2025-03-28T14:20:12","guid":{"rendered":"https:\/\/linkxa.es\/contratacion\/producto\/altavoz-hiditec-bluetooth-urban-rok-s\/"},"modified":"2025-08-02T12:08:43","modified_gmt":"2025-08-02T12:08:43","slug":"altavoz-hiditec-bluetooth-urban-rok-s","status":"publish","type":"product","link":"https:\/\/linkxa.es\/linkshop\/producto\/altavoz-hiditec-bluetooth-urban-rok-s\/","title":{"rendered":"Altavoz hiditec bluetooth urban rok s"},"content":{"rendered":"<h3 style=\"text-align: center;\"><strong>Hiditec\u00a0 |\u00a0 Altavoces<\/strong><\/h3>\n<p>\u00a0<\/p>\n<p>DESCRIPCI\u00d3N<\/p>\n<p>Mini altavoz bluetooth resistente al agua<br \/>Disfruta donde quieras de tu m\u00fasica favorita con el peque\u00f1o altavoz bluetooth Urban<br \/>Rok S.<br \/>Para la ducha, playa, piscina, monta\u00f1a, este mini altavoz ofrece un potente sonido de<br \/>3W RMS con el altavoz de 52mm de rango completo que incorpora.<\/p>\n<p>Sonido potente y n\u00edtido con el altavoz bluetooth S<br \/>Gracias al altavoz de 52mm de rango completo que incorpora, el sonido te<br \/>sorprender\u00e1 al escuchar hasta el m\u00e1s m\u00ednimo detalle.<br \/>Reproduce m\u00fasica, series o llamadas telef\u00f3nicas desde el altavoz bluetooth S con<br \/>3W RMS de potencia real.<\/p>\n<p>300 minutos de m\u00fasica sin interrupci\u00f3n<br \/>Escucha hasta 300 minutos de m\u00fasica, con una sola carga, en el altavoz bluetooth<br \/>Urban Rok S gracias a la bater\u00eda de 500 mAh que ofrece.<\/p>\n<p>Fabricado con mucho cari\u00f1o<br \/>Urban Rok S aprovecha al m\u00e1ximo sus cualidades: autonom\u00eda, protecci\u00f3n IPX5,<br \/>portabilidad y dise\u00f1o.<br \/>Este mini altavoz ofrece sonidos n\u00edtidos y potentes gracias a los materiales de<br \/>calidad con los que cuenta.<\/p>\n<p>Altavoz bluetooth resistente al agua<br \/>Con protecci\u00f3n certificada IPX5, el altavoz bluetooth, resiste al polvo y agua.<br \/>Aprovecha cada instante para disfrutar de tu m\u00fasica.<br \/>ESPECIFICACIONES T\u00c9CNICAS<\/p>\n<p>Peso y dimensiones<br \/>Altura<br \/>90 mm<br \/>Ancho<br \/>90 mm<br \/>Peso<br \/>162 g<br \/>Profundidad<br \/>45 mm<br \/>Altavoces<br \/>N\u00famero de altavoces<br \/>1<br \/>Audio<br \/>Potencia estimada RMS<br \/>3 W<br \/>Rango de frecuencia<br \/>100 &#8211; 20000 Hz<br \/>Relaci\u00f3n se\u00f1al\/ruido (SNR)<br \/>75 dB<br \/>Puertos e Interfaces<br \/>Bluetooth<br \/>Si<br \/>Versi\u00f3n de Bluetooth<br \/>4.2<br \/>Perfiles de Bluetooth<br \/>A2DP,AVRCP,HFP,SSP<br \/>alcance Bluetooth<br \/>10 m<br \/>Tecnolog\u00eda de conectividad<br \/>Inal\u00e1mbrico<br \/>Control de energ\u00eda<br \/>Alimentaci\u00f3n<br \/>Bater\u00eda<br \/>Autonom\u00eda<br \/>5 h<br \/>Capacidad de bater\u00eda<br \/>500 mAh<br \/>Tecnolog\u00eda de bater\u00eda<br \/>Pol\u00edmero de litio<br \/>Tiempo de recarga de la bater\u00eda<br \/>4 h<br \/>Tipo de bater\u00eda<br \/>Bater\u00eda integrada<\/p>\n<p>Contenido del embalaje<br \/>Cables incluidos<br \/>Micro-USB<br \/>Otras caracter\u00edsticas<br \/>Di\u00e1metro del altavoz<br \/>5,2 cm<br \/>Manual de usuario<br \/>Si<br \/>Dise\u00f1o<br \/>Color del producto<br \/>Negro<br \/>Control de volumen<br \/>Botones<br \/>C\u00f3digo IP (International Protection)<br \/>IPX5<br \/>Funciones de protecci\u00f3n<br \/>Resistente al polvo, A prueba de salpicaduras, Resistente al agua<br \/>Gancho<br \/>Si<br \/>Tipo de producto<br \/>Altavoz mono port\u00e1til<br \/>Desempe\u00f1o<br \/>Micr\u00f3fono incorporado<br \/>Si<br \/>Modo manos libres<br \/>Si<br \/>Uso recomendado<br \/>Universal<\/p>\n<p>\u00a0<\/p>\n","protected":false},"excerpt":{"rendered":"<p>Altavoz hiditec bluetooth urban rok s black 3w bluetooth ipx5<\/p>\n","protected":false},"featured_media":235668,"comment_status":"closed","ping_status":"open","template":"","meta":{"_et_pb_use_builder":"","_et_pb_old_content":"","_et_gb_content_width":""},"product_brand":[2876],"product_cat":[2822,2799,2058],"product_tag":[2824,2803,3189,2068,2877],"class_list":{"0":"post-235667","1":"product","2":"type-product","3":"status-publish","4":"has-post-thumbnail","6":"product_brand-hiditec","7":"product_cat-altavoces","8":"product_cat-altavoces-mp3-y-auriculares","9":"product_cat-dispositivos","10":"product_tag-altavoces","11":"product_tag-altavoces-mp3-y-auriculares","12":"product_tag-altavoz-hiditec-bluetooth-urban-rok-s","13":"product_tag-dispositivos","14":"product_tag-hiditec","15":"product_shipping_class-2059","16":"pa_canon-digital-incluida-0-e-incluidos","18":"first","19":"instock","20":"taxable","21":"shipping-taxable","22":"purchasable","23":"product-type-simple"},"_links":{"self":[{"href":"https:\/\/linkxa.es\/linkshop\/wp-json\/wp\/v2\/product\/235667","targetHints":{"allow":["GET"]}}],"collection":[{"href":"https:\/\/linkxa.es\/linkshop\/wp-json\/wp\/v2\/product"}],"about":[{"href":"https:\/\/linkxa.es\/linkshop\/wp-json\/wp\/v2\/types\/product"}],"replies":[{"embeddable":true,"href":"https:\/\/linkxa.es\/linkshop\/wp-json\/wp\/v2\/comments?post=235667"}],"wp:featuredmedia":[{"embeddable":true,"href":"https:\/\/linkxa.es\/linkshop\/wp-json\/wp\/v2\/media\/235668"}],"wp:attachment":[{"href":"https:\/\/linkxa.es\/linkshop\/wp-json\/wp\/v2\/media?parent=235667"}],"wp:term":[{"taxonomy":"product_brand","embeddable":true,"href":"https:\/\/linkxa.es\/linkshop\/wp-json\/wp\/v2\/product_brand?post=235667"},{"taxonomy":"product_cat","embeddable":true,"href":"https:\/\/linkxa.es\/linkshop\/wp-json\/wp\/v2\/product_cat?post=235667"},{"taxonomy":"product_tag","embeddable":true,"href":"https:\/\/linkxa.es\/linkshop\/wp-json\/wp\/v2\/product_tag?post=235667"}],"curies":[{"name":"wp","href":"https:\/\/api.w.org\/{rel}","templated":true}]}}